{"id":853,"date":"2020-12-18T08:50:47","date_gmt":"2020-12-18T07:50:47","guid":{"rendered":"https:\/\/blogsaverroes.juntadeandalucia.es\/pre\/plantilla-pencil\/?page_id=853"},"modified":"2023-01-20T11:49:38","modified_gmt":"2023-01-20T10:49:38","slug":"nuestra-historia","status":"publish","type":"page","link":"https:\/\/blogsaverroes.juntadeandalucia.es\/ceip-migueldecervantes\/nuestra-historia\/","title":{"rendered":"Nuestra Historia"},"content":{"rendered":"<p>&nbsp; &nbsp; La historia del CEIP Miguel de Cervantes, de Los Palacios y Villafranca, comenz\u00f3, de forma oficial, el d\u00eda 1 de Septiembre de 1.976, aunque las primeras clases se impartieran en el mismo durante la primavera del citado a\u00f1o, ya pasada la Semana Santa.<\/p>\n<p style=\"font-weight: 400\">&nbsp; &nbsp; El edificio en s\u00ed se levant\u00f3 sobre una parcela de m\u00e1s de doce mil metros cuadrados, sobre tierras de vi\u00f1edos y manchones, en el predio de \u201cMarchenilla\u201d. En su momento, fue el edificio escolar de mayor envergadura de nuestra localidad. De dos plantas, bien orientado, con numerosas aulas, amplios pasillos, laboratorio y servicio de comedor, siendo mantenido \u00e9ste ininterrumpidamente desde el nacimiento del Colegio, y siendo el \u00fanico de nuestra localidad.<\/p>\n<p style=\"font-weight: 400\">&nbsp; &nbsp; &nbsp;En un principio, el Colegio Cervantes, \u201cel de las vallas amarillas\u201d, como era distinguido por los vecinos de nuestro pueblo, contaba con un peque\u00f1o gimnasio, que finalmente ser\u00eda reconvertido en biblioteca, dada la necesidad de habilitar nuevas aulas ante la saturaci\u00f3n de alumnos en el Centro. Posteriormente, y siempre guardando la est\u00e9tica y armon\u00eda del edificio primitivo, se llevaron a cabo dos ampliaciones: la del bloque de Educaci\u00f3n Infantil y la de las aulas de Educaci\u00f3n Especial, anexas al edificio principal.<\/p>\n<p style=\"font-weight: 400\">&nbsp; &nbsp; &nbsp;Nuestro colegio, a lo largo de su rica historia, ha ido ganando en belleza, sobre todo gracias al hermoso z\u00f3calo de azulejer\u00eda que decora la entrada principal del edificio, as\u00ed como el mural del patio, ambos realizados, en diferentes etapas, por maestros y alumnos en el taller de cer\u00e1mica del Centro.<\/p>\n<p style=\"font-weight: 400\"><span style=\"font-weight: 400\">&nbsp; &nbsp; &nbsp;A lo largo de sus cuarenta y siete a\u00f1os de existencia, siempre ha sido un colegio muy demandado, al contar con una plantilla muy estable de profesores.<\/span><\/p>\n<p style=\"font-weight: 400\">&nbsp; &nbsp; &nbsp;Desde su fundaci\u00f3n en 1.976, cinco han sido las personas que, desde su cargo de Directores, han llevado el tim\u00f3n de nuestro colegio: D. Manuel Herrera Rodas, D. Antonio Cruzado Gonz\u00e1lez, D. Francisco Begines Begines , D. Jos\u00e9 Luis P\u00e9rez Romero y D\u00f1a. Cristina Caro Cano, que obstenta el cargo desde el a\u00f1o , y muchos han sido los profesores que durante estos a\u00f1os han sabido sembrar en los alumnos la semilla de la sabidur\u00eda, de la constancia, de la responsabilidad y de una&nbsp;&nbsp;profesionalidad incuestionable que cada uno de ellos ha derrochado a diario en sus clases.<\/p>\n<p style=\"font-weight: 400\">&nbsp; &nbsp; &nbsp; Como datos hist\u00f3ricos hay que rese\u00f1ar, por su importancia, la visita que en Febrero de 1.977 realiz\u00f3 al Centro el por entonces Cardenal Arzobispo de Sevilla, el aragon\u00e9s, D. Jos\u00e9 Mar\u00eda Bueno Monreal, la existencia de una tuna estudiantil en la d\u00e9cada de los ochenta, as\u00ed como la realizaci\u00f3n de dos grandes exposiciones: <strong>\u201dAndaluc\u00eda: tierra, hombres y afanes\u201d y \u201cAndaluc\u00eda: cer\u00e1mica y alfarer\u00eda\u201d<\/strong><\/p>\n<p style=\"font-weight: 400\"><strong>&nbsp; &nbsp; &nbsp; &nbsp;<\/strong>Y sabido por todos es que el proyecto m\u00e1s ambicioso del Colegio P\u00fablico Miguel de Cervantes es el Certamen Literario \u201cD\u00eda de las Letras\u201d, con cada vez mayor participaci\u00f3n y mayor calidad literaria en las obras presentadas a concurso. Paralelamente a la celebraci\u00f3n del Certamen, hemos de destacar en estos \u00faltimos a\u00f1os la realizaci\u00f3n de diversos audiovisuales conmemorativos y una obra teatral relacionada con diferentes tem\u00e1ticas como la historia de nuestro pueblo, el flamenco, el cuidado del planeta, los inventos, la evoluci\u00f3n de la educaci\u00f3n desde tiempos prehist\u00f3ricos, los inventos,&#8230; donde suele participar gran cantidad&nbsp; del alumnado de 3\u00ba, 4\u00ba, 5\u00ba y 6\u00ba, tanto en su representaci\u00f3n teatral como en la realizaci\u00f3n de coreograf\u00edas.&nbsp; &nbsp;Sin duda es una de las experiencias que con mas cari\u00f1o recuerdan nuestros alumnos.&nbsp;<\/p>\n<p style=\"font-weight: 400\">&nbsp; &nbsp; &nbsp; No podemos olvidarnos de las actividades deportivas, que han tenido much\u00edsima importancia en la vida de nuestro Centro desde sus inicios, destacando los logros alcanzados por nuestros equipos de baloncesto, minibasket y voleibol, tanto a nivel local como provincial y regional. Numerosos trofeos corroboran la trayectoria deportiva de nuestros alumnos.<\/p>\n<p style=\"font-weight: 400\">&nbsp; &nbsp; &nbsp; Pero de lo que todos podemos estar completamente seguros es de que la labor educativa que nuestro colegio ha realizado en sus treinta y cinco a\u00f1os de existencia, viene avalada por el gran n\u00famero de hombres y mujeres palaciegos que, hoy en d\u00eda y desde sus puestos de trabajo, en muy variadas profesiones, se enorgullecen de haber pasado por sus aulas y haberse hecho en ellas hombres y mujeres de bien. Se trata de muchas generaciones de palaciegos cuyas se\u00f1as de identidad han sido curtidas, a trav\u00e9s de los a\u00f1os, en nuestro colegio.<\/p>\n","protected":false},"excerpt":{"rendered":"<p>&nbsp; &nbsp; La historia del CEIP Miguel de Cervantes, de Los Palacios y Villafranca, comenz\u00f3, de forma oficial, el d\u00eda 1 de Septiembre de 1.976, aunque las primeras clases se impartieran en el mismo&#46;&#46;&#46;<\/p>\n","protected":false},"author":7051,"featured_media":0,"parent":0,"menu_order":0,"comment_status":"closed","ping_status":"closed","template":"","meta":{"ngg_post_thumbnail":0,"footnotes":""},"aioseo_notices":[],"_links":{"self":[{"href":"https:\/\/blogsaverroes.juntadeandalucia.es\/ceip-migueldecervantes\/wp-json\/wp\/v2\/pages\/853"}],"collection":[{"href":"https:\/\/blogsaverroes.juntadeandalucia.es\/ceip-migueldecervantes\/wp-json\/wp\/v2\/pages"}],"about":[{"href":"https:\/\/blogsaverroes.juntadeandalucia.es\/ceip-migueldecervantes\/wp-json\/wp\/v2\/types\/page"}],"author":[{"embeddable":true,"href":"https:\/\/blogsaverroes.juntadeandalucia.es\/ceip-migueldecervantes\/wp-json\/wp\/v2\/users\/7051"}],"replies":[{"embeddable":true,"href":"https:\/\/blogsaverroes.juntadeandalucia.es\/ceip-migueldecervantes\/wp-json\/wp\/v2\/comments?post=853"}],"version-history":[{"count":5,"href":"https:\/\/blogsaverroes.juntadeandalucia.es\/ceip-migueldecervantes\/wp-json\/wp\/v2\/pages\/853\/revisions"}],"predecessor-version":[{"id":1048,"href":"https:\/\/blogsaverroes.juntadeandalucia.es\/ceip-migueldecervantes\/wp-json\/wp\/v2\/pages\/853\/revisions\/1048"}],"wp:attachment":[{"href":"https:\/\/blogsaverroes.juntadeandalucia.es\/ceip-migueldecervantes\/wp-json\/wp\/v2\/media?parent=853"}],"curies":[{"name":"wp","href":"https:\/\/api.w.org\/{rel}","templated":true}]}}

<p>&nbsp; &nbsp; La historia del CEIP Miguel de Cervantes, de Los Palacios y Villafranca, comenzó, de forma oficial, el día 1 de Septiembre de 1.976, aunque las primeras clases se impartieran en el mismo durante la primavera del citado año, ya pasada la Semana Santa.</p>
<p style="font-weight: 400">&nbsp; &nbsp; El edificio en sí se levantó sobre una parcela de más de doce mil metros cuadrados, sobre tierras de viñedos y manchones, en el predio de “Marchenilla”. En su momento, fue el edificio escolar de mayor envergadura de nuestra localidad. De dos plantas, bien orientado, con numerosas aulas, amplios pasillos, laboratorio y servicio de comedor, siendo mantenido éste ininterrumpidamente desde el nacimiento del Colegio, y siendo el único de nuestra localidad.</p>
<p style="font-weight: 400">&nbsp; &nbsp; &nbsp;En un principio, el Colegio Cervantes, “el de las vallas amarillas”, como era distinguido por los vecinos de nuestro pueblo, contaba con un pequeño gimnasio, que finalmente sería reconvertido en biblioteca, dada la necesidad de habilitar nuevas aulas ante la saturación de alumnos en el Centro. Posteriormente, y siempre guardando la estética y armonía del edificio primitivo, se llevaron a cabo dos ampliaciones: la del bloque de Educación Infantil y la de las aulas de Educación Especial, anexas al edificio principal.</p>
<p style="font-weight: 400">&nbsp; &nbsp; &nbsp;Nuestro colegio, a lo largo de su rica historia, ha ido ganando en belleza, sobre todo gracias al hermoso zócalo de azulejería que decora la entrada principal del edificio, así como el mural del patio, ambos realizados, en diferentes etapas, por maestros y alumnos en el taller de cerámica del Centro.</p>
<p style="font-weight: 400"><span style="font-weight: 400">&nbsp; &nbsp; &nbsp;A lo largo de sus cuarenta y siete años de existencia, siempre ha sido un colegio muy demandado, al contar con una plantilla muy estable de profesores.</span></p>
<p style="font-weight: 400">&nbsp; &nbsp; &nbsp;Desde su fundación en 1.976, cinco han sido las personas que, desde su cargo de Directores, han llevado el timón de nuestro colegio: D. Manuel Herrera Rodas, D. Antonio Cruzado González, D. Francisco Begines Begines , D. José Luis Pérez Romero y Dña. Cristina Caro Cano, que obstenta el cargo desde el año , y muchos han sido los profesores que durante estos años han sabido sembrar en los alumnos la semilla de la sabiduría, de la constancia, de la responsabilidad y de una&nbsp;&nbsp;profesionalidad incuestionable que cada uno de ellos ha derrochado a diario en sus clases.</p>
<p style="font-weight: 400">&nbsp; &nbsp; &nbsp; Como datos históricos hay que reseñar, por su importancia, la visita que en Febrero de 1.977 realizó al Centro el por entonces Cardenal Arzobispo de Sevilla, el aragonés, D. José María Bueno Monreal, la existencia de una tuna estudiantil en la década de los ochenta, así como la realización de dos grandes exposiciones: <strong>”Andalucía: tierra, hombres y afanes” y “Andalucía: cerámica y alfarería”</strong></p>
<p style="font-weight: 400"><strong>&nbsp; &nbsp; &nbsp; &nbsp;</strong>Y sabido por todos es que el proyecto más ambicioso del Colegio Público Miguel de Cervantes es el Certamen Literario “Día de las Letras”, con cada vez mayor participación y mayor calidad literaria en las obras presentadas a concurso. Paralelamente a la celebración del Certamen, hemos de destacar en estos últimos años la realización de diversos audiovisuales conmemorativos y una obra teatral relacionada con diferentes temáticas como la historia de nuestro pueblo, el flamenco, el cuidado del planeta, los inventos, la evolución de la educación desde tiempos prehistóricos, los inventos,&#8230; donde suele participar gran cantidad&nbsp; del alumnado de 3º, 4º, 5º y 6º, tanto en su representación teatral como en la realización de coreografías.&nbsp; &nbsp;Sin duda es una de las experiencias que con mas cariño recuerdan nuestros alumnos.&nbsp;</p>
<p style="font-weight: 400">&nbsp; &nbsp; &nbsp; No podemos olvidarnos de las actividades deportivas, que han tenido muchísima importancia en la vida de nuestro Centro desde sus inicios, destacando los logros alcanzados por nuestros equipos de baloncesto, minibasket y voleibol, tanto a nivel local como provincial y regional. Numerosos trofeos corroboran la trayectoria deportiva de nuestros alumnos.</p>
<p style="font-weight: 400">&nbsp; &nbsp; &nbsp; Pero de lo que todos podemos estar completamente seguros es de que la labor educativa que nuestro colegio ha realizado en sus treinta y cinco años de existencia, viene avalada por el gran número de hombres y mujeres palaciegos que, hoy en día y desde sus puestos de trabajo, en muy variadas profesiones, se enorgullecen de haber pasado por sus aulas y haberse hecho en ellas hombres y mujeres de bien. Se trata de muchas generaciones de palaciegos cuyas señas de identidad han sido curtidas, a través de los años, en nuestro colegio.</p>

<p>&nbsp; &nbsp; La historia del CEIP Miguel de Cervantes, de Los Palacios y Villafranca, comenzó, de forma oficial, el día 1 de Septiembre de 1.976, aunque las primeras clases se impartieran en el mismo&#46;&#46;&#46;</p>
