{"id":330,"date":"2020-02-11T13:07:32","date_gmt":"2020-02-11T12:07:32","guid":{"rendered":"http:\/\/blogsaverroes.juntadeandalucia.es\/pre\/nuevoceipv2\/?page_id=330"},"modified":"2025-05-30T10:44:18","modified_gmt":"2025-05-30T09:44:18","slug":"novedades","status":"publish","type":"page","link":"https:\/\/blogsaverroes.juntadeandalucia.es\/ceip-ribera-de-ciudadeja\/novedades\/","title":{"rendered":"Novedades"},"content":{"rendered":"<p>[et_pb_section fb_built=&#8221;1&#8243; _builder_version=&#8221;4.16&#8243; global_colors_info=&#8221;{}&#8221;][et_pb_row _builder_version=&#8221;4.24.2&#8243; _module_preset=&#8221;default&#8221; global_colors_info=&#8221;{}&#8221;][et_pb_column type=&#8221;4_4&#8243; _builder_version=&#8221;4.24.2&#8243; _module_preset=&#8221;default&#8221; global_colors_info=&#8221;{}&#8221;][et_pb_cta title=&#8221;DESDE AQU\u00cd PODR\u00c1S ESTAR AL D\u00cdA DE TODO LO QUE OCURRE EN NUESTO COLE&#8221; button_text=&#8221;Clics&#8221; _builder_version=&#8221;4.24.2&#8243; _module_preset=&#8221;default&#8221; global_colors_info=&#8221;{}&#8221;][\/et_pb_cta][\/et_pb_column][\/et_pb_row][et_pb_row _builder_version=&#8221;4.24.2&#8243; _module_preset=&#8221;default&#8221; global_colors_info=&#8221;{}&#8221;][et_pb_column type=&#8221;4_4&#8243; _builder_version=&#8221;4.24.2&#8243; _module_preset=&#8221;default&#8221; global_colors_info=&#8221;{}&#8221;][et_pb_text _builder_version=&#8221;4.24.2&#8243; _module_preset=&#8221;default&#8221; global_colors_info=&#8221;{}&#8221;]<\/p>\n<h1 data-start=\"70\" data-end=\"116\" style=\"text-align: center\"><strong data-start=\"70\" data-end=\"116\">Plazo de matr\u00edcula para el curso 2025-2026<\/strong><\/h1>\n<p data-start=\"118\" data-end=\"243\">Les recordamos que el plazo de <strong>matriculaci\u00f3n<\/strong> para el <strong>curso escolar 2025-2026, comedor y aula matinal<\/strong> estar\u00e1 abierto del <strong data-start=\"214\" data-end=\"242\">1 al 9 de junio de 2025<\/strong>.<\/p>\n<p data-start=\"245\" data-end=\"292\">La matr\u00edcula se puede realizar de dos formas:<\/p>\n<ul data-start=\"293\" data-end=\"426\">\n<li data-start=\"293\" data-end=\"348\">\n<p data-start=\"295\" data-end=\"348\">Se recomienda la<b> solicitud telem\u00e1tica de matriculaci\u00f3n DISPONIBLE EN LA SECRETAR\u00cdA VIRTUAL\u00a0 <\/b>con motivo de agilizar la tramitaci\u00f3n de la misma.<\/p>\n<\/li>\n<li data-start=\"349\" data-end=\"426\">\n<p data-start=\"351\" data-end=\"426\"><strong data-start=\"351\" data-end=\"384\">Presencialmente en Secretar\u00eda:<\/strong><\/p>\n<p><strong data-start=\"351\" data-end=\"384\"><\/strong>&#8211; Horario: de <strong>9:00 a 10:30<\/strong> y de <strong>12:00 a 13:50<\/strong>.\u00a0<\/p>\n<p>&#8211; Los impresos se recoger\u00e1n y se entregar\u00e1 en la Secretar\u00eda del Centro.<\/p>\n<\/li>\n<\/ul>\n<p><span style=\"text-decoration: underline\"><strong>\u00a0<\/strong><\/span><\/p>\n<p><span style=\"text-decoration: underline\"><strong>La matr\u00edcula deben formalizarla TODOS\/AS LOS\/AS ALUMNOS\/AS DEL CENTRO PARA EL PR\u00d3XIMO CURSO.<\/strong><\/span><\/p>\n<p><span style=\"text-decoration: underline\"><strong><\/strong><\/span><\/p>\n<p data-start=\"509\" data-end=\"608\">Para cualquier duda o informaci\u00f3n adicional, pueden contactar con Secretar\u00eda o visitar nuestra web.<\/p>\n<p>[\/et_pb_text][\/et_pb_column][\/et_pb_row][et_pb_row _builder_version=&#8221;4.24.2&#8243; _module_preset=&#8221;default&#8221; global_colors_info=&#8221;{}&#8221;][et_pb_column type=&#8221;4_4&#8243; _builder_version=&#8221;4.24.2&#8243; _module_preset=&#8221;default&#8221; global_colors_info=&#8221;{}&#8221;][et_pb_divider _builder_version=&#8221;4.24.2&#8243; _module_preset=&#8221;default&#8221; global_colors_info=&#8221;{}&#8221;][\/et_pb_divider][\/et_pb_column][\/et_pb_row][et_pb_row column_structure=&#8221;1_4,3_4&#8243; _builder_version=&#8221;4.24.2&#8243; _module_preset=&#8221;default&#8221; global_colors_info=&#8221;{}&#8221;][et_pb_column type=&#8221;1_4&#8243; _builder_version=&#8221;4.24.2&#8243; _module_preset=&#8221;default&#8221; global_colors_info=&#8221;{}&#8221;][et_pb_text _builder_version=&#8221;4.24.2&#8243; _module_preset=&#8221;default&#8221; global_colors_info=&#8221;{}&#8221;]<\/p>\n<p data-start=\"118\" data-end=\"202\"><strong data-start=\"118\" data-end=\"202\">\u00a1El colegio sale a la calle para disfrutar de los Ferraris de Ferrari Cavalcade!<\/strong><\/p>\n<p data-start=\"204\" data-end=\"443\">Hoy, nuestro colegio ha vivido una experiencia \u00fanica y emocionante. Todos los alumnos y profesores salimos a la calle para ver de cerca los impresionantes coches Ferrari que pasaron por nuestro pueblo durante el evento Ferrari Cavalcade.<\/p>\n<p data-start=\"445\" data-end=\"736\">La emoci\u00f3n se palpaba en el aire mientras contempl\u00e1bamos estos incre\u00edbles veh\u00edculos llenos de historia y potencia. Sin duda, una oportunidad especial para que nuestros estudiantes disfruten de un momento diferente y aprendan sobre el mundo del motor y la pasi\u00f3n por la ingenier\u00eda automotriz.<\/p>\n<p data-start=\"738\" data-end=\"795\">\u00a1Gracias a todos por compartir esta jornada con nosotros!<\/p>\n<p>[\/et_pb_text][\/et_pb_column][et_pb_column type=&#8221;3_4&#8243; _builder_version=&#8221;4.24.2&#8243; _module_preset=&#8221;default&#8221; global_colors_info=&#8221;{}&#8221;][et_pb_video src=&#8221;https:\/\/blogsaverroes.juntadeandalucia.es\/ceip-ribera-de-ciudadeja\/files\/2025\/05\/Ferrari-calvacade.mp4&#8243; _builder_version=&#8221;4.24.2&#8243; _module_preset=&#8221;default&#8221; global_colors_info=&#8221;{}&#8221;][\/et_pb_video][\/et_pb_column][\/et_pb_row][et_pb_row _builder_version=&#8221;4.24.2&#8243; _module_preset=&#8221;default&#8221; global_colors_info=&#8221;{}&#8221;][et_pb_column type=&#8221;4_4&#8243; _builder_version=&#8221;4.24.2&#8243; _module_preset=&#8221;default&#8221; global_colors_info=&#8221;{}&#8221;][et_pb_divider _builder_version=&#8221;4.24.2&#8243; _module_preset=&#8221;default&#8221; global_colors_info=&#8221;{}&#8221;][\/et_pb_divider][\/et_pb_column][\/et_pb_row][et_pb_row _builder_version=&#8221;4.24.2&#8243; _module_preset=&#8221;default&#8221; global_colors_info=&#8221;{}&#8221;][et_pb_column type=&#8221;4_4&#8243; _builder_version=&#8221;4.24.2&#8243; _module_preset=&#8221;default&#8221; global_colors_info=&#8221;{}&#8221;][et_pb_text _builder_version=&#8221;4.24.2&#8243; _module_preset=&#8221;default&#8221; global_colors_info=&#8221;{}&#8221;]<\/p>\n<p data-start=\"112\" data-end=\"152\" class=\"\"><strong data-start=\"112\" data-end=\"152\">Excursi\u00f3n a Madrid \u2013 Alumnado de Secundaria<\/strong><\/p>\n<p data-start=\"154\" data-end=\"312\" class=\"\">Nuestro alumnado de la ESO ha disfrutado de una emocionante <strong data-start=\"211\" data-end=\"233\">excursi\u00f3n a Madrid<\/strong>, donde han podido vivir una jornada llena de cultura, convivencia y diversi\u00f3n.<\/p>\n<p data-start=\"314\" data-end=\"621\" class=\"\">Durante el d\u00eda, han recorrido algunos de los lugares m\u00e1s emblem\u00e1ticos de la ciudad, descubriendo su historia, su arte y su ambiente \u00fanico. Ha sido una experiencia enriquecedora que ha permitido fortalecer los lazos del grupo y aprender fuera del aula, disfrutando de una gran capital llena de posibilidades.<\/p>\n<p data-start=\"623\" data-end=\"743\" class=\"\">Sin duda, una salida inolvidable que nos deja buenos recuerdos y muchas ganas de seguir explorando y aprendiendo juntos.<\/p>\n<p data-start=\"745\" data-end=\"793\" class=\"\">#ESOEnMadrid #AprenderViajando #Excursi\u00f3nEscolar<\/p>\n<p>[\/et_pb_text][\/et_pb_column][\/et_pb_row][et_pb_row _builder_version=&#8221;4.24.2&#8243; _module_preset=&#8221;default&#8221; global_colors_info=&#8221;{}&#8221;][et_pb_column type=&#8221;4_4&#8243; _builder_version=&#8221;4.24.2&#8243; _module_preset=&#8221;default&#8221; global_colors_info=&#8221;{}&#8221;][et_pb_gallery gallery_ids=&#8221;1297,1296,1295,1294,1293&#8243; fullwidth=&#8221;on&#8221; _builder_version=&#8221;4.24.2&#8243; _module_preset=&#8221;default&#8221; global_colors_info=&#8221;{}&#8221;][\/et_pb_gallery][\/et_pb_column][\/et_pb_row][et_pb_row _builder_version=&#8221;4.24.2&#8243; _module_preset=&#8221;default&#8221; global_colors_info=&#8221;{}&#8221;][et_pb_column type=&#8221;4_4&#8243; _builder_version=&#8221;4.24.2&#8243; _module_preset=&#8221;default&#8221; global_colors_info=&#8221;{}&#8221;][et_pb_divider _builder_version=&#8221;4.24.2&#8243; _module_preset=&#8221;default&#8221; global_colors_info=&#8221;{}&#8221;][\/et_pb_divider][\/et_pb_column][\/et_pb_row][et_pb_row _builder_version=&#8221;4.24.2&#8243; _module_preset=&#8221;default&#8221; global_colors_info=&#8221;{}&#8221;][et_pb_column type=&#8221;4_4&#8243; _builder_version=&#8221;4.24.2&#8243; _module_preset=&#8221;default&#8221; global_colors_info=&#8221;{}&#8221;][et_pb_text _builder_version=&#8221;4.24.2&#8243; _module_preset=&#8221;default&#8221; global_colors_info=&#8221;{}&#8221;]<\/p>\n<p data-start=\"154\" data-end=\"225\" class=\"\"><strong data-start=\"154\" data-end=\"225\">3 de diciembre \u2013 D\u00eda Internacional de las Personas con Discapacidad<\/strong><\/p>\n<p data-start=\"227\" data-end=\"627\" class=\"\">Este 3 de diciembre, en nuestra escuela celebramos el <strong data-start=\"281\" data-end=\"335\">D\u00eda Internacional de las Personas con Discapacidad<\/strong> de una manera muy especial. Durante la jornada, los estudiantes crearon <strong data-start=\"408\" data-end=\"440\">superh\u00e9roes con superpoderes<\/strong> y <strong data-start=\"443\" data-end=\"481\">ladrillos con cualidades positivas<\/strong> como una forma de reflexionar sobre la importancia de la inclusi\u00f3n, el respeto y el valor de cada persona, independientemente de sus capacidades.<\/p>\n<p data-start=\"629\" data-end=\"900\" class=\"\">Cada superh\u00e9roe represent\u00f3 a una persona con discapacidad, destacando sus cualidades y habilidades extraordinarias. Adem\u00e1s, los ladrillos que decoraron nuestros pasillos simbolizan los valores positivos que debemos construir como sociedad: empat\u00eda, solidaridad y respeto.<\/p>\n<p data-start=\"902\" data-end=\"1048\" class=\"\">Fue un d\u00eda lleno de aprendizaje, creatividad y reflexi\u00f3n, porque todos podemos ser <strong data-start=\"985\" data-end=\"1000\">superh\u00e9roes<\/strong> al construir un mundo m\u00e1s inclusivo para todos.<\/p>\n<p data-start=\"1050\" data-end=\"1116\" class=\"\">#D\u00edaDeLaDiscapacidad #Inclusi\u00f3nParaTodos #Superh\u00e9roesPorLaIgualdad<\/p>\n<p>[\/et_pb_text][\/et_pb_column][\/et_pb_row][et_pb_row _builder_version=&#8221;4.24.2&#8243; _module_preset=&#8221;default&#8221; global_colors_info=&#8221;{}&#8221;][et_pb_column type=&#8221;4_4&#8243; _builder_version=&#8221;4.24.2&#8243; _module_preset=&#8221;default&#8221; global_colors_info=&#8221;{}&#8221;][et_pb_image src=&#8221;https:\/\/blogsaverroes.juntadeandalucia.es\/ceip-ribera-de-ciudadeja\/files\/2025\/05\/IMG_20250519_110414-scaled.jpg&#8221; title_text=&#8221;IMG_20250519_110414&#8243; _builder_version=&#8221;4.24.2&#8243; _module_preset=&#8221;default&#8221; global_colors_info=&#8221;{}&#8221;][\/et_pb_image][\/et_pb_column][\/et_pb_row][et_pb_row _builder_version=&#8221;4.24.2&#8243; _module_preset=&#8221;default&#8221; global_colors_info=&#8221;{}&#8221;][et_pb_column type=&#8221;4_4&#8243; _builder_version=&#8221;4.24.2&#8243; _module_preset=&#8221;default&#8221; global_colors_info=&#8221;{}&#8221;][et_pb_divider _builder_version=&#8221;4.24.2&#8243; _module_preset=&#8221;default&#8221; global_colors_info=&#8221;{}&#8221;][\/et_pb_divider][\/et_pb_column][\/et_pb_row][et_pb_row _builder_version=&#8221;4.24.2&#8243; _module_preset=&#8221;default&#8221; global_colors_info=&#8221;{}&#8221;][et_pb_column type=&#8221;4_4&#8243; _builder_version=&#8221;4.24.2&#8243; _module_preset=&#8221;default&#8221; global_colors_info=&#8221;{}&#8221;][et_pb_text _builder_version=&#8221;4.24.2&#8243; _module_preset=&#8221;default&#8221; global_colors_info=&#8221;{}&#8221;]<\/p>\n<p data-start=\"167\" data-end=\"258\" class=\"\"><strong data-start=\"167\" data-end=\"258\">25 de noviembre \u2013 D\u00eda Internacional para la Eliminaci\u00f3n de la Violencia contra la Mujer<\/strong><\/p>\n<p data-start=\"260\" data-end=\"524\" class=\"\">En nuestra escuela, educamos en el respeto, la igualdad y la no violencia. Por eso, el <strong data-start=\"347\" data-end=\"366\">25 de noviembre<\/strong> nos unimos para conmemorar el <strong data-start=\"397\" data-end=\"470\">D\u00eda Internacional para la Eliminaci\u00f3n de la Violencia contra la Mujer<\/strong>, una jornada para reflexionar, sensibilizar y actuar.<\/p>\n<p data-start=\"526\" data-end=\"706\" class=\"\">A trav\u00e9s de actividades educativas y mensajes de concienciaci\u00f3n, nuestro alumnado trabaja para promover relaciones sanas, el buen trato y el rechazo a cualquier forma de violencia.<\/p>\n<p data-start=\"708\" data-end=\"849\" class=\"\">Porque la educaci\u00f3n es la base para construir un futuro m\u00e1s justo e igualitario, <strong data-start=\"789\" data-end=\"848\">decimos NO a la violencia y S\u00cd al respeto y la igualdad<\/strong>.<\/p>\n<p data-start=\"851\" data-end=\"885\" class=\"\">#25N #NiUnaMenos #EducarEnIgualdad<\/p>\n<p>[\/et_pb_text][\/et_pb_column][\/et_pb_row][et_pb_row _builder_version=&#8221;4.24.2&#8243; _module_preset=&#8221;default&#8221; global_colors_info=&#8221;{}&#8221;][et_pb_column type=&#8221;4_4&#8243; _builder_version=&#8221;4.24.2&#8243; _module_preset=&#8221;default&#8221; global_colors_info=&#8221;{}&#8221;][et_pb_image src=&#8221;https:\/\/blogsaverroes.juntadeandalucia.es\/ceip-ribera-de-ciudadeja\/files\/2025\/05\/IMG_20241125_124110-scaled.jpg&#8221; title_text=&#8221;IMG_20241125_124110&#8243; _builder_version=&#8221;4.24.2&#8243; _module_preset=&#8221;default&#8221; global_colors_info=&#8221;{}&#8221;][\/et_pb_image][\/et_pb_column][\/et_pb_row][et_pb_row _builder_version=&#8221;4.24.2&#8243; _module_preset=&#8221;default&#8221; global_colors_info=&#8221;{}&#8221;][et_pb_column type=&#8221;4_4&#8243; _builder_version=&#8221;4.24.2&#8243; _module_preset=&#8221;default&#8221; global_colors_info=&#8221;{}&#8221;][et_pb_divider _builder_version=&#8221;4.24.2&#8243; _module_preset=&#8221;default&#8221; global_colors_info=&#8221;{}&#8221;][\/et_pb_divider][\/et_pb_column][\/et_pb_row][et_pb_row _builder_version=&#8221;4.24.2&#8243; _module_preset=&#8221;default&#8221; global_colors_info=&#8221;{}&#8221;][et_pb_column type=&#8221;4_4&#8243; _builder_version=&#8221;4.24.2&#8243; _module_preset=&#8221;default&#8221; global_colors_info=&#8221;{}&#8221;][et_pb_text _builder_version=&#8221;4.24.2&#8243; _module_preset=&#8221;default&#8221; global_colors_info=&#8221;{}&#8221;]<\/p>\n<p data-start=\"73\" data-end=\"133\" class=\"\"><strong data-start=\"73\" data-end=\"133\">\u00a1Celebremos el D\u00eda de los Derechos del Ni\u00f1o con Pijamas!<\/strong><\/p>\n<p data-start=\"135\" data-end=\"394\" class=\"\">Este 20 de noviembre, \u00fanete a nosotros para conmemorar el <strong data-start=\"193\" data-end=\"225\">D\u00eda de los Derechos del Ni\u00f1o<\/strong>. En esta fecha tan especial, invitamos a todos a llevar pijama como s\u00edmbolo de apoyo y reflexi\u00f3n sobre los derechos que deben ser garantizados a cada ni\u00f1o en el mundo.<\/p>\n<p data-start=\"396\" data-end=\"602\" class=\"\">\u00a1Queremos ver a todos c\u00f3modos, con pijamas divertidos y llenos de color! Es una forma sencilla pero poderosa de crear conciencia sobre la importancia de proteger y respetar los derechos de los m\u00e1s peque\u00f1os.<\/p>\n<p data-start=\"604\" data-end=\"719\" class=\"\"><strong data-start=\"604\" data-end=\"619\">\u00a1No faltes!<\/strong> El 20 de noviembre ser\u00e1 un d\u00eda lleno de actividades, reflexiones y, por supuesto, mucha diversi\u00f3n.<\/p>\n<p data-start=\"721\" data-end=\"768\" class=\"\">#D\u00edaDeLosDerechosDelNi\u00f1o #PijamasPorLosDerechos<\/p>\n<p>[\/et_pb_text][\/et_pb_column][\/et_pb_row][et_pb_row _builder_version=&#8221;4.24.2&#8243; _module_preset=&#8221;default&#8221; custom_margin=&#8221;|auto|-173px|auto||&#8221; global_colors_info=&#8221;{}&#8221;][et_pb_column type=&#8221;4_4&#8243; _builder_version=&#8221;4.24.2&#8243; _module_preset=&#8221;default&#8221; global_colors_info=&#8221;{}&#8221;][et_pb_image src=&#8221;https:\/\/blogsaverroes.juntadeandalucia.es\/ceip-ribera-de-ciudadeja\/files\/2025\/05\/IMG20241120104304-scaled.jpg&#8221; title_text=&#8221;IMG20241120104304&#8243; _builder_version=&#8221;4.24.2&#8243; _module_preset=&#8221;default&#8221; global_colors_info=&#8221;{}&#8221;][\/et_pb_image][\/et_pb_column][\/et_pb_row][\/et_pb_section]<\/p>\n","protected":false},"excerpt":{"rendered":"<p>Plazo de matr\u00edcula para el curso 2025-2026 Les recordamos que el plazo de matriculaci\u00f3n para el curso escolar 2025-2026, comedor y aula matinal estar\u00e1 abierto del 1 al 9 de junio de 2025. La matr\u00edcula se puede realizar de dos formas: Se recomienda la solicitud telem\u00e1tica de matriculaci\u00f3n DISPONIBLE EN LA SECRETAR\u00cdA VIRTUAL\u00a0 con motivo [&hellip;]<\/p>\n","protected":false},"author":7051,"featured_media":0,"parent":0,"menu_order":0,"comment_status":"closed","ping_status":"closed","template":"","meta":{"_et_pb_use_builder":"on","_et_pb_old_content":"[pt_view id=\"6a2900dq7z\"]","_et_gb_content_width":"","ngg_post_thumbnail":0,"footnotes":""},"aioseo_notices":[],"_links":{"self":[{"href":"https:\/\/blogsaverroes.juntadeandalucia.es\/ceip-ribera-de-ciudadeja\/wp-json\/wp\/v2\/pages\/330"}],"collection":[{"href":"https:\/\/blogsaverroes.juntadeandalucia.es\/ceip-ribera-de-ciudadeja\/wp-json\/wp\/v2\/pages"}],"about":[{"href":"https:\/\/blogsaverroes.juntadeandalucia.es\/ceip-ribera-de-ciudadeja\/wp-json\/wp\/v2\/types\/page"}],"author":[{"embeddable":true,"href":"https:\/\/blogsaverroes.juntadeandalucia.es\/ceip-ribera-de-ciudadeja\/wp-json\/wp\/v2\/users\/7051"}],"replies":[{"embeddable":true,"href":"https:\/\/blogsaverroes.juntadeandalucia.es\/ceip-ribera-de-ciudadeja\/wp-json\/wp\/v2\/comments?post=330"}],"version-history":[{"count":10,"href":"https:\/\/blogsaverroes.juntadeandalucia.es\/ceip-ribera-de-ciudadeja\/wp-json\/wp\/v2\/pages\/330\/revisions"}],"predecessor-version":[{"id":1379,"href":"https:\/\/blogsaverroes.juntadeandalucia.es\/ceip-ribera-de-ciudadeja\/wp-json\/wp\/v2\/pages\/330\/revisions\/1379"}],"wp:attachment":[{"href":"https:\/\/blogsaverroes.juntadeandalucia.es\/ceip-ribera-de-ciudadeja\/wp-json\/wp\/v2\/media?parent=330"}],"curies":[{"name":"wp","href":"https:\/\/api.w.org\/{rel}","templated":true}]}}