{"id":1243,"date":"2023-01-11T23:19:39","date_gmt":"2023-01-11T22:19:39","guid":{"rendered":"https:\/\/blogsaverroes.juntadeandalucia.es\/ceip-santiagoryc\/?page_id=1243"},"modified":"2025-12-14T08:11:58","modified_gmt":"2025-12-14T07:11:58","slug":"planes-y-proyectos-del-centro","status":"publish","type":"page","link":"https:\/\/blogsaverroes.juntadeandalucia.es\/ceip-santiagoryc\/planes-y-proyectos-del-centro\/","title":{"rendered":"Planes y Proyectos del Centro"},"content":{"rendered":"<p>[et_pb_section fb_built=&#8221;1&#8243; _builder_version=&#8221;4.16&#8243; global_colors_info=&#8221;{}&#8221;][et_pb_row _builder_version=&#8221;4.16&#8243; background_size=&#8221;initial&#8221; background_position=&#8221;top_left&#8221; background_repeat=&#8221;repeat&#8221; custom_padding=&#8221;|||2px||&#8221; global_colors_info=&#8221;{}&#8221;][et_pb_column type=&#8221;4_4&#8243; _builder_version=&#8221;4.16&#8243; custom_padding=&#8221;|||&#8221; global_colors_info=&#8221;{}&#8221; custom_padding__hover=&#8221;|||&#8221;][et_pb_image src=&#8221;https:\/\/blogsaverroes.juntadeandalucia.es\/ceip-santiagoryc\/files\/2020\/02\/elcentro.png&#8221; title_text=&#8221;elcentro&#8221; admin_label=&#8221;Imagen de la portada&#8221; _builder_version=&#8221;4.16&#8243; z_index_tablet=&#8221;500&#8243; box_shadow_horizontal_tablet=&#8221;0px&#8221; box_shadow_vertical_tablet=&#8221;0px&#8221; box_shadow_blur_tablet=&#8221;40px&#8221; box_shadow_spread_tablet=&#8221;0px&#8221; global_colors_info=&#8221;{}&#8221;][\/et_pb_image][et_pb_text admin_label=&#8221;Texto descriptivo&#8221; _builder_version=&#8221;4.16&#8243; custom_padding=&#8221;||0px|||&#8221; z_index_tablet=&#8221;500&#8243; text_text_shadow_horizontal_length_tablet=&#8221;0px&#8221; text_text_shadow_vertical_length_tablet=&#8221;0px&#8221; text_text_shadow_blur_strength_tablet=&#8221;1px&#8221; link_text_shadow_horizontal_length_tablet=&#8221;0px&#8221; link_text_shadow_vertical_length_tablet=&#8221;0px&#8221; link_text_shadow_blur_strength_tablet=&#8221;1px&#8221; ul_text_shadow_horizontal_length_tablet=&#8221;0px&#8221; ul_text_shadow_vertical_length_tablet=&#8221;0px&#8221; ul_text_shadow_blur_strength_tablet=&#8221;1px&#8221; ol_text_shadow_horizontal_length_tablet=&#8221;0px&#8221; ol_text_shadow_vertical_length_tablet=&#8221;0px&#8221; ol_text_shadow_blur_strength_tablet=&#8221;1px&#8221; quote_text_shadow_horizontal_length_tablet=&#8221;0px&#8221; quote_text_shadow_vertical_length_tablet=&#8221;0px&#8221; quote_text_shadow_blur_strength_tablet=&#8221;1px&#8221; header_text_shadow_horizontal_length_tablet=&#8221;0px&#8221; header_text_shadow_vertical_length_tablet=&#8221;0px&#8221; header_text_shadow_blur_strength_tablet=&#8221;1px&#8221; header_2_text_shadow_horizontal_length_tablet=&#8221;0px&#8221; header_2_text_shadow_vertical_length_tablet=&#8221;0px&#8221; header_2_text_shadow_blur_strength_tablet=&#8221;1px&#8221; header_3_text_shadow_horizontal_length_tablet=&#8221;0px&#8221; header_3_text_shadow_vertical_length_tablet=&#8221;0px&#8221; header_3_text_shadow_blur_strength_tablet=&#8221;1px&#8221; header_4_text_shadow_horizontal_length_tablet=&#8221;0px&#8221; header_4_text_shadow_vertical_length_tablet=&#8221;0px&#8221; header_4_text_shadow_blur_strength_tablet=&#8221;1px&#8221; header_5_text_shadow_horizontal_length_tablet=&#8221;0px&#8221; header_5_text_shadow_vertical_length_tablet=&#8221;0px&#8221; header_5_text_shadow_blur_strength_tablet=&#8221;1px&#8221; header_6_text_shadow_horizontal_length_tablet=&#8221;0px&#8221; header_6_text_shadow_vertical_length_tablet=&#8221;0px&#8221; header_6_text_shadow_blur_strength_tablet=&#8221;1px&#8221; box_shadow_horizontal_tablet=&#8221;0px&#8221; box_shadow_vertical_tablet=&#8221;0px&#8221; box_shadow_blur_tablet=&#8221;40px&#8221; box_shadow_spread_tablet=&#8221;0px&#8221; global_colors_info=&#8221;{}&#8221;]<\/p>\n<h2>32Planes y Proyectos\u00a0 del Centro<\/h2>\n<p><a href=\"https:\/\/drive.google.com\/drive\/folders\/1cw3nqY7d1RMoRj8LiumBm5fCo4a8ZZ4w?usp=share_link\"><strong><\/strong><\/a><\/p>\n<h1 style=\"text-align: center\"><strong>ESCUELAS DEPORTIVAS<\/strong><\/h1>\n<p><span style=\"font-size: 14px\">Alumnos y alumnas se ha dado de alta para participar en este programa educativo, con el que la Consejer\u00eda de educaci\u00f3n, pretende promover un estilo de vida saludable en lo f\u00edsico y en lo social en nuestros hijos e hijas.<\/span><\/p>\n<p><span>Durante el primero de los dos cuatrimestres en los que se temporaliza el programa, se han ofertado F\u00fatbol Sala y Hockey quedando para el segundo cuatrimestre Balonmano y Baloncesto.<\/span><\/p>\n<p><span>Nuestros alumnos y alumnas est\u00e1n participando activamente en las actividades organizadas por el IMDYSC con dispares resultados en lo referente a resultados aunque el \u00e9xito en cuanto a la pr\u00e1ctica deportiva, est\u00e1 garantizado.<\/span><\/p>\n<p><span>Muchos \u00e1nimos a todos y a todas y a mover el esqueleto, los m\u00fasculos, la mente&#8230;<\/span><\/p>\n<p><span><\/span><\/p>\n<h1 style=\"font-weight: 400;text-align: center\"><b><span>Acompa\u00f1amiento y Extensi\u00f3n del Tiempo Escolar\u00a0 ( PROA )<\/span><\/b><\/h1>\n<p><b><span><\/span><\/b><\/p>\n<p>Nuestro centro escolar se acoge al<span>\u00a0<\/span><strong>Programa de Acompa\u00f1amiento y Extensi\u00f3n del Tiempo Escolar.<\/strong><\/p>\n<p>Desde el mes de noviembre\u00a0 alumnos\/as de segundo y tercer ciclo de Primaria acuden al colegio los martes y jueves, de 16 a 18 horas. Durante este tiempo est\u00e1n\u00a0acompa\u00f1ados por profesores\/as que\u00a0les ayudan en la realizaci\u00f3n \u00a0de las tareas escolares y \u00a0refuerzan los aprendizajes instrumentales y dem\u00e1s contenidos curriculares.<\/p>\n<p>Dicho programa pretende los siguientes objetivos:<\/p>\n<ol>\n<li><span>a)\u00a0\u00a0\u00a0<\/span>Aumentar los \u00edndices generales de \u00e9xito escolar, mejorando el nivel de competencias b\u00e1sicas del alumnado.<\/li>\n<li><span>b)\u00a0\u00a0\u00a0<\/span>Mejorar la convivencia y el clima general del Centro.<\/li>\n<li><span>c)\u00a0\u00a0\u00a0<\/span>Consolidar<span>\u00a0<\/span>aprendizajes y competencias b\u00e1sicas de las \u00e1reas instrumentales.<\/li>\n<li><span>d)\u00a0\u00a0\u00a0<\/span>Adquirir h\u00e1bitos de planificaci\u00f3n y organizaci\u00f3n del trabajo escolar.<\/li>\n<li><span>e)\u00a0\u00a0\u00a0<\/span>Fomentar la comunicaci\u00f3n familia-escuela.<\/li>\n<\/ol>\n<p>Durante este curso m\u00e1s de sesenta alumnos\/as, repartidos en ocho grupos,\u00a0se beneficiar\u00e1n de dicho programa.<\/p>\n<p>Estamos seguros que ser\u00e1\u00a0de gran ayuda para los alumnos\/as y les facilitar\u00e1 el camino hacia el \u00e9xito escolar.<\/p>\n<p>La coordinadora del Programa.<\/p>\n<p><strong>D\u00f1a. Carmen Garc\u00eda Arenas.<\/strong><\/p>\n<p><strong><\/strong><\/p>\n<h1 id=\"tituloItem\" class=\"blockTituloItem\" style=\"text-align: center\"><strong><span class=\"tituloItem\">Coeducaci\u00f3n<\/span><\/strong><\/h1>\n<div id=\"contenido_sitio\">\n<h1><strong>\u00a0<\/strong><\/h1>\n<p>\u00a0\u00a0\u00a0\u00a0\u00a0\u00a0\u00a0\u00a0\u00a0\u00a0\u00a0<span> Durante el curso 2022-2023 continuamos en nuestro centro con el Programa de Coeducaci\u00f3n e Igualdad.<\/span><\/p>\n<p><span>\u00a0\u00a0\u00a0\u00a0\u00a0\u00a0\u00a0\u00a0\u00a0\u00a0\u00a0\u00a0\u00a0\u00a0\u00a0<strong>\u00a0\u00a0\u00a0\u00a0 FINALIDADES<\/strong>:<\/span><\/p>\n<p class=\"Standard\"><span>-Realizar un diagn\u00f3stico cualitativo y cuantitativo de la realidad social, familiar y escolar.<\/span><\/p>\n<p class=\"Standard\"><span>-Crear un libro o peque\u00f1a publicaci\u00f3n recopilando los resultados del diagn\u00f3stico y las tareas realizadas a nivel de centro a lo largo de todo el curso con los mejores trabajos.<\/span><\/p>\n<p class=\"Standard\"><span>-Contactar con mujeres pertenecientes a asociaciones locales y dar a conocer las propuestas hechas al Ayuntamiento el curso anterior sobre la historia de las mujeres en Puente Genil para su aprobaci\u00f3n.<\/span><\/p>\n<p class=\"Standard\">\n<p class=\"Standard\"><span><strong>OBJETIVOS<\/strong><\/span><\/p>\n<p class=\"Standard\"><span>1.\u00a0\u00a0\u00a0\u00a0Fomentar una educaci\u00f3n desde la igualdad basada en el respeto.<\/span><\/p>\n<p class=\"Standard\"><span>2.\u00a0\u00a0\u00a0\u00a0Conocer los distintos roles familiares.<\/span><\/p>\n<p class=\"Standard\"><span>3.\u00a0\u00a0\u00a0\u00a0Conocer y valorar la historia y el trabajo de las mujeres espa\u00f1olas en la Universidad.<\/span><\/p>\n<p class=\"Standard\"><span>\u00a0\u00a0<strong>CONTENIDOS<\/strong><\/span><\/p>\n<p class=\"Standard\">\n<p class=\"Standard\"><span>\u00a0\u00a0\u00a0\u00a0 PRIMER TRIMESTRE<\/span><\/p>\n<p class=\"Standard\"><span>\u00b7\u00a0\u00a0\u00a0\u00a0\u00a0\u00a0\u00a0\u00a0Las mujeres de mi familia.<\/span><\/p>\n<p class=\"Standard\"><span>\u00a0<\/span><span style=\"font-size: 14px\">\u00a0 \u00a0 \u00a0SEGUNDO TRIMESTRE<\/span><\/p>\n<p class=\"Standard\"><span>\u00b7\u00a0\u00a0\u00a0\u00a0\u00a0\u00a0\u00a0\u00a0Las mujeres en la Universidad.<\/span><\/p>\n<p class=\"Standard\"><span>\u00a0 \u00a0 \u00a0 \u00a0TERCER TRIMESTRE<\/span><\/p>\n<p class=\"Standard\"><span>\u00b7\u00a0\u00a0\u00a0\u00a0\u00a0\u00a0\u00a0\u00a0Las tareas familiares.<\/span><\/p>\n<p class=\"Standard\"><span>\u00a0<\/span><\/p>\n<p class=\"Standard\"><span><strong>LA COEDUCACI\u00d3N A PARTIR DE TEMAS TRANSVERSALES EN LA ESCUELA<\/strong><\/span><\/p>\n<p class=\"Standard\"><span>\u00a0<\/span><\/p>\n<p class=\"Standard\"><span>1.\u00a0\u00a0\u00a0D\u00eda contra la Violencia de G\u00e9nero (25 de Noviembre)<\/span><\/p>\n<p class=\"Standard\"><span>2.\u00a0\u00a0\u00a0D\u00eda de la Paz (30 de Enero)<\/span><\/p>\n<p class=\"Standard\"><span>3.\u00a0\u00a0\u00a0D\u00eda de la Mujer (8 de Marzo)<\/span><\/p>\n<p class=\"Standard\"><span>4.\u00a0\u00a0\u00a0D\u00eda del Libro (23 de Abril)<\/span><\/p>\n<p class=\"Standard\"><span>\u00a0<\/span><\/p>\n<\/div>\n<p><span><\/span><\/p>\n<p>&nbsp;<\/p>\n<p>&nbsp;<\/p>\n<p>[\/et_pb_text][\/et_pb_column][\/et_pb_row][\/et_pb_section]<\/p>\n","protected":false},"excerpt":{"rendered":"<p>32Planes y Proyectos\u00a0 del Centro ESCUELAS DEPORTIVAS Alumnos y alumnas se ha dado de alta para participar en este programa educativo, con el que la Consejer\u00eda de educaci\u00f3n, pretende promover un estilo de vida saludable en lo f\u00edsico y en lo social en nuestros hijos e hijas. Durante el primero de los dos cuatrimestres en [&hellip;]<\/p>\n","protected":false},"author":15630,"featured_media":0,"parent":0,"menu_order":0,"comment_status":"closed","ping_status":"closed","template":"","meta":{"_et_pb_use_builder":"on","_et_pb_old_content":"","_et_gb_content_width":"","ngg_post_thumbnail":0,"footnotes":""},"aioseo_notices":[],"_links":{"self":[{"href":"https:\/\/blogsaverroes.juntadeandalucia.es\/ceip-santiagoryc\/wp-json\/wp\/v2\/pages\/1243"}],"collection":[{"href":"https:\/\/blogsaverroes.juntadeandalucia.es\/ceip-santiagoryc\/wp-json\/wp\/v2\/pages"}],"about":[{"href":"https:\/\/blogsaverroes.juntadeandalucia.es\/ceip-santiagoryc\/wp-json\/wp\/v2\/types\/page"}],"author":[{"embeddable":true,"href":"https:\/\/blogsaverroes.juntadeandalucia.es\/ceip-santiagoryc\/wp-json\/wp\/v2\/users\/15630"}],"replies":[{"embeddable":true,"href":"https:\/\/blogsaverroes.juntadeandalucia.es\/ceip-santiagoryc\/wp-json\/wp\/v2\/comments?post=1243"}],"version-history":[{"count":8,"href":"https:\/\/blogsaverroes.juntadeandalucia.es\/ceip-santiagoryc\/wp-json\/wp\/v2\/pages\/1243\/revisions"}],"predecessor-version":[{"id":3286,"href":"https:\/\/blogsaverroes.juntadeandalucia.es\/ceip-santiagoryc\/wp-json\/wp\/v2\/pages\/1243\/revisions\/3286"}],"wp:attachment":[{"href":"https:\/\/blogsaverroes.juntadeandalucia.es\/ceip-santiagoryc\/wp-json\/wp\/v2\/media?parent=1243"}],"curies":[{"name":"wp","href":"https:\/\/api.w.org\/{rel}","templated":true}]}}

<p>[et_pb_section fb_built=&#8221;1&#8243; _builder_version=&#8221;4.16&#8243; global_colors_info=&#8221;{}&#8221;][et_pb_row _builder_version=&#8221;4.16&#8243; background_size=&#8221;initial&#8221; background_position=&#8221;top_left&#8221; background_repeat=&#8221;repeat&#8221; custom_padding=&#8221;|||2px||&#8221; global_colors_info=&#8221;{}&#8221;][et_pb_column type=&#8221;4_4&#8243; _builder_version=&#8221;4.16&#8243; custom_padding=&#8221;|||&#8221; global_colors_info=&#8221;{}&#8221; custom_padding__hover=&#8221;|||&#8221;][et_pb_image src=&#8221;https://blogsaverroes.juntadeandalucia.es/ceip-santiagoryc/files/2020/02/elcentro.png&#8221; title_text=&#8221;elcentro&#8221; admin_label=&#8221;Imagen de la portada&#8221; _builder_version=&#8221;4.16&#8243; z_index_tablet=&#8221;500&#8243; box_shadow_horizontal_tablet=&#8221;0px&#8221; box_shadow_vertical_tablet=&#8221;0px&#8221; box_shadow_blur_tablet=&#8221;40px&#8221; box_shadow_spread_tablet=&#8221;0px&#8221; global_colors_info=&#8221;{}&#8221;][/et_pb_image][et_pb_text admin_label=&#8221;Texto descriptivo&#8221; _builder_version=&#8221;4.16&#8243; custom_padding=&#8221;||0px|||&#8221; z_index_tablet=&#8221;500&#8243; text_text_shadow_horizontal_length_tablet=&#8221;0px&#8221; text_text_shadow_vertical_length_tablet=&#8221;0px&#8221; text_text_shadow_blur_strength_tablet=&#8221;1px&#8221; link_text_shadow_horizontal_length_tablet=&#8221;0px&#8221; link_text_shadow_vertical_length_tablet=&#8221;0px&#8221; link_text_shadow_blur_strength_tablet=&#8221;1px&#8221; ul_text_shadow_horizontal_length_tablet=&#8221;0px&#8221; ul_text_shadow_vertical_length_tablet=&#8221;0px&#8221; ul_text_shadow_blur_strength_tablet=&#8221;1px&#8221; ol_text_shadow_horizontal_length_tablet=&#8221;0px&#8221; ol_text_shadow_vertical_length_tablet=&#8221;0px&#8221; ol_text_shadow_blur_strength_tablet=&#8221;1px&#8221; quote_text_shadow_horizontal_length_tablet=&#8221;0px&#8221; quote_text_shadow_vertical_length_tablet=&#8221;0px&#8221; quote_text_shadow_blur_strength_tablet=&#8221;1px&#8221; header_text_shadow_horizontal_length_tablet=&#8221;0px&#8221; header_text_shadow_vertical_length_tablet=&#8221;0px&#8221; header_text_shadow_blur_strength_tablet=&#8221;1px&#8221; header_2_text_shadow_horizontal_length_tablet=&#8221;0px&#8221; header_2_text_shadow_vertical_length_tablet=&#8221;0px&#8221; header_2_text_shadow_blur_strength_tablet=&#8221;1px&#8221; header_3_text_shadow_horizontal_length_tablet=&#8221;0px&#8221; header_3_text_shadow_vertical_length_tablet=&#8221;0px&#8221; header_3_text_shadow_blur_strength_tablet=&#8221;1px&#8221; header_4_text_shadow_horizontal_length_tablet=&#8221;0px&#8221; header_4_text_shadow_vertical_length_tablet=&#8221;0px&#8221; header_4_text_shadow_blur_strength_tablet=&#8221;1px&#8221; header_5_text_shadow_horizontal_length_tablet=&#8221;0px&#8221; header_5_text_shadow_vertical_length_tablet=&#8221;0px&#8221; header_5_text_shadow_blur_strength_tablet=&#8221;1px&#8221; header_6_text_shadow_horizontal_length_tablet=&#8221;0px&#8221; header_6_text_shadow_vertical_length_tablet=&#8221;0px&#8221; header_6_text_shadow_blur_strength_tablet=&#8221;1px&#8221; box_shadow_horizontal_tablet=&#8221;0px&#8221; box_shadow_vertical_tablet=&#8221;0px&#8221; box_shadow_blur_tablet=&#8221;40px&#8221; box_shadow_spread_tablet=&#8221;0px&#8221; global_colors_info=&#8221;{}&#8221;]</p>
<h2>32Planes y Proyectos  del Centro</h2>
<p><a href="https://drive.google.com/drive/folders/1cw3nqY7d1RMoRj8LiumBm5fCo4a8ZZ4w?usp=share_link"><strong></strong></a></p>
<h1 style="text-align: center"><strong>ESCUELAS DEPORTIVAS</strong></h1>
<p><span style="font-size: 14px">Alumnos y alumnas se ha dado de alta para participar en este programa educativo, con el que la Consejería de educación, pretende promover un estilo de vida saludable en lo físico y en lo social en nuestros hijos e hijas.</span></p>
<p><span>Durante el primero de los dos cuatrimestres en los que se temporaliza el programa, se han ofertado Fútbol Sala y Hockey quedando para el segundo cuatrimestre Balonmano y Baloncesto.</span></p>
<p><span>Nuestros alumnos y alumnas están participando activamente en las actividades organizadas por el IMDYSC con dispares resultados en lo referente a resultados aunque el éxito en cuanto a la práctica deportiva, está garantizado.</span></p>
<p><span>Muchos ánimos a todos y a todas y a mover el esqueleto, los músculos, la mente&#8230;</span></p>
<p><span></span></p>
<h1 style="font-weight: 400;text-align: center"><b><span>Acompañamiento y Extensión del Tiempo Escolar  ( PROA )</span></b></h1>
<p><b><span></span></b></p>
<p>Nuestro centro escolar se acoge al<span> </span><strong>Programa de Acompañamiento y Extensión del Tiempo Escolar.</strong></p>
<p>Desde el mes de noviembre  alumnos/as de segundo y tercer ciclo de Primaria acuden al colegio los martes y jueves, de 16 a 18 horas. Durante este tiempo están acompañados por profesores/as que les ayudan en la realización  de las tareas escolares y  refuerzan los aprendizajes instrumentales y demás contenidos curriculares.</p>
<p>Dicho programa pretende los siguientes objetivos:</p>
<ol>
<li><span>a)   </span>Aumentar los índices generales de éxito escolar, mejorando el nivel de competencias básicas del alumnado.</li>
<li><span>b)   </span>Mejorar la convivencia y el clima general del Centro.</li>
<li><span>c)   </span>Consolidar<span> </span>aprendizajes y competencias básicas de las áreas instrumentales.</li>
<li><span>d)   </span>Adquirir hábitos de planificación y organización del trabajo escolar.</li>
<li><span>e)   </span>Fomentar la comunicación familia-escuela.</li>
</ol>
<p>Durante este curso más de sesenta alumnos/as, repartidos en ocho grupos, se beneficiarán de dicho programa.</p>
<p>Estamos seguros que será de gran ayuda para los alumnos/as y les facilitará el camino hacia el éxito escolar.</p>
<p>La coordinadora del Programa.</p>
<p><strong>Dña. Carmen García Arenas.</strong></p>
<p><strong></strong></p>
<h1 id="tituloItem" class="blockTituloItem" style="text-align: center"><strong><span class="tituloItem">Coeducación</span></strong></h1>
<div id="contenido_sitio">
<h1><strong> </strong></h1>
<p>           <span> Durante el curso 2022-2023 continuamos en nuestro centro con el Programa de Coeducación e Igualdad.</span></p>
<p><span>               <strong>     FINALIDADES</strong>:</span></p>
<p class="Standard"><span>-Realizar un diagnóstico cualitativo y cuantitativo de la realidad social, familiar y escolar.</span></p>
<p class="Standard"><span>-Crear un libro o pequeña publicación recopilando los resultados del diagnóstico y las tareas realizadas a nivel de centro a lo largo de todo el curso con los mejores trabajos.</span></p>
<p class="Standard"><span>-Contactar con mujeres pertenecientes a asociaciones locales y dar a conocer las propuestas hechas al Ayuntamiento el curso anterior sobre la historia de las mujeres en Puente Genil para su aprobación.</span></p>
<p class="Standard">
<p class="Standard"><span><strong>OBJETIVOS</strong></span></p>
<p class="Standard"><span>1.    Fomentar una educación desde la igualdad basada en el respeto.</span></p>
<p class="Standard"><span>2.    Conocer los distintos roles familiares.</span></p>
<p class="Standard"><span>3.    Conocer y valorar la historia y el trabajo de las mujeres españolas en la Universidad.</span></p>
<p class="Standard"><span>  <strong>CONTENIDOS</strong></span></p>
<p class="Standard">
<p class="Standard"><span>     PRIMER TRIMESTRE</span></p>
<p class="Standard"><span>·        Las mujeres de mi familia.</span></p>
<p class="Standard"><span> </span><span style="font-size: 14px">     SEGUNDO TRIMESTRE</span></p>
<p class="Standard"><span>·        Las mujeres en la Universidad.</span></p>
<p class="Standard"><span>       TERCER TRIMESTRE</span></p>
<p class="Standard"><span>·        Las tareas familiares.</span></p>
<p class="Standard"><span> </span></p>
<p class="Standard"><span><strong>LA COEDUCACIÓN A PARTIR DE TEMAS TRANSVERSALES EN LA ESCUELA</strong></span></p>
<p class="Standard"><span> </span></p>
<p class="Standard"><span>1.   Día contra la Violencia de Género (25 de Noviembre)</span></p>
<p class="Standard"><span>2.   Día de la Paz (30 de Enero)</span></p>
<p class="Standard"><span>3.   Día de la Mujer (8 de Marzo)</span></p>
<p class="Standard"><span>4.   Día del Libro (23 de Abril)</span></p>
<p class="Standard"><span> </span></p>
</div>
<p><span></span></p>
<p>&nbsp;</p>
<p>&nbsp;</p>
<p>[/et_pb_text][/et_pb_column][/et_pb_row][/et_pb_section]</p>

<p>32Planes y Proyectos  del Centro ESCUELAS DEPORTIVAS Alumnos y alumnas se ha dado de alta para participar en este programa educativo, con el que la Consejería de educación, pretende promover un estilo de vida saludable en lo físico y en lo social en nuestros hijos e hijas. Durante el primero de los dos cuatrimestres en [&hellip;]</p>
