{"id":853,"date":"2020-12-18T08:50:47","date_gmt":"2020-12-18T07:50:47","guid":{"rendered":"https:\/\/blogsaverroes.juntadeandalucia.es\/pre\/plantilla-pencil\/?page_id=853"},"modified":"2023-01-08T22:33:39","modified_gmt":"2023-01-08T21:33:39","slug":"nuestra-historia","status":"publish","type":"page","link":"https:\/\/blogsaverroes.juntadeandalucia.es\/ceip-santiagoryc\/nuestra-historia\/","title":{"rendered":"Nuestro Centro"},"content":{"rendered":"<p>[et_pb_section fb_built=&#8221;1&#8243; _builder_version=&#8221;3.22&#8243; global_colors_info=&#8221;{}&#8221;][et_pb_row _builder_version=&#8221;4.14.5&#8243; _module_preset=&#8221;default&#8221;][et_pb_column _builder_version=&#8221;4.14.5&#8243; _module_preset=&#8221;default&#8221; type=&#8221;4_4&#8243;][et_pb_text _builder_version=&#8221;4.14.5&#8243; _module_preset=&#8221;default&#8221; hover_enabled=&#8221;0&#8243; sticky_enabled=&#8221;0&#8243;]<\/p>\n<p style=\"font-weight: 400\"><span>\u00a0\u00a0El colegio se encuentra ubicado en la barriada de \u201c Santo Domingo \u201c, la cual debe su nombre a que la mayor\u00eda de las viviendas han sido construidas por<\/span><span>\u00a0sus propios moradores, fundamentalmente en s\u00e1bados y domingo<\/span><span>s.<\/span><\/p>\n<p style=\"font-weight: 400\"><span>\u00a0<\/span><span>\u00a0\u00a0\u00a0\u00a0\u00a0\u00a0\u00a0\u00a0\u00a0\u00a0\u00a0\u00a0Abunda el tipo de vivienda unifamiliar, planta baja o d\u00faplex. Las calles est\u00e1n asfaltadas, poseen acerado estrecho, alumbrado p\u00fablico y su distribuci\u00f3n es de forma geom\u00e9trica formando amplias manzanas rectangulares, en un entramado de calles paralelas. Junto al colegio se ha construido nuevas urbanizaciones, por lo que pr\u00f3ximamente se ver\u00e1 incrementada la poblaci\u00f3n escolar con la correspondiente influencia en la matr\u00edcula del Centro.<\/span><\/p>\n<p style=\"font-weight: 400\"><span>\u00a0\u00a0\u00a0\u00a0\u00a0\u00a0\u00a0\u00a0\u00a0\u00a0\u00a0\u00a0\u00a0El comercio es escaso y los establecimientos de tipo familiar, especialmente de alimentaci\u00f3n.<\/span><\/p>\n<p style=\"font-weight: 400\"><span>\u00a0<\/span><span>\u00a0\u00a0\u00a0\u00a0\u00a0\u00a0\u00a0\u00a0\u00a0\u00a0\u00a0\u00a0Los centros de servicios sociales, Ayuntamiento, Biblioteca, Centros de Salud etc. se encuentran alejados.<\/span><\/p>\n<p style=\"font-weight: 400\"><span>\u00a0<\/span><span style=\"font-size: 14px\">\u00a0 \u00a0 \u00a0 \u00a0 \u00a0 \u00a0 Adem\u00e1s existen en la Barriada el Centro de Ense\u00f1anza Secundaria el I.E.S. \u201c Juan de la Cierva \u201c, la Residencia de la Comunidad Religiosa de las MM. Filipenses y el Polideportivo municipal.<\/span><\/p>\n<p>[\/et_pb_text][\/et_pb_column][\/et_pb_row][\/et_pb_section]<\/p>\n","protected":false},"excerpt":{"rendered":"<p>\u00a0\u00a0El colegio se encuentra ubicado en la barriada de \u201c Santo Domingo \u201c, la cual debe su nombre a que la mayor\u00eda de las viviendas han sido construidas por\u00a0sus propios moradores, fundamentalmente en s\u00e1bados y domingos. \u00a0\u00a0\u00a0\u00a0\u00a0\u00a0\u00a0\u00a0\u00a0\u00a0\u00a0\u00a0\u00a0Abunda el tipo de vivienda unifamiliar, planta baja o d\u00faplex. Las calles est\u00e1n asfaltadas, poseen acerado estrecho, alumbrado p\u00fablico [&hellip;]<\/p>\n","protected":false},"author":15641,"featured_media":0,"parent":0,"menu_order":0,"comment_status":"closed","ping_status":"closed","template":"","meta":{"_et_pb_use_builder":"on","_et_pb_old_content":"<p>Nuestro centro.<\/p>","_et_gb_content_width":"","ngg_post_thumbnail":0,"footnotes":""},"aioseo_notices":[],"_links":{"self":[{"href":"https:\/\/blogsaverroes.juntadeandalucia.es\/ceip-santiagoryc\/wp-json\/wp\/v2\/pages\/853"}],"collection":[{"href":"https:\/\/blogsaverroes.juntadeandalucia.es\/ceip-santiagoryc\/wp-json\/wp\/v2\/pages"}],"about":[{"href":"https:\/\/blogsaverroes.juntadeandalucia.es\/ceip-santiagoryc\/wp-json\/wp\/v2\/types\/page"}],"author":[{"embeddable":true,"href":"https:\/\/blogsaverroes.juntadeandalucia.es\/ceip-santiagoryc\/wp-json\/wp\/v2\/users\/15641"}],"replies":[{"embeddable":true,"href":"https:\/\/blogsaverroes.juntadeandalucia.es\/ceip-santiagoryc\/wp-json\/wp\/v2\/comments?post=853"}],"version-history":[{"count":6,"href":"https:\/\/blogsaverroes.juntadeandalucia.es\/ceip-santiagoryc\/wp-json\/wp\/v2\/pages\/853\/revisions"}],"predecessor-version":[{"id":1221,"href":"https:\/\/blogsaverroes.juntadeandalucia.es\/ceip-santiagoryc\/wp-json\/wp\/v2\/pages\/853\/revisions\/1221"}],"wp:attachment":[{"href":"https:\/\/blogsaverroes.juntadeandalucia.es\/ceip-santiagoryc\/wp-json\/wp\/v2\/media?parent=853"}],"curies":[{"name":"wp","href":"https:\/\/api.w.org\/{rel}","templated":true}]}}