{"id":916,"date":"2025-02-10T11:24:19","date_gmt":"2025-02-10T10:24:19","guid":{"rendered":"https:\/\/blogsaverroes.juntadeandalucia.es\/ceip-severo-ochoa\/?page_id=916"},"modified":"2025-03-16T22:14:58","modified_gmt":"2025-03-16T21:14:58","slug":"cda","status":"publish","type":"page","link":"https:\/\/blogsaverroes.juntadeandalucia.es\/ceip-severo-ochoa\/cda\/","title":{"rendered":"CdA"},"content":{"rendered":"<p>[et_pb_section fb_built=&#8221;1&#8243; _builder_version=&#8221;4.24.2&#8243; _module_preset=&#8221;default&#8221; global_colors_info=&#8221;{}&#8221;][et_pb_row _builder_version=&#8221;4.24.2&#8243; _module_preset=&#8221;default&#8221; global_colors_info=&#8221;{}&#8221;][et_pb_column type=&#8221;4_4&#8243; _builder_version=&#8221;4.24.2&#8243; _module_preset=&#8221;default&#8221; global_colors_info=&#8221;{}&#8221;][et_pb_image src=&#8221;https:\/\/blogsaverroes.juntadeandalucia.es\/ceip-severo-ochoa\/files\/2025\/02\/banner_cda.jpg&#8221; title_text=&#8221;banner_cda&#8221; _builder_version=&#8221;4.24.2&#8243; _module_preset=&#8221;default&#8221; global_colors_info=&#8221;{}&#8221;][\/et_pb_image][et_pb_text _builder_version=&#8221;4.24.2&#8243; _module_preset=&#8221;default&#8221; custom_padding=&#8221;||5px|||&#8221; hover_enabled=&#8221;0&#8243; global_colors_info=&#8221;{}&#8221; sticky_enabled=&#8221;0&#8243;]<\/p>\n<h1>Comunidad de aprendizaje<\/h1>\n<p>El CEIP Severo Ochoa es una comunidad de aprendizaje desde el curso 2017. Esto significa que las ense\u00f1anzas y los valores que el centro educativo promueve, se encuentran bajo el paraguas pedag\u00f3gico y metodol\u00f3gico de las comunidades de aprendizaje. Asimismo, desarrolla pr\u00e1cticas de \u00e9xito contrastadas como grupos interactivos y tertulias dial\u00f3gicas de diferentes tipos. Somos un centro abierto a las familias y a la comunidad.<strong> <span style=\"color: #0c71c3\"><a style=\"color: #0c71c3\" href=\"https:\/\/www.juntadeandalucia.es\/educacion\/portales\/web\/escolarizacion\/infantil-a-bachillerato\" target=\"_blank\" rel=\"noopener\">\u00bfTe sumas?<\/a><\/span><\/strong><\/p>\n<p>[\/et_pb_text][\/et_pb_column][\/et_pb_row][et_pb_row column_structure=&#8221;1_2,1_2&#8243; _builder_version=&#8221;4.24.2&#8243; _module_preset=&#8221;default&#8221; global_colors_info=&#8221;{}&#8221;][et_pb_column type=&#8221;1_2&#8243; _builder_version=&#8221;4.24.2&#8243; _module_preset=&#8221;default&#8221; global_colors_info=&#8221;{}&#8221;][et_pb_text _builder_version=&#8221;4.24.2&#8243; _module_preset=&#8221;default&#8221; global_colors_info=&#8221;{}&#8221;]<\/p>\n<h2>Grupos Interactivos<\/h2>\n<p>Los Grupos Interactivos&nbsp; (GGII) constituyen <strong>una forma de organizaci\u00f3n del aula orientada a la mejora del aprendizaje y la convivencia<\/strong>. Los GGII buscan ampliar y potenciar las interacciones&nbsp; que se producen entre el alumnado, enriqueciendo el tiempo y desarrollo efectivo de una actividad escolar que es, en esencia, compartida.<\/p>\n<p>Este tipo de organizaci\u00f3n del aula es <strong>inclusiva<\/strong>, esto es, incluye a todos y todas las estudiantes. Tambi\u00e9n requiere de la <strong>presencia y apoyo<\/strong> de otras personas adultas adem\u00e1s de los docentes. Nos referimos a la participaci\u00f3n efectiva de familias, voluntarios, alumnado de otros cursos, etc&#8230;<\/p>\n<p>El <strong>objetivo prioritario<\/strong> de los GGII es desarrollar, en una misma din\u00e1mica, una <strong>aceleraci\u00f3n del aprendizaje<\/strong> para todo el alumnado; a la que se a\u00f1aden <strong>valores y sentimientos<\/strong> tan importantes como la amistad y la solidaridad.<\/p>\n<p>[\/et_pb_text][et_pb_gallery gallery_ids=&#8221;935,936,937,938&#8243; fullwidth=&#8221;on&#8221; _builder_version=&#8221;4.24.2&#8243; _module_preset=&#8221;default&#8221; background_layout=&#8221;dark&#8221; animation_style=&#8221;slide&#8221; auto=&#8221;on&#8221; box_shadow_style=&#8221;preset1&#8243; global_colors_info=&#8221;{}&#8221;][\/et_pb_gallery][et_pb_gallery gallery_ids=&#8221;957,958,959,960&#8243; fullwidth=&#8221;on&#8221; _builder_version=&#8221;4.24.2&#8243; _module_preset=&#8221;default&#8221; background_layout=&#8221;dark&#8221; animation_style=&#8221;slide&#8221; auto=&#8221;on&#8221; box_shadow_style=&#8221;preset1&#8243; global_colors_info=&#8221;{}&#8221;][\/et_pb_gallery][\/et_pb_column][et_pb_column type=&#8221;1_2&#8243; _builder_version=&#8221;4.24.2&#8243; _module_preset=&#8221;default&#8221; global_colors_info=&#8221;{}&#8221;][et_pb_text _builder_version=&#8221;4.24.2&#8243; _module_preset=&#8221;default&#8221; global_colors_info=&#8221;{}&#8221;]<\/p>\n<h2>Tertulias Dial\u00f3gicas<\/h2>\n<p>Una tertulia dial\u00f3gica (TD) es un espacio para el <strong>di\u00e1logo igualitario<\/strong> entre las personas participantes. \u00bfY sobre qu\u00e9 se dialoga? Sobre <strong>obras maestras de la literatura, la m\u00fasica o el arte universal<\/strong>, y sobre los <strong>saberes cient\u00edficos<\/strong> reconocidos como m\u00e1xima expresi\u00f3n del conocimiento obtenido por la humanidad a lo largo de su historia compartida.<\/p>\n<p>En una TD, todos estamos llamados a posibilitar una <strong>construcci\u00f3n colectiva de significado y conocimiento<\/strong>, siguiendo los <span style=\"color: #0c71c3\"><strong><a href=\"https:\/\/www.juntadeandalucia.es\/educacion\/portals\/delegate\/content\/a72f0616-ef6c-4095-92fa-5931b13938a8\" target=\"_blank\" rel=\"noopener\" style=\"color: #0c71c3\">siete principios del aprendizaje dial\u00f3gico<\/a><\/strong>.<\/span><\/p>\n<p>[\/et_pb_text][et_pb_audio audio=&#8221;https:\/\/blogsaverroes.juntadeandalucia.es\/ceip-severo-ochoa\/files\/2025\/02\/3.4.-Producto-final.-TDM-Otono-de-Vivaldi.mp3&#8243; title=&#8221;Tertulia musical dial\u00f3gica&#8221; artist_name=&#8221;CEIP Severo Ochoa (M\u00e1laga)&#8221; album_name=&#8221;El Oto\u00f1o de A. Vivaldi&#8221; image_url=&#8221;https:\/\/blogsaverroes.juntadeandalucia.es\/ceip-severo-ochoa\/files\/2025\/02\/pisteo-scaled.jpg&#8221; _builder_version=&#8221;4.24.2&#8243; _module_preset=&#8221;default&#8221; background_color=&#8221;#E09900&#8243; box_shadow_style=&#8221;preset1&#8243; global_colors_info=&#8221;{}&#8221;][\/et_pb_audio][et_pb_audio audio=&#8221;https:\/\/blogsaverroes.juntadeandalucia.es\/ceip-severo-ochoa\/files\/2025\/02\/TDP_Guernika_PresentaManuel.mp3&#8243; title=&#8221;Tertulia pict\u00f3rica dial\u00f3gica&#8221; artist_name=&#8221;CEIP Severo Ochoa (M\u00e1laga)&#8221; album_name=&#8221;El Guernika de P. Picasso&#8221; image_url=&#8221;https:\/\/blogsaverroes.juntadeandalucia.es\/ceip-severo-ochoa\/files\/2025\/02\/Mural_del_Gernika.jpg&#8221; _builder_version=&#8221;4.24.2&#8243; _module_preset=&#8221;default&#8221; background_color=&#8221;#7CDA24&#8243; box_shadow_style=&#8221;preset1&#8243; global_colors_info=&#8221;{}&#8221;][\/et_pb_audio][et_pb_audio audio=&#8221;https:\/\/blogsaverroes.juntadeandalucia.es\/ceip-severo-ochoa\/files\/2025\/02\/TLD-El-Cid_Mod_Manuel.mp3&#8243; title=&#8221;Tertulia literaria dial\u00f3gica&#8221; artist_name=&#8221;CEIP Severo Ochoa (M\u00e1laga)&#8221; album_name=&#8221;El Cid Campeador&#8221; image_url=&#8221;https:\/\/blogsaverroes.juntadeandalucia.es\/ceip-severo-ochoa\/files\/2025\/02\/821px-Dotacion_del_Cid_a_la_catedral_de_Valencia_1098.jpg&#8221; _builder_version=&#8221;4.24.2&#8243; _module_preset=&#8221;default&#8221; background_color=&#8221;#bc9942&#8243; box_shadow_style=&#8221;preset1&#8243; global_colors_info=&#8221;{}&#8221;][\/et_pb_audio][\/et_pb_column][\/et_pb_row][\/et_pb_section]<\/p>\n","protected":false},"excerpt":{"rendered":"<p>Comunidad de aprendizaje El CEIP Severo Ochoa es una comunidad de aprendizaje desde el curso 2017. Esto significa que las ense\u00f1anzas y los valores que el centro educativo promueve, se encuentran bajo el paraguas pedag\u00f3gico y metodol\u00f3gico de las comunidades de aprendizaje. Asimismo, desarrolla pr\u00e1cticas de \u00e9xito contrastadas como grupos interactivos y tertulias dial\u00f3gicas de [&hellip;]<\/p>\n","protected":false},"author":15140,"featured_media":0,"parent":0,"menu_order":0,"comment_status":"closed","ping_status":"closed","template":"","meta":{"_et_pb_use_builder":"on","_et_pb_old_content":"","_et_gb_content_width":"","ngg_post_thumbnail":0,"footnotes":""},"aioseo_notices":[],"_links":{"self":[{"href":"https:\/\/blogsaverroes.juntadeandalucia.es\/ceip-severo-ochoa\/wp-json\/wp\/v2\/pages\/916"}],"collection":[{"href":"https:\/\/blogsaverroes.juntadeandalucia.es\/ceip-severo-ochoa\/wp-json\/wp\/v2\/pages"}],"about":[{"href":"https:\/\/blogsaverroes.juntadeandalucia.es\/ceip-severo-ochoa\/wp-json\/wp\/v2\/types\/page"}],"author":[{"embeddable":true,"href":"https:\/\/blogsaverroes.juntadeandalucia.es\/ceip-severo-ochoa\/wp-json\/wp\/v2\/users\/15140"}],"replies":[{"embeddable":true,"href":"https:\/\/blogsaverroes.juntadeandalucia.es\/ceip-severo-ochoa\/wp-json\/wp\/v2\/comments?post=916"}],"version-history":[{"count":37,"href":"https:\/\/blogsaverroes.juntadeandalucia.es\/ceip-severo-ochoa\/wp-json\/wp\/v2\/pages\/916\/revisions"}],"predecessor-version":[{"id":1655,"href":"https:\/\/blogsaverroes.juntadeandalucia.es\/ceip-severo-ochoa\/wp-json\/wp\/v2\/pages\/916\/revisions\/1655"}],"wp:attachment":[{"href":"https:\/\/blogsaverroes.juntadeandalucia.es\/ceip-severo-ochoa\/wp-json\/wp\/v2\/media?parent=916"}],"curies":[{"name":"wp","href":"https:\/\/api.w.org\/{rel}","templated":true}]}}

<p>[et_pb_section fb_built=&#8221;1&#8243; _builder_version=&#8221;4.24.2&#8243; _module_preset=&#8221;default&#8221; global_colors_info=&#8221;{}&#8221;][et_pb_row _builder_version=&#8221;4.24.2&#8243; _module_preset=&#8221;default&#8221; global_colors_info=&#8221;{}&#8221;][et_pb_column type=&#8221;4_4&#8243; _builder_version=&#8221;4.24.2&#8243; _module_preset=&#8221;default&#8221; global_colors_info=&#8221;{}&#8221;][et_pb_image src=&#8221;https://blogsaverroes.juntadeandalucia.es/ceip-severo-ochoa/files/2025/02/banner_cda.jpg&#8221; title_text=&#8221;banner_cda&#8221; _builder_version=&#8221;4.24.2&#8243; _module_preset=&#8221;default&#8221; global_colors_info=&#8221;{}&#8221;][/et_pb_image][et_pb_text _builder_version=&#8221;4.24.2&#8243; _module_preset=&#8221;default&#8221; custom_padding=&#8221;||5px|||&#8221; hover_enabled=&#8221;0&#8243; global_colors_info=&#8221;{}&#8221; sticky_enabled=&#8221;0&#8243;]</p>
<h1>Comunidad de aprendizaje</h1>
<p>El CEIP Severo Ochoa es una comunidad de aprendizaje desde el curso 2017. Esto significa que las enseñanzas y los valores que el centro educativo promueve, se encuentran bajo el paraguas pedagógico y metodológico de las comunidades de aprendizaje. Asimismo, desarrolla prácticas de éxito contrastadas como grupos interactivos y tertulias dialógicas de diferentes tipos. Somos un centro abierto a las familias y a la comunidad.<strong> <span style="color: #0c71c3"><a style="color: #0c71c3" href="https://www.juntadeandalucia.es/educacion/portales/web/escolarizacion/infantil-a-bachillerato" target="_blank" rel="noopener">¿Te sumas?</a></span></strong></p>
<p>[/et_pb_text][/et_pb_column][/et_pb_row][et_pb_row column_structure=&#8221;1_2,1_2&#8243; _builder_version=&#8221;4.24.2&#8243; _module_preset=&#8221;default&#8221; global_colors_info=&#8221;{}&#8221;][et_pb_column type=&#8221;1_2&#8243; _builder_version=&#8221;4.24.2&#8243; _module_preset=&#8221;default&#8221; global_colors_info=&#8221;{}&#8221;][et_pb_text _builder_version=&#8221;4.24.2&#8243; _module_preset=&#8221;default&#8221; global_colors_info=&#8221;{}&#8221;]</p>
<h2>Grupos Interactivos</h2>
<p>Los Grupos Interactivos&nbsp; (GGII) constituyen <strong>una forma de organización del aula orientada a la mejora del aprendizaje y la convivencia</strong>. Los GGII buscan ampliar y potenciar las interacciones&nbsp; que se producen entre el alumnado, enriqueciendo el tiempo y desarrollo efectivo de una actividad escolar que es, en esencia, compartida.</p>
<p>Este tipo de organización del aula es <strong>inclusiva</strong>, esto es, incluye a todos y todas las estudiantes. También requiere de la <strong>presencia y apoyo</strong> de otras personas adultas además de los docentes. Nos referimos a la participación efectiva de familias, voluntarios, alumnado de otros cursos, etc&#8230;</p>
<p>El <strong>objetivo prioritario</strong> de los GGII es desarrollar, en una misma dinámica, una <strong>aceleración del aprendizaje</strong> para todo el alumnado; a la que se añaden <strong>valores y sentimientos</strong> tan importantes como la amistad y la solidaridad.</p>
<p>[/et_pb_text][et_pb_gallery gallery_ids=&#8221;935,936,937,938&#8243; fullwidth=&#8221;on&#8221; _builder_version=&#8221;4.24.2&#8243; _module_preset=&#8221;default&#8221; background_layout=&#8221;dark&#8221; animation_style=&#8221;slide&#8221; auto=&#8221;on&#8221; box_shadow_style=&#8221;preset1&#8243; global_colors_info=&#8221;{}&#8221;][/et_pb_gallery][et_pb_gallery gallery_ids=&#8221;957,958,959,960&#8243; fullwidth=&#8221;on&#8221; _builder_version=&#8221;4.24.2&#8243; _module_preset=&#8221;default&#8221; background_layout=&#8221;dark&#8221; animation_style=&#8221;slide&#8221; auto=&#8221;on&#8221; box_shadow_style=&#8221;preset1&#8243; global_colors_info=&#8221;{}&#8221;][/et_pb_gallery][/et_pb_column][et_pb_column type=&#8221;1_2&#8243; _builder_version=&#8221;4.24.2&#8243; _module_preset=&#8221;default&#8221; global_colors_info=&#8221;{}&#8221;][et_pb_text _builder_version=&#8221;4.24.2&#8243; _module_preset=&#8221;default&#8221; global_colors_info=&#8221;{}&#8221;]</p>
<h2>Tertulias Dialógicas</h2>
<p>Una tertulia dialógica (TD) es un espacio para el <strong>diálogo igualitario</strong> entre las personas participantes. ¿Y sobre qué se dialoga? Sobre <strong>obras maestras de la literatura, la música o el arte universal</strong>, y sobre los <strong>saberes científicos</strong> reconocidos como máxima expresión del conocimiento obtenido por la humanidad a lo largo de su historia compartida.</p>
<p>En una TD, todos estamos llamados a posibilitar una <strong>construcción colectiva de significado y conocimiento</strong>, siguiendo los <span style="color: #0c71c3"><strong><a href="https://www.juntadeandalucia.es/educacion/portals/delegate/content/a72f0616-ef6c-4095-92fa-5931b13938a8" target="_blank" rel="noopener" style="color: #0c71c3">siete principios del aprendizaje dialógico</a></strong>.</span></p>
<p>[/et_pb_text][et_pb_audio audio=&#8221;https://blogsaverroes.juntadeandalucia.es/ceip-severo-ochoa/files/2025/02/3.4.-Producto-final.-TDM-Otono-de-Vivaldi.mp3&#8243; title=&#8221;Tertulia musical dialógica&#8221; artist_name=&#8221;CEIP Severo Ochoa (Málaga)&#8221; album_name=&#8221;El Otoño de A. Vivaldi&#8221; image_url=&#8221;https://blogsaverroes.juntadeandalucia.es/ceip-severo-ochoa/files/2025/02/pisteo-scaled.jpg&#8221; _builder_version=&#8221;4.24.2&#8243; _module_preset=&#8221;default&#8221; background_color=&#8221;#E09900&#8243; box_shadow_style=&#8221;preset1&#8243; global_colors_info=&#8221;{}&#8221;][/et_pb_audio][et_pb_audio audio=&#8221;https://blogsaverroes.juntadeandalucia.es/ceip-severo-ochoa/files/2025/02/TDP_Guernika_PresentaManuel.mp3&#8243; title=&#8221;Tertulia pictórica dialógica&#8221; artist_name=&#8221;CEIP Severo Ochoa (Málaga)&#8221; album_name=&#8221;El Guernika de P. Picasso&#8221; image_url=&#8221;https://blogsaverroes.juntadeandalucia.es/ceip-severo-ochoa/files/2025/02/Mural_del_Gernika.jpg&#8221; _builder_version=&#8221;4.24.2&#8243; _module_preset=&#8221;default&#8221; background_color=&#8221;#7CDA24&#8243; box_shadow_style=&#8221;preset1&#8243; global_colors_info=&#8221;{}&#8221;][/et_pb_audio][et_pb_audio audio=&#8221;https://blogsaverroes.juntadeandalucia.es/ceip-severo-ochoa/files/2025/02/TLD-El-Cid_Mod_Manuel.mp3&#8243; title=&#8221;Tertulia literaria dialógica&#8221; artist_name=&#8221;CEIP Severo Ochoa (Málaga)&#8221; album_name=&#8221;El Cid Campeador&#8221; image_url=&#8221;https://blogsaverroes.juntadeandalucia.es/ceip-severo-ochoa/files/2025/02/821px-Dotacion_del_Cid_a_la_catedral_de_Valencia_1098.jpg&#8221; _builder_version=&#8221;4.24.2&#8243; _module_preset=&#8221;default&#8221; background_color=&#8221;#bc9942&#8243; box_shadow_style=&#8221;preset1&#8243; global_colors_info=&#8221;{}&#8221;][/et_pb_audio][/et_pb_column][/et_pb_row][/et_pb_section]</p>

<p>Comunidad de aprendizaje El CEIP Severo Ochoa es una comunidad de aprendizaje desde el curso 2017. Esto significa que las enseñanzas y los valores que el centro educativo promueve, se encuentran bajo el paraguas pedagógico y metodológico de las comunidades de aprendizaje. Asimismo, desarrolla prácticas de éxito contrastadas como grupos interactivos y tertulias dialógicas de [&hellip;]</p>
