{"id":2179,"date":"2018-02-23T12:09:25","date_gmt":"2018-02-23T12:09:25","guid":{"rendered":"https:\/\/blogsaverroes.juntadeandalucia.es\/ceipagora\/?page_id=2179"},"modified":"2018-02-23T12:16:17","modified_gmt":"2018-02-23T12:16:17","slug":"pedagogica","status":"publish","type":"page","link":"https:\/\/blogsaverroes.juntadeandalucia.es\/ceipagora\/pedagogica\/","title":{"rendered":"PEDAG\u00d3GICA"},"content":{"rendered":"<p style=\"text-align: center\">&nbsp;<\/p>\n<p><a href=\"https:\/\/blogsaverroes.juntadeandalucia.es\/ceipagora\/files\/2018\/02\/BIBLIOTECA.jpg\"><img loading=\"lazy\" decoding=\"async\" class=\"wp-image-2180 aligncenter\" src=\"https:\/\/blogsaverroes.juntadeandalucia.es\/ceipagora\/files\/2018\/02\/BIBLIOTECA-232x300.jpg\" alt=\"\" width=\"285\" height=\"365\" srcset=\"https:\/\/blogsaverroes.juntadeandalucia.es\/ceipagora\/files\/2018\/02\/BIBLIOTECA-19x24.jpg 19w, https:\/\/blogsaverroes.juntadeandalucia.es\/ceipagora\/files\/2018\/02\/BIBLIOTECA-28x36.jpg 28w, https:\/\/blogsaverroes.juntadeandalucia.es\/ceipagora\/files\/2018\/02\/BIBLIOTECA-37x48.jpg 37w\" sizes=\"(max-width: 285px) 100vw, 285px\" \/><\/a><\/p>\n<p>Aprovechando el Punto Cultural de nuestro centro, durante el curso escolar 2017\/2018, inauguramos para el disfrute de toda la Comunidad Educativa, una biblioteca dedicada a libros educativos y pedag\u00f3gicos.<\/p>\n<p>Con ello pretendemos, entre otros objetivos:<\/p>\n<h3>Difundir aspectos relacionados con la actualizaci\u00f3n metodol\u00f3gica y el compromiso con la educaci\u00f3n.<\/h3>\n<h3>Generar debate e implicar a las familias en el Proyecto Educativo.<\/h3>\n<h3>Trabajar en la l\u00ednea de la visibilidad de nuestra pr\u00e1ctica educativa e identidad de centro.<\/h3>\n<h3>Argumentar la acci\u00f3n docente, tanto con los textos legales, como con los avances en las ciencias de la educaci\u00f3n.<\/h3>\n<p>&nbsp;<\/p>\n<h1 style=\"text-align: center\"><a href=\"https:\/\/blogsaverroes.juntadeandalucia.es\/ceipagora\/files\/2018\/02\/LISTADO-DE-LIBROS.docx\">LISTADO DE LIBROS<\/a><\/h1>\n<p>&nbsp;<\/p>\n<p><a href=\"https:\/\/blogsaverroes.juntadeandalucia.es\/ceipagora\/files\/2018\/02\/IMG_4603.jpg\"><img loading=\"lazy\" decoding=\"async\" class=\"alignnone wp-image-2185 size-medium\" src=\"https:\/\/blogsaverroes.juntadeandalucia.es\/ceipagora\/files\/2018\/02\/IMG_4603-e1519387674590-225x300.jpg\" alt=\"\" width=\"225\" height=\"300\" srcset=\"https:\/\/blogsaverroes.juntadeandalucia.es\/ceipagora\/files\/2018\/02\/IMG_4603-e1519387674590-225x300.jpg 225w, https:\/\/blogsaverroes.juntadeandalucia.es\/ceipagora\/files\/2018\/02\/IMG_4603-e1519387674590-768x1024.jpg 768w, https:\/\/blogsaverroes.juntadeandalucia.es\/ceipagora\/files\/2018\/02\/IMG_4603-e1519387674590-700x933.jpg 700w, https:\/\/blogsaverroes.juntadeandalucia.es\/ceipagora\/files\/2018\/02\/IMG_4603-e1519387674590-18x24.jpg 18w, https:\/\/blogsaverroes.juntadeandalucia.es\/ceipagora\/files\/2018\/02\/IMG_4603-e1519387674590-27x36.jpg 27w, https:\/\/blogsaverroes.juntadeandalucia.es\/ceipagora\/files\/2018\/02\/IMG_4603-e1519387674590-36x48.jpg 36w, https:\/\/blogsaverroes.juntadeandalucia.es\/ceipagora\/files\/2018\/02\/IMG_4603-e1519387674590.jpg 1200w\" sizes=\"(max-width: 225px) 100vw, 225px\" \/><\/a> <a href=\"https:\/\/blogsaverroes.juntadeandalucia.es\/ceipagora\/files\/2018\/02\/IMG_4604.jpg\"><img loading=\"lazy\" decoding=\"async\" class=\"alignnone wp-image-2187 size-medium\" src=\"https:\/\/blogsaverroes.juntadeandalucia.es\/ceipagora\/files\/2018\/02\/IMG_4604-e1519387720310-225x300.jpg\" alt=\"\" width=\"225\" height=\"300\" srcset=\"https:\/\/blogsaverroes.juntadeandalucia.es\/ceipagora\/files\/2018\/02\/IMG_4604-e1519387720310-225x300.jpg 225w, https:\/\/blogsaverroes.juntadeandalucia.es\/ceipagora\/files\/2018\/02\/IMG_4604-e1519387720310-768x1024.jpg 768w, https:\/\/blogsaverroes.juntadeandalucia.es\/ceipagora\/files\/2018\/02\/IMG_4604-e1519387720310-700x933.jpg 700w, https:\/\/blogsaverroes.juntadeandalucia.es\/ceipagora\/files\/2018\/02\/IMG_4604-e1519387720310-18x24.jpg 18w, https:\/\/blogsaverroes.juntadeandalucia.es\/ceipagora\/files\/2018\/02\/IMG_4604-e1519387720310-27x36.jpg 27w, https:\/\/blogsaverroes.juntadeandalucia.es\/ceipagora\/files\/2018\/02\/IMG_4604-e1519387720310-36x48.jpg 36w, https:\/\/blogsaverroes.juntadeandalucia.es\/ceipagora\/files\/2018\/02\/IMG_4604-e1519387720310.jpg 1200w\" sizes=\"(max-width: 225px) 100vw, 225px\" \/><\/a> <a href=\"https:\/\/blogsaverroes.juntadeandalucia.es\/ceipagora\/files\/2018\/02\/IMG_4605.jpg\"><img loading=\"lazy\" decoding=\"async\" class=\"alignnone wp-image-2189 size-medium\" src=\"https:\/\/blogsaverroes.juntadeandalucia.es\/ceipagora\/files\/2018\/02\/IMG_4605-e1519387640143-225x300.jpg\" alt=\"\" width=\"225\" height=\"300\" srcset=\"https:\/\/blogsaverroes.juntadeandalucia.es\/ceipagora\/files\/2018\/02\/IMG_4605-e1519387640143-225x300.jpg 225w, https:\/\/blogsaverroes.juntadeandalucia.es\/ceipagora\/files\/2018\/02\/IMG_4605-e1519387640143-768x1024.jpg 768w, https:\/\/blogsaverroes.juntadeandalucia.es\/ceipagora\/files\/2018\/02\/IMG_4605-e1519387640143-700x933.jpg 700w, https:\/\/blogsaverroes.juntadeandalucia.es\/ceipagora\/files\/2018\/02\/IMG_4605-e1519387640143-18x24.jpg 18w, https:\/\/blogsaverroes.juntadeandalucia.es\/ceipagora\/files\/2018\/02\/IMG_4605-e1519387640143-27x36.jpg 27w, https:\/\/blogsaverroes.juntadeandalucia.es\/ceipagora\/files\/2018\/02\/IMG_4605-e1519387640143-36x48.jpg 36w, https:\/\/blogsaverroes.juntadeandalucia.es\/ceipagora\/files\/2018\/02\/IMG_4605-e1519387640143.jpg 1200w\" sizes=\"(max-width: 225px) 100vw, 225px\" \/><\/a><\/p>\n<p>&nbsp;<\/p>\n","protected":false},"excerpt":{"rendered":"<p>&nbsp; Aprovechando el Punto Cultural de nuestro centro, durante el curso escolar 2017\/2018, inauguramos para el disfrute de toda la Comunidad Educativa, una biblioteca dedicada a libros educativos y pedag\u00f3gicos. Con ello pretendemos, entre&#46;&#46;&#46;<\/p>\n","protected":false},"author":2427,"featured_media":0,"parent":0,"menu_order":0,"comment_status":"closed","ping_status":"closed","template":"","meta":{"ngg_post_thumbnail":0,"footnotes":""},"aioseo_notices":[],"_links":{"self":[{"href":"https:\/\/blogsaverroes.juntadeandalucia.es\/ceipagora\/wp-json\/wp\/v2\/pages\/2179"}],"collection":[{"href":"https:\/\/blogsaverroes.juntadeandalucia.es\/ceipagora\/wp-json\/wp\/v2\/pages"}],"about":[{"href":"https:\/\/blogsaverroes.juntadeandalucia.es\/ceipagora\/wp-json\/wp\/v2\/types\/page"}],"author":[{"embeddable":true,"href":"https:\/\/blogsaverroes.juntadeandalucia.es\/ceipagora\/wp-json\/wp\/v2\/users\/2427"}],"replies":[{"embeddable":true,"href":"https:\/\/blogsaverroes.juntadeandalucia.es\/ceipagora\/wp-json\/wp\/v2\/comments?post=2179"}],"version-history":[{"count":2,"href":"https:\/\/blogsaverroes.juntadeandalucia.es\/ceipagora\/wp-json\/wp\/v2\/pages\/2179\/revisions"}],"predecessor-version":[{"id":2194,"href":"https:\/\/blogsaverroes.juntadeandalucia.es\/ceipagora\/wp-json\/wp\/v2\/pages\/2179\/revisions\/2194"}],"wp:attachment":[{"href":"https:\/\/blogsaverroes.juntadeandalucia.es\/ceipagora\/wp-json\/wp\/v2\/media?parent=2179"}],"curies":[{"name":"wp","href":"https:\/\/api.w.org\/{rel}","templated":true}]}}