{"id":57,"date":"2016-01-09T05:27:20","date_gmt":"2016-01-09T05:27:20","guid":{"rendered":"https:\/\/blogsaverroes.juntadeandalucia.es\/ceipagora\/?page_id=57"},"modified":"2018-11-20T08:36:58","modified_gmt":"2018-11-20T08:36:58","slug":"metodologia","status":"publish","type":"page","link":"https:\/\/blogsaverroes.juntadeandalucia.es\/ceipagora\/metodologia\/","title":{"rendered":"Metodolog\u00eda"},"content":{"rendered":"<p>En primer lugar os dejamos con algunas orientaciones metodol\u00f3gicas del centro:<\/p>\n<p><a href=\"https:\/\/blogsaverroes.juntadeandalucia.es\/ceipagora\/files\/2016\/01\/Orientaciones-metodol\u00f3gicas-para-web2.pdf\">Orientaciones metodol\u00f3gicas&nbsp;<\/a><\/p>\n<p>Ah\u00ed ten\u00e9is un par de enlaces interesantes para nosotros, hay much\u00edsimos m\u00e1s evidentemente, pero en estos dos, plantea dos ideas cercanas a la realidad de nuestro colegio. La importancia de unas \u00e1reas frente a otras, y un ejemplo de participaci\u00f3n de las familias en la escuela<\/p>\n<p><a href=\"https:\/\/escuelaconcerebro.wordpress.com\/2016\/05\/30\/cuales-son-las-asignaturas-mas-importantes-para-el-cerebro\/\">Las \u00e1reas m\u00e1s importantes<\/a><\/p>\n<p><a href=\"https:\/\/www.youtube.com\/watch?v=Ju4NexxICHA\">Grupos Interactivos <\/a><\/p>\n<p>Y por \u00faltimo, algunas entrevistas de radio relacionadas con la metodolog\u00eda y la identidad del centro&#8230;<\/p>\n<p><a href=\"https:\/\/www.youtube.com\/watch?v=dM44FGdeDXU&amp;feature=youtu.be\">A alumnas<\/a><\/p>\n<p><a href=\"https:\/\/www.youtube.com\/watch?v=jRV-smr2kCk&amp;feature=youtu.be\">A Sandra (presidenta del AMPA)<\/a><\/p>\n<p><a href=\"https:\/\/m.youtube.com\/watch?v=9kg1ChEiRb8&amp;feature=youtu.be\">A Juanmi (maestro de Infantil)<\/a><\/p>\n<p><a href=\"https:\/\/www.youtube.com\/watch?feature=youtu.be&amp;v=7UmRkedy2Ag&amp;app=desktop\">A Rafa (jefe de estudios)<\/a><\/p>\n<p><a href=\"https:\/\/www.youtube.com\/watch?feature=youtu.be&amp;v=JBDQ1mxBXAM&amp;app=desktop\">A Jos\u00e9 Mar\u00eda (Director)<\/a><\/p>\n<p>Un par de v\u00eddeos de la reuni\u00f3n que celebramos todos los a\u00f1os&#8230; estos en concreto pertenecen a la que celebramos en octubre de 2016.<\/p>\n<p><a href=\"https:\/\/www.youtube.com\/watch?time_continue=3&amp;v=T0I5QKTslCQ\">V\u00eddeo de la charla jefe de estudios<\/a><\/p>\n<p><a href=\"https:\/\/www.youtube.com\/watch?v=zEfrSkh7I0k\">V\u00eddeo de la charla Director<\/a><\/p>\n<p>&nbsp;<\/p>\n<p>En 2017 cambiamos el formato de la reuni\u00f3n y organizamos una mesa redonda con los distintos sectores de la Comunidad Educativa.<\/p>\n<p>En 2018 organizamos nuestra segunda mesa redonda a la que en esta ocasi\u00f3n invitamos a ponentes tanto del centro como externos.<\/p>\n<p>&nbsp;<\/p>\n<p>[youtube https:\/\/www.youtube.com\/watch?v=V71bljCJv38&amp;w=560&amp;h=315]<br \/>\n&nbsp;<\/p>\n<p>&nbsp;<\/p>\n<p>Tambi\u00e9n en 2018 nos invitaron a participar en un debate en la Escuela Waldorf El Girasol.<\/p>\n<p><a href=\"https:\/\/www.youtube.com\/watch?v=FABRjSwIBQo&amp;feature=youtu.be\">Educaci\u00f3n actual<\/a><\/p>\n<p>&nbsp;<\/p>\n<p>Entendemos que as\u00ed os hac\u00e9is una idea de c\u00f3mo pretendemos ser a nivel metodol\u00f3gico&#8230;<\/p>\n","protected":false},"excerpt":{"rendered":"<p>En primer lugar os dejamos con algunas orientaciones metodol\u00f3gicas del centro: Orientaciones metodol\u00f3gicas&nbsp; Ah\u00ed ten\u00e9is un par de enlaces interesantes para nosotros, hay much\u00edsimos m\u00e1s evidentemente, pero en estos dos, plantea dos ideas cercanas&#46;&#46;&#46;<\/p>\n","protected":false},"author":2427,"featured_media":0,"parent":0,"menu_order":0,"comment_status":"closed","ping_status":"open","template":"","meta":{"ngg_post_thumbnail":0,"footnotes":""},"aioseo_notices":[],"_links":{"self":[{"href":"https:\/\/blogsaverroes.juntadeandalucia.es\/ceipagora\/wp-json\/wp\/v2\/pages\/57"}],"collection":[{"href":"https:\/\/blogsaverroes.juntadeandalucia.es\/ceipagora\/wp-json\/wp\/v2\/pages"}],"about":[{"href":"https:\/\/blogsaverroes.juntadeandalucia.es\/ceipagora\/wp-json\/wp\/v2\/types\/page"}],"author":[{"embeddable":true,"href":"https:\/\/blogsaverroes.juntadeandalucia.es\/ceipagora\/wp-json\/wp\/v2\/users\/2427"}],"replies":[{"embeddable":true,"href":"https:\/\/blogsaverroes.juntadeandalucia.es\/ceipagora\/wp-json\/wp\/v2\/comments?post=57"}],"version-history":[{"count":16,"href":"https:\/\/blogsaverroes.juntadeandalucia.es\/ceipagora\/wp-json\/wp\/v2\/pages\/57\/revisions"}],"predecessor-version":[{"id":2386,"href":"https:\/\/blogsaverroes.juntadeandalucia.es\/ceipagora\/wp-json\/wp\/v2\/pages\/57\/revisions\/2386"}],"wp:attachment":[{"href":"https:\/\/blogsaverroes.juntadeandalucia.es\/ceipagora\/wp-json\/wp\/v2\/media?parent=57"}],"curies":[{"name":"wp","href":"https:\/\/api.w.org\/{rel}","templated":true}]}}