{"id":577,"date":"2016-09-21T16:47:38","date_gmt":"2016-09-21T16:47:38","guid":{"rendered":"https:\/\/blogsaverroes.juntadeandalucia.es\/ceipagora\/?page_id=577"},"modified":"2016-09-21T23:08:53","modified_gmt":"2016-09-21T23:08:53","slug":"tercer-ciclo","status":"publish","type":"page","link":"https:\/\/blogsaverroes.juntadeandalucia.es\/ceipagora\/tercer-ciclo\/","title":{"rendered":"TERCER CICLO"},"content":{"rendered":"<h3>COORDINADORA DE CICLO: <strong>MAR\u00cdA LEDESMA<\/strong><\/h3>\n<table style=\"background-color: #f09226;border-color: #fafafa\">\n<tbody>\n<tr>\n<td>\n<h3><a href=\"https:\/\/blogsaverroes.juntadeandalucia.es\/ceipagora\/quinto-de-primaria\/\"><img loading=\"lazy\" decoding=\"async\" class=\"alignnone wp-image-689 size-medium\" src=\"https:\/\/blogsaverroes.juntadeandalucia.es\/ceipagora\/files\/2016\/09\/8-300x300.jpg\" alt=\"8\" width=\"300\" height=\"300\" srcset=\"https:\/\/blogsaverroes.juntadeandalucia.es\/ceipagora\/files\/2016\/09\/8-300x300.jpg 300w, https:\/\/blogsaverroes.juntadeandalucia.es\/ceipagora\/files\/2016\/09\/8-150x150.jpg 150w, https:\/\/blogsaverroes.juntadeandalucia.es\/ceipagora\/files\/2016\/09\/8-100x100.jpg 100w, https:\/\/blogsaverroes.juntadeandalucia.es\/ceipagora\/files\/2016\/09\/8-432x432.jpg 432w, https:\/\/blogsaverroes.juntadeandalucia.es\/ceipagora\/files\/2016\/09\/8-268x268.jpg 268w, https:\/\/blogsaverroes.juntadeandalucia.es\/ceipagora\/files\/2016\/09\/8.jpg 500w\" sizes=\"(max-width: 300px) 100vw, 300px\" \/><\/a><\/h3>\n<\/td>\n<td>\n<h3><a href=\"https:\/\/blogsaverroes.juntadeandalucia.es\/ceipagora\/sexto-de-primaria\/\"><img loading=\"lazy\" decoding=\"async\" class=\"alignnone wp-image-690 size-medium\" src=\"https:\/\/blogsaverroes.juntadeandalucia.es\/ceipagora\/files\/2016\/09\/9-300x300.jpg\" alt=\"9\" width=\"300\" height=\"300\" srcset=\"https:\/\/blogsaverroes.juntadeandalucia.es\/ceipagora\/files\/2016\/09\/9-300x300.jpg 300w, https:\/\/blogsaverroes.juntadeandalucia.es\/ceipagora\/files\/2016\/09\/9-150x150.jpg 150w, https:\/\/blogsaverroes.juntadeandalucia.es\/ceipagora\/files\/2016\/09\/9-100x100.jpg 100w, https:\/\/blogsaverroes.juntadeandalucia.es\/ceipagora\/files\/2016\/09\/9-432x432.jpg 432w, https:\/\/blogsaverroes.juntadeandalucia.es\/ceipagora\/files\/2016\/09\/9-268x268.jpg 268w, https:\/\/blogsaverroes.juntadeandalucia.es\/ceipagora\/files\/2016\/09\/9.jpg 500w\" sizes=\"(max-width: 300px) 100vw, 300px\" \/><\/a><\/h3>\n<\/td>\n<\/tr>\n<tr>\n<td>\n<h3><a href=\"https:\/\/blogsaverroes.juntadeandalucia.es\/ceipagora\/ed-para-la-ciudadania\/\">EDUCACI\u00d3N PARA LA CIUDADAN\u00cdA<\/a><\/h3>\n<\/td>\n<td>\n<h3><a href=\"https:\/\/blogsaverroes.juntadeandalucia.es\/ceipagora\/competencia-y-practica-digital\/\">COMPETENCIA Y PR\u00c1CTICA DIGITAL<\/a><\/h3>\n<\/td>\n<\/tr>\n<\/tbody>\n<\/table>\n","protected":false},"excerpt":{"rendered":"<p>COORDINADORA DE CICLO: MAR\u00cdA LEDESMA EDUCACI\u00d3N PARA LA CIUDADAN\u00cdA COMPETENCIA Y PR\u00c1CTICA DIGITAL<\/p>\n","protected":false},"author":2427,"featured_media":0,"parent":0,"menu_order":0,"comment_status":"closed","ping_status":"open","template":"","meta":{"ngg_post_thumbnail":0,"footnotes":""},"aioseo_notices":[],"_links":{"self":[{"href":"https:\/\/blogsaverroes.juntadeandalucia.es\/ceipagora\/wp-json\/wp\/v2\/pages\/577"}],"collection":[{"href":"https:\/\/blogsaverroes.juntadeandalucia.es\/ceipagora\/wp-json\/wp\/v2\/pages"}],"about":[{"href":"https:\/\/blogsaverroes.juntadeandalucia.es\/ceipagora\/wp-json\/wp\/v2\/types\/page"}],"author":[{"embeddable":true,"href":"https:\/\/blogsaverroes.juntadeandalucia.es\/ceipagora\/wp-json\/wp\/v2\/users\/2427"}],"replies":[{"embeddable":true,"href":"https:\/\/blogsaverroes.juntadeandalucia.es\/ceipagora\/wp-json\/wp\/v2\/comments?post=577"}],"version-history":[{"count":14,"href":"https:\/\/blogsaverroes.juntadeandalucia.es\/ceipagora\/wp-json\/wp\/v2\/pages\/577\/revisions"}],"predecessor-version":[{"id":705,"href":"https:\/\/blogsaverroes.juntadeandalucia.es\/ceipagora\/wp-json\/wp\/v2\/pages\/577\/revisions\/705"}],"wp:attachment":[{"href":"https:\/\/blogsaverroes.juntadeandalucia.es\/ceipagora\/wp-json\/wp\/v2\/media?parent=577"}],"curies":[{"name":"wp","href":"https:\/\/api.w.org\/{rel}","templated":true}]}}

<h3>COORDINADORA DE CICLO: <strong>MARÍA LEDESMA</strong></h3>
<table style="background-color: #f09226;border-color: #fafafa">
<tbody>
<tr>
<td>
<h3><a href="https://blogsaverroes.juntadeandalucia.es/ceipagora/quinto-de-primaria/"><img loading="lazy" decoding="async" class="alignnone wp-image-689 size-medium" src="https://blogsaverroes.juntadeandalucia.es/ceipagora/files/2016/09/8-300x300.jpg" alt="8" width="300" height="300" srcset="https://blogsaverroes.juntadeandalucia.es/ceipagora/files/2016/09/8-300x300.jpg 300w, https://blogsaverroes.juntadeandalucia.es/ceipagora/files/2016/09/8-150x150.jpg 150w, https://blogsaverroes.juntadeandalucia.es/ceipagora/files/2016/09/8-100x100.jpg 100w, https://blogsaverroes.juntadeandalucia.es/ceipagora/files/2016/09/8-432x432.jpg 432w, https://blogsaverroes.juntadeandalucia.es/ceipagora/files/2016/09/8-268x268.jpg 268w, https://blogsaverroes.juntadeandalucia.es/ceipagora/files/2016/09/8.jpg 500w" sizes="(max-width: 300px) 100vw, 300px" /></a></h3>
</td>
<td>
<h3><a href="https://blogsaverroes.juntadeandalucia.es/ceipagora/sexto-de-primaria/"><img loading="lazy" decoding="async" class="alignnone wp-image-690 size-medium" src="https://blogsaverroes.juntadeandalucia.es/ceipagora/files/2016/09/9-300x300.jpg" alt="9" width="300" height="300" srcset="https://blogsaverroes.juntadeandalucia.es/ceipagora/files/2016/09/9-300x300.jpg 300w, https://blogsaverroes.juntadeandalucia.es/ceipagora/files/2016/09/9-150x150.jpg 150w, https://blogsaverroes.juntadeandalucia.es/ceipagora/files/2016/09/9-100x100.jpg 100w, https://blogsaverroes.juntadeandalucia.es/ceipagora/files/2016/09/9-432x432.jpg 432w, https://blogsaverroes.juntadeandalucia.es/ceipagora/files/2016/09/9-268x268.jpg 268w, https://blogsaverroes.juntadeandalucia.es/ceipagora/files/2016/09/9.jpg 500w" sizes="(max-width: 300px) 100vw, 300px" /></a></h3>
</td>
</tr>
<tr>
<td>
<h3><a href="https://blogsaverroes.juntadeandalucia.es/ceipagora/ed-para-la-ciudadania/">EDUCACIÓN PARA LA CIUDADANÍA</a></h3>
</td>
<td>
<h3><a href="https://blogsaverroes.juntadeandalucia.es/ceipagora/competencia-y-practica-digital/">COMPETENCIA Y PRÁCTICA DIGITAL</a></h3>
</td>
</tr>
</tbody>
</table>

<p>COORDINADORA DE CICLO: MARÍA LEDESMA EDUCACIÓN PARA LA CIUDADANÍA COMPETENCIA Y PRÁCTICA DIGITAL</p>
