{"id":169,"date":"2016-02-05T10:58:39","date_gmt":"2016-02-05T09:58:39","guid":{"rendered":"http:\/\/blogsaverroes.juntadeandalucia.es\/ceipalandalus\/?page_id=169"},"modified":"2026-04-20T12:18:49","modified_gmt":"2026-04-20T11:18:49","slug":"equipos-docentes","status":"publish","type":"page","link":"https:\/\/blogsaverroes.juntadeandalucia.es\/ceipalandalus\/equipos-docentes\/","title":{"rendered":"Equipo docente"},"content":{"rendered":"<h4>Educaci\u00f3n Infantil<\/h4>\n<p>D\u00aa. Almudena S\u00e1nchez Mart\u00ednez. Tutora de Infantil de 3 a\u00f1os.<\/p>\n<p>D\u00aa. \u00c1ngela Mar\u00eda Ruiz Rodr\u00edguez. Tutora de Infantil de 4 a\u00f1os.<\/p>\n<p>D\u00aa. Sara Gregori Silva. Tutora de Infantil de 5 a\u00f1os.<\/p>\n<p>&nbsp;<\/p>\n<h4>Educaci\u00f3n Primaria<\/h4>\n<p>D\u00aa. Luisa Mar\u00eda Fern\u00e1ndez Dom\u00ednguez. Tutora de 1\u00ba de Educaci\u00f3n Primaria.<\/p>\n<p>D. Jos\u00e9 Gregorio S\u00e1nchez Pereda. &nbsp;Tutor de 2\u00ba de Primaria.<\/p>\n<p>D\u00aa. Laura Daher Cort\u00e9s. Tutora de 3\u00ba de Primaria.<\/p>\n<p>D. Pedro Jos\u00e9 Cruz Rivera. Tutor de 4\u00ba de Primaria.<\/p>\n<p>D\u00aa. Laura Corralejo Bermejo. Tutora de 5\u00ba de Primaria.<\/p>\n<p>D\u00aa. Francisca \u00c1lvarez Verjano. Tutor de 6\u00ba de Primaria.<\/p>\n<p>&nbsp;<\/p>\n<h4>Educaci\u00f3n Especial<\/h4>\n<p>D\u00aa. Montse G\u00f3mez Hern\u00e1ndez. Maestra del Aula Espec\u00edfica de Autismo y T.G.Ds.<\/p>\n<p>D\u00aa. Isabel Dom\u00ednguez Jarillo. Maestra del Aula de Audici\u00f3n y Lenguaje.<\/p>\n<p>D\u00aa. Nazaret Hern\u00e1ndez Villegas . Maestra del Aula de Audici\u00f3n y Lenguaje.<\/p>\n<p>D\u00aa. Ana Monta\u00f1a Barrios Muriel. Tutora del Aula de Pedagog\u00eda Terap\u00e9utica.<\/p>\n<p>D\u00aa. Catalina Pozuelo G\u00f3mez. Monitora de Educaci\u00f3n Especial.<\/p>\n<p>&nbsp;<\/p>\n<h4>Especialistas<\/h4>\n<p>D\u00aa. Francisca \u00c1lvarez Verjano. Especialista en Educaci\u00f3n Musical.<\/p>\n<p>D. David Gonz\u00e1lez Moreno. Especialista en Idioma. Ingl\u00e9s.<\/p>\n<p>D\u00aa. Laura Daher Cort\u00e9s. Especialista en Idioma. Franc\u00e9s<\/p>\n<p>D. Adri\u00e1n Garc\u00eda Paredes. Especialista en Educaci\u00f3n F\u00edsica.<\/p>\n<p>D\u00aa. Mar\u00eda Esperanza Cortegano Delgado. Especialista en Religi\u00f3n Cat\u00f3lica.<\/p>\n<p>D\u00aa. Mar\u00eda del Roc\u00edo Enrique Garrido. Especialista en Religi\u00f3n Evang\u00e9lica.<\/p>\n<p>&nbsp;<\/p>\n<p style=\"text-align: center\"><a href=\"https:\/\/blogsaverroes.juntadeandalucia.es\/ceipalandalus\/files\/2026\/04\/ES-Financiado-por-la-Unio\u00bfn-Europea_PANTONE_netx.jpg\"><img loading=\"lazy\" decoding=\"async\" class=\"alignnone size-medium wp-image-3177\" src=\"https:\/\/blogsaverroes.juntadeandalucia.es\/ceipalandalus\/files\/2026\/04\/ES-Financiado-por-la-Unio\u00bfn-Europea_PANTONE_netx-300x25.jpg\" alt=\"\" width=\"300\" height=\"25\" srcset=\"https:\/\/blogsaverroes.juntadeandalucia.es\/ceipalandalus\/files\/2026\/04\/ES-Financiado-por-la-Unio\u00bfn-Europea_PANTONE_netx-300x25.jpg 300w, https:\/\/blogsaverroes.juntadeandalucia.es\/ceipalandalus\/files\/2026\/04\/ES-Financiado-por-la-Unio\u00bfn-Europea_PANTONE_netx-1024x87.jpg 1024w, https:\/\/blogsaverroes.juntadeandalucia.es\/ceipalandalus\/files\/2026\/04\/ES-Financiado-por-la-Unio\u00bfn-Europea_PANTONE_netx-768x65.jpg 768w, https:\/\/blogsaverroes.juntadeandalucia.es\/ceipalandalus\/files\/2026\/04\/ES-Financiado-por-la-Unio\u00bfn-Europea_PANTONE_netx-1536x130.jpg 1536w, https:\/\/blogsaverroes.juntadeandalucia.es\/ceipalandalus\/files\/2026\/04\/ES-Financiado-por-la-Unio\u00bfn-Europea_PANTONE_netx-2048x174.jpg 2048w, https:\/\/blogsaverroes.juntadeandalucia.es\/ceipalandalus\/files\/2026\/04\/ES-Financiado-por-la-Unio\u00bfn-Europea_PANTONE_netx.jpg 1600w\" sizes=\"(max-width: 300px) 100vw, 300px\" \/><\/a><\/p>\n<p>&nbsp;<\/p>\n<p>&nbsp;<\/p>\n","protected":false},"excerpt":{"rendered":"<p>Educaci\u00f3n Infantil D\u00aa. Almudena S\u00e1nchez Mart\u00ednez. Tutora de Infantil de 3 a\u00f1os. D\u00aa. \u00c1ngela Mar\u00eda Ruiz Rodr\u00edguez. Tutora de Infantil de 4 a\u00f1os. D\u00aa. Sara Gregori Silva. Tutora de Infantil de 5 a\u00f1os. &nbsp;&#46;&#46;&#46;<\/p>\n","protected":false},"author":2235,"featured_media":0,"parent":0,"menu_order":0,"comment_status":"closed","ping_status":"closed","template":"","meta":{"ngg_post_thumbnail":0,"footnotes":""},"aioseo_notices":[],"_links":{"self":[{"href":"https:\/\/blogsaverroes.juntadeandalucia.es\/ceipalandalus\/wp-json\/wp\/v2\/pages\/169"}],"collection":[{"href":"https:\/\/blogsaverroes.juntadeandalucia.es\/ceipalandalus\/wp-json\/wp\/v2\/pages"}],"about":[{"href":"https:\/\/blogsaverroes.juntadeandalucia.es\/ceipalandalus\/wp-json\/wp\/v2\/types\/page"}],"author":[{"embeddable":true,"href":"https:\/\/blogsaverroes.juntadeandalucia.es\/ceipalandalus\/wp-json\/wp\/v2\/users\/2235"}],"replies":[{"embeddable":true,"href":"https:\/\/blogsaverroes.juntadeandalucia.es\/ceipalandalus\/wp-json\/wp\/v2\/comments?post=169"}],"version-history":[{"count":14,"href":"https:\/\/blogsaverroes.juntadeandalucia.es\/ceipalandalus\/wp-json\/wp\/v2\/pages\/169\/revisions"}],"predecessor-version":[{"id":3179,"href":"https:\/\/blogsaverroes.juntadeandalucia.es\/ceipalandalus\/wp-json\/wp\/v2\/pages\/169\/revisions\/3179"}],"wp:attachment":[{"href":"https:\/\/blogsaverroes.juntadeandalucia.es\/ceipalandalus\/wp-json\/wp\/v2\/media?parent=169"}],"curies":[{"name":"wp","href":"https:\/\/api.w.org\/{rel}","templated":true}]}}

<h4>Educación Infantil</h4>
<p>Dª. Almudena Sánchez Martínez. Tutora de Infantil de 3 años.</p>
<p>Dª. Ángela María Ruiz Rodríguez. Tutora de Infantil de 4 años.</p>
<p>Dª. Sara Gregori Silva. Tutora de Infantil de 5 años.</p>
<p>&nbsp;</p>
<h4>Educación Primaria</h4>
<p>Dª. Luisa María Fernández Domínguez. Tutora de 1º de Educación Primaria.</p>
<p>D. José Gregorio Sánchez Pereda. &nbsp;Tutor de 2º de Primaria.</p>
<p>Dª. Laura Daher Cortés. Tutora de 3º de Primaria.</p>
<p>D. Pedro José Cruz Rivera. Tutor de 4º de Primaria.</p>
<p>Dª. Laura Corralejo Bermejo. Tutora de 5º de Primaria.</p>
<p>Dª. Francisca Álvarez Verjano. Tutor de 6º de Primaria.</p>
<p>&nbsp;</p>
<h4>Educación Especial</h4>
<p>Dª. Montse Gómez Hernández. Maestra del Aula Específica de Autismo y T.G.Ds.</p>
<p>Dª. Isabel Domínguez Jarillo. Maestra del Aula de Audición y Lenguaje.</p>
<p>Dª. Nazaret Hernández Villegas . Maestra del Aula de Audición y Lenguaje.</p>
<p>Dª. Ana Montaña Barrios Muriel. Tutora del Aula de Pedagogía Terapéutica.</p>
<p>Dª. Catalina Pozuelo Gómez. Monitora de Educación Especial.</p>
<p>&nbsp;</p>
<h4>Especialistas</h4>
<p>Dª. Francisca Álvarez Verjano. Especialista en Educación Musical.</p>
<p>D. David González Moreno. Especialista en Idioma. Inglés.</p>
<p>Dª. Laura Daher Cortés. Especialista en Idioma. Francés</p>
<p>D. Adrián García Paredes. Especialista en Educación Física.</p>
<p>Dª. María Esperanza Cortegano Delgado. Especialista en Religión Católica.</p>
<p>Dª. María del Rocío Enrique Garrido. Especialista en Religión Evangélica.</p>
<p>&nbsp;</p>
<p style="text-align: center"><a href="https://blogsaverroes.juntadeandalucia.es/ceipalandalus/files/2026/04/ES-Financiado-por-la-Unio¿n-Europea_PANTONE_netx.jpg"><img loading="lazy" decoding="async" class="alignnone size-medium wp-image-3177" src="https://blogsaverroes.juntadeandalucia.es/ceipalandalus/files/2026/04/ES-Financiado-por-la-Unio¿n-Europea_PANTONE_netx-300x25.jpg" alt="" width="300" height="25" srcset="https://blogsaverroes.juntadeandalucia.es/ceipalandalus/files/2026/04/ES-Financiado-por-la-Unio¿n-Europea_PANTONE_netx-300x25.jpg 300w, https://blogsaverroes.juntadeandalucia.es/ceipalandalus/files/2026/04/ES-Financiado-por-la-Unio¿n-Europea_PANTONE_netx-1024x87.jpg 1024w, https://blogsaverroes.juntadeandalucia.es/ceipalandalus/files/2026/04/ES-Financiado-por-la-Unio¿n-Europea_PANTONE_netx-768x65.jpg 768w, https://blogsaverroes.juntadeandalucia.es/ceipalandalus/files/2026/04/ES-Financiado-por-la-Unio¿n-Europea_PANTONE_netx-1536x130.jpg 1536w, https://blogsaverroes.juntadeandalucia.es/ceipalandalus/files/2026/04/ES-Financiado-por-la-Unio¿n-Europea_PANTONE_netx-2048x174.jpg 2048w, https://blogsaverroes.juntadeandalucia.es/ceipalandalus/files/2026/04/ES-Financiado-por-la-Unio¿n-Europea_PANTONE_netx.jpg 1600w" sizes="(max-width: 300px) 100vw, 300px" /></a></p>
<p>&nbsp;</p>
<p>&nbsp;</p>

<p>Educación Infantil Dª. Almudena Sánchez Martínez. Tutora de Infantil de 3 años. Dª. Ángela María Ruiz Rodríguez. Tutora de Infantil de 4 años. Dª. Sara Gregori Silva. Tutora de Infantil de 5 años. &nbsp;&#46;&#46;&#46;</p>
