{"id":27,"date":"2016-02-02T12:30:11","date_gmt":"2016-02-02T11:30:11","guid":{"rendered":"http:\/\/blogsaverroes.juntadeandalucia.es\/ceipalandalus\/?page_id=27"},"modified":"2024-05-06T15:53:35","modified_gmt":"2024-05-06T14:53:35","slug":"datos-del-centro","status":"publish","type":"page","link":"https:\/\/blogsaverroes.juntadeandalucia.es\/ceipalandalus\/datos-del-centro\/","title":{"rendered":"Datos del Centro"},"content":{"rendered":"<h3>DATOS DE CONTACTO<\/h3>\n<p>C.E.I.P. Al-\u00c1ndalus<\/p>\n<p><strong>Direcci\u00f3n:<\/strong>&nbsp;&nbsp;Avda. Nuevo Colombino, s\/n. 21007. Huelva<\/p>\n<p><strong>Tel\u00e9fono: <\/strong>959524162 (250162)<\/p>\n<p><strong>Emails:<\/strong>&nbsp;<\/p>\n<p>Corporativo: 21601081.edu@juntadeandalucia.es<\/p>\n<p>Direcci\u00f3n: 21601081.direccion@g.educaand.es<\/p>\n<p>Jefatura de Estudios: 21601081.jefatura@g.educaand.es<\/p>\n<p>Secretar\u00eda: 21601081.secretaria@g.educaand.es<\/p>\n<p>&nbsp;<\/p>\n<p><iframe loading=\"lazy\" src=\"https:\/\/www.google.com\/maps\/embed?pb=!1m16!1m10!1m3!1d465.6182554626311!2d-6.925628646764463!3d37.26043995182738!2m1!3f0!3m2!1i1024!2i768!4f13.1!3m3!1m2!1s0xd11d0107a396d1d%3A0x319972ec748d7bb8!2sCOLEGIO+P%C3%9ABLICO+AL-ANDALUS!5e1!3m2!1ses!2ses!4v1454410222787\" width=\"800\" height=\"600\" frameborder=\"0\"><\/iframe><\/p>\n<h3><strong>HORARIOS<\/strong><\/h3>\n<p><strong>Aula Matinal:<\/strong> Lunes a viernes de 07,30 a 09,00 horas<\/p>\n<p><strong>Actividades Lectivas:<\/strong> Lunes a viernes de 09,00 a 14,00 horas<\/p>\n<p><strong>Comedor Escolar:<\/strong> Lunes a viernes de 14,00 a 16,00 horas<\/p>\n<p><strong>Actividades Extraescolares:<\/strong> Lunes a jueves de 16,00 a 18,00 horas<\/p>\n<p>&nbsp;<\/p>\n<h3><strong>OFERTA EDUCATIVA<\/strong><\/h3>\n<p>Nuestra oferta educativa incluye:<\/p>\n<ul>\n<li>Educaci\u00f3n Infantil<\/li>\n<li>Educaci\u00f3n Primaria<\/li>\n<li>Educaci\u00f3n Especial (Aula Espec\u00edfica de Autismo)<\/li>\n<li>Educaci\u00f3n Especial (Aula de Audici\u00f3n y Lenguaje)<\/li>\n<li>Educaci\u00f3n Especial (Aula de Pedagog\u00eda Terap\u00e9utica)<\/li>\n<\/ul>\n<p>&nbsp;<\/p>\n<h3><strong>PROYECTOS EDUCATIVOS<\/strong><\/h3>\n<p>En nuestro centro tenemos implantados los siguientes Proyectos Educativos:<\/p>\n<ul>\n<li>Proyecto TDE, con ordenadores en todas las aulas en Educaci\u00f3n Primaria y una maleta con tablets para Educaci\u00f3n Infantil. El centro dispone de una red wifi, todas las aulas disponen de televisi\u00f3n y el centro dispone de 2 Pizarras Digitales Interactivas port\u00e1tiles.<\/li>\n<li>Biblioteca Escolar, con un sistema de pr\u00e9stamos a los alumnos y alumnas del centro.<\/li>\n<li>Programa \u00abCreciendo en Salud\u00bb que incluye el Programa de \u00abConsumo de Frutas\u00bb en el que est\u00e1 incluido todo el alumnado del centro.<\/li>\n<li>Plan de \u00abIgualdad entre hombres y mujeres en la educaci\u00f3n\u00bb en el que est\u00e1 implicado todo el alumnado del centro.<\/li>\n<li>Plan de \u00abApoyo y Refuerzo\u00bb que intenta paliar las diferencias sociales entre el alumnado del centro, ofreciendo a todo el alumnado las mismas oportunidades para su desarrollo integral y personal.<\/li>\n<li>Plan de \u00abApertura de Centros Docentes\u00bb que incluye Aula Matinal, Comedor y Actividades Extraescolares y que permite conciliar la vida familiar y laboral de nuestras familias.<\/li>\n<li>Programa SYGA de Solidaridad y Garant\u00edas Alimentarias, que intenta paliar las dificultades de determinadas familias con la gratuidad del comedor y la aportaci\u00f3n de la merienda y el desayuno de los menores.<\/li>\n<li>Pr\u00e1cticum del Grado de Maestro, en colaboraci\u00f3n con la Facultad de Ciencias de la Educaci\u00f3n de la Universidad de Huelva.<\/li>\n<li>Proyecto de Fomento de la Lectura, que implica a todo el alumnado del centro en actividades para la adquisici\u00f3n del h\u00e1bito lector.<\/li>\n<\/ul>\n","protected":false},"excerpt":{"rendered":"<p>DATOS DE CONTACTO C.E.I.P. Al-\u00c1ndalus Direcci\u00f3n:&nbsp;&nbsp;Avda. Nuevo Colombino, s\/n. 21007. Huelva Tel\u00e9fono: 959524162 (250162) Emails:&nbsp; Corporativo: 21601081.edu@juntadeandalucia.es Direcci\u00f3n: 21601081.direccion@g.educaand.es Jefatura de Estudios: 21601081.jefatura@g.educaand.es Secretar\u00eda: 21601081.secretaria@g.educaand.es &nbsp; HORARIOS Aula Matinal: Lunes a viernes de 07,30&#46;&#46;&#46;<\/p>\n","protected":false},"author":2235,"featured_media":0,"parent":0,"menu_order":0,"comment_status":"closed","ping_status":"closed","template":"","meta":{"ngg_post_thumbnail":0,"footnotes":""},"aioseo_notices":[],"_links":{"self":[{"href":"https:\/\/blogsaverroes.juntadeandalucia.es\/ceipalandalus\/wp-json\/wp\/v2\/pages\/27"}],"collection":[{"href":"https:\/\/blogsaverroes.juntadeandalucia.es\/ceipalandalus\/wp-json\/wp\/v2\/pages"}],"about":[{"href":"https:\/\/blogsaverroes.juntadeandalucia.es\/ceipalandalus\/wp-json\/wp\/v2\/types\/page"}],"author":[{"embeddable":true,"href":"https:\/\/blogsaverroes.juntadeandalucia.es\/ceipalandalus\/wp-json\/wp\/v2\/users\/2235"}],"replies":[{"embeddable":true,"href":"https:\/\/blogsaverroes.juntadeandalucia.es\/ceipalandalus\/wp-json\/wp\/v2\/comments?post=27"}],"version-history":[{"count":8,"href":"https:\/\/blogsaverroes.juntadeandalucia.es\/ceipalandalus\/wp-json\/wp\/v2\/pages\/27\/revisions"}],"predecessor-version":[{"id":3074,"href":"https:\/\/blogsaverroes.juntadeandalucia.es\/ceipalandalus\/wp-json\/wp\/v2\/pages\/27\/revisions\/3074"}],"wp:attachment":[{"href":"https:\/\/blogsaverroes.juntadeandalucia.es\/ceipalandalus\/wp-json\/wp\/v2\/media?parent=27"}],"curies":[{"name":"wp","href":"https:\/\/api.w.org\/{rel}","templated":true}]}}

<h3>DATOS DE CONTACTO</h3>
<p>C.E.I.P. Al-Ándalus</p>
<p><strong>Dirección:</strong>&nbsp;&nbsp;Avda. Nuevo Colombino, s/n. 21007. Huelva</p>
<p><strong>Teléfono: </strong>959524162 (250162)</p>
<p><strong>Emails:</strong>&nbsp;</p>
<p>Corporativo: 21601081.edu@juntadeandalucia.es</p>
<p>Dirección: 21601081.direccion@g.educaand.es</p>
<p>Jefatura de Estudios: 21601081.jefatura@g.educaand.es</p>
<p>Secretaría: 21601081.secretaria@g.educaand.es</p>
<p>&nbsp;</p>
<p><iframe loading="lazy" src="https://www.google.com/maps/embed?pb=!1m16!1m10!1m3!1d465.6182554626311!2d-6.925628646764463!3d37.26043995182738!2m1!3f0!3m2!1i1024!2i768!4f13.1!3m3!1m2!1s0xd11d0107a396d1d%3A0x319972ec748d7bb8!2sCOLEGIO+P%C3%9ABLICO+AL-ANDALUS!5e1!3m2!1ses!2ses!4v1454410222787" width="800" height="600" frameborder="0"></iframe></p>
<h3><strong>HORARIOS</strong></h3>
<p><strong>Aula Matinal:</strong> Lunes a viernes de 07,30 a 09,00 horas</p>
<p><strong>Actividades Lectivas:</strong> Lunes a viernes de 09,00 a 14,00 horas</p>
<p><strong>Comedor Escolar:</strong> Lunes a viernes de 14,00 a 16,00 horas</p>
<p><strong>Actividades Extraescolares:</strong> Lunes a jueves de 16,00 a 18,00 horas</p>
<p>&nbsp;</p>
<h3><strong>OFERTA EDUCATIVA</strong></h3>
<p>Nuestra oferta educativa incluye:</p>
<ul>
<li>Educación Infantil</li>
<li>Educación Primaria</li>
<li>Educación Especial (Aula Específica de Autismo)</li>
<li>Educación Especial (Aula de Audición y Lenguaje)</li>
<li>Educación Especial (Aula de Pedagogía Terapéutica)</li>
</ul>
<p>&nbsp;</p>
<h3><strong>PROYECTOS EDUCATIVOS</strong></h3>
<p>En nuestro centro tenemos implantados los siguientes Proyectos Educativos:</p>
<ul>
<li>Proyecto TDE, con ordenadores en todas las aulas en Educación Primaria y una maleta con tablets para Educación Infantil. El centro dispone de una red wifi, todas las aulas disponen de televisión y el centro dispone de 2 Pizarras Digitales Interactivas portátiles.</li>
<li>Biblioteca Escolar, con un sistema de préstamos a los alumnos y alumnas del centro.</li>
<li>Programa «Creciendo en Salud» que incluye el Programa de «Consumo de Frutas» en el que está incluido todo el alumnado del centro.</li>
<li>Plan de «Igualdad entre hombres y mujeres en la educación» en el que está implicado todo el alumnado del centro.</li>
<li>Plan de «Apoyo y Refuerzo» que intenta paliar las diferencias sociales entre el alumnado del centro, ofreciendo a todo el alumnado las mismas oportunidades para su desarrollo integral y personal.</li>
<li>Plan de «Apertura de Centros Docentes» que incluye Aula Matinal, Comedor y Actividades Extraescolares y que permite conciliar la vida familiar y laboral de nuestras familias.</li>
<li>Programa SYGA de Solidaridad y Garantías Alimentarias, que intenta paliar las dificultades de determinadas familias con la gratuidad del comedor y la aportación de la merienda y el desayuno de los menores.</li>
<li>Prácticum del Grado de Maestro, en colaboración con la Facultad de Ciencias de la Educación de la Universidad de Huelva.</li>
<li>Proyecto de Fomento de la Lectura, que implica a todo el alumnado del centro en actividades para la adquisición del hábito lector.</li>
</ul>

<p>DATOS DE CONTACTO C.E.I.P. Al-Ándalus Dirección:&nbsp;&nbsp;Avda. Nuevo Colombino, s/n. 21007. Huelva Teléfono: 959524162 (250162) Emails:&nbsp; Corporativo: 21601081.edu@juntadeandalucia.es Dirección: 21601081.direccion@g.educaand.es Jefatura de Estudios: 21601081.jefatura@g.educaand.es Secretaría: 21601081.secretaria@g.educaand.es &nbsp; HORARIOS Aula Matinal: Lunes a viernes de 07,30&#46;&#46;&#46;</p>
