{"id":43,"date":"2016-02-02T22:31:24","date_gmt":"2016-02-02T21:31:24","guid":{"rendered":"http:\/\/blogsaverroes.juntadeandalucia.es\/ceipalandalus\/?page_id=43"},"modified":"2018-06-06T23:19:54","modified_gmt":"2018-06-06T22:19:54","slug":"aula-matinal","status":"publish","type":"page","link":"https:\/\/blogsaverroes.juntadeandalucia.es\/ceipalandalus\/aula-matinal\/","title":{"rendered":"Aula Matinal"},"content":{"rendered":"<p>El Aula Matinal del centro es un servicio que se presta dentro del Plan de Apoyo a las Familias Andaluzas. Su objetivo es ayudar a la conciliaci\u00f3n de la vida laboral y familiar de las familias de nuestro alumnado.<\/p>\n<p>Su horario es de 07,30 a 09,00 horas, todos los d\u00edas lectivos. Una vez finalizado, los alumnos y alumnas pasan directamente a las aulas para cumplir con el horario lectivo del centro.<\/p>\n<p>En la actualidad es Coperaula la empresa que lleva a cabo el servicio con dos monitores escolares que atienden al alumnado del centro. Estos monitores tambi\u00e9n son los responsables del cobro de las aportaciones de las familias por el servicio.<\/p>\n<p>El precio del servicio es de 15,40 \u20ac al mes por alumno. Sin embargo, la aportaci\u00f3n de las familias puede verse reducida en porcentajes que van desde el 18% al 100%, dependiendo de la renta familiar y del n\u00famero de miembros de la unidad familiar.<\/p>\n<p>A continuaci\u00f3n insertamos los enlaces a los documentos necesarios para realizar la solicitud de uso del servicio, de la solicitud de bonificaci\u00f3n del servicio y el cuadrante con la correspondencia entre los ingresos, el n\u00famero de miembros de la unidad familiar y la bonificaci\u00f3n que corresponde.<\/p>\n<table>\n<tbody>\n<tr>\n<td><em><a href=\"https:\/\/blogsaverroes.juntadeandalucia.es\/ceipalandalus\/files\/2016\/02\/pdf.png\" target=\"_blank\" rel=\"noopener\"><img loading=\"lazy\" decoding=\"async\" class=\"alignnone wp-image-51 \" src=\"https:\/\/blogsaverroes.juntadeandalucia.es\/ceipalandalus\/files\/2016\/02\/pdf.png\" alt=\"\" width=\"50\" height=\"50\" srcset=\"https:\/\/blogsaverroes.juntadeandalucia.es\/ceipalandalus\/files\/2016\/02\/pdf.png 256w, https:\/\/blogsaverroes.juntadeandalucia.es\/ceipalandalus\/files\/2016\/02\/pdf-150x150.png 150w, https:\/\/blogsaverroes.juntadeandalucia.es\/ceipalandalus\/files\/2016\/02\/pdf-100x100.png 100w, https:\/\/blogsaverroes.juntadeandalucia.es\/ceipalandalus\/files\/2016\/02\/pdf-160x160.png 160w\" sizes=\"(max-width: 50px) 100vw, 50px\" \/><\/a><\/em><\/td>\n<td style=\"text-align: left\"><em> <a href=\"https:\/\/blogsaverroes.juntadeandalucia.es\/ceipalandalus\/files\/2016\/02\/ANEXO-II.pdf\">ANEXO II. Solicitud de Servicios de Aula Matinal, Comedor y Actividades Extraescolares<\/a><\/em><em>&nbsp;<\/em><\/td>\n<\/tr>\n<tr>\n<td><em> <a href=\"https:\/\/blogsaverroes.juntadeandalucia.es\/ceipalandalus\/files\/2016\/02\/pdf.png\" target=\"_blank\" rel=\"noopener\"><img loading=\"lazy\" decoding=\"async\" class=\"alignnone wp-image-51 \" src=\"https:\/\/blogsaverroes.juntadeandalucia.es\/ceipalandalus\/files\/2016\/02\/pdf.png\" alt=\"\" width=\"50\" height=\"50\" srcset=\"https:\/\/blogsaverroes.juntadeandalucia.es\/ceipalandalus\/files\/2016\/02\/pdf.png 256w, https:\/\/blogsaverroes.juntadeandalucia.es\/ceipalandalus\/files\/2016\/02\/pdf-150x150.png 150w, https:\/\/blogsaverroes.juntadeandalucia.es\/ceipalandalus\/files\/2016\/02\/pdf-100x100.png 100w, https:\/\/blogsaverroes.juntadeandalucia.es\/ceipalandalus\/files\/2016\/02\/pdf-160x160.png 160w\" sizes=\"(max-width: 50px) 100vw, 50px\" \/><\/a><\/em><\/td>\n<td style=\"text-align: left\"><em> <a href=\"https:\/\/blogsaverroes.juntadeandalucia.es\/ceipalandalus\/files\/2016\/02\/ANEXO-V-1.pdf\">ANEXO V. Solicitud de bonificaci\u00f3n de los servicios de Aula Matinal, Comedor y Actividades Extraescolares<\/a>.&nbsp;<\/em><\/td>\n<\/tr>\n<tr>\n<td><em> <a href=\"https:\/\/blogsaverroes.juntadeandalucia.es\/ceipalandalus\/files\/2016\/02\/pdf.png\" target=\"_blank\" rel=\"noopener\"><img loading=\"lazy\" decoding=\"async\" class=\"alignnone wp-image-51 \" src=\"https:\/\/blogsaverroes.juntadeandalucia.es\/ceipalandalus\/files\/2016\/02\/pdf.png\" alt=\"\" width=\"50\" height=\"50\" srcset=\"https:\/\/blogsaverroes.juntadeandalucia.es\/ceipalandalus\/files\/2016\/02\/pdf.png 256w, https:\/\/blogsaverroes.juntadeandalucia.es\/ceipalandalus\/files\/2016\/02\/pdf-150x150.png 150w, https:\/\/blogsaverroes.juntadeandalucia.es\/ceipalandalus\/files\/2016\/02\/pdf-100x100.png 100w, https:\/\/blogsaverroes.juntadeandalucia.es\/ceipalandalus\/files\/2016\/02\/pdf-160x160.png 160w\" sizes=\"(max-width: 50px) 100vw, 50px\" \/><\/a><\/em><\/td>\n<td style=\"text-align: left\"><em>&nbsp;<a href=\"https:\/\/blogsaverroes.juntadeandalucia.es\/ceipalandalus\/files\/2016\/02\/Cuadrante-bonificaciones-Plan-Apertura.pdf\" target=\"_blank\" rel=\"noopener\">Cuadrante bonificaciones Plan de Apertura<\/a><\/em><\/td>\n<\/tr>\n<tr>\n<td><em><a href=\"https:\/\/blogsaverroes.juntadeandalucia.es\/ceipalandalus\/files\/2016\/02\/pdf.png\" target=\"_blank\" rel=\"noopener\"><img loading=\"lazy\" decoding=\"async\" class=\"alignnone wp-image-51 \" src=\"https:\/\/blogsaverroes.juntadeandalucia.es\/ceipalandalus\/files\/2016\/02\/pdf.png\" alt=\"\" width=\"50\" height=\"50\" srcset=\"https:\/\/blogsaverroes.juntadeandalucia.es\/ceipalandalus\/files\/2016\/02\/pdf.png 256w, https:\/\/blogsaverroes.juntadeandalucia.es\/ceipalandalus\/files\/2016\/02\/pdf-150x150.png 150w, https:\/\/blogsaverroes.juntadeandalucia.es\/ceipalandalus\/files\/2016\/02\/pdf-100x100.png 100w, https:\/\/blogsaverroes.juntadeandalucia.es\/ceipalandalus\/files\/2016\/02\/pdf-160x160.png 160w\" sizes=\"(max-width: 50px) 100vw, 50px\" \/><\/a><\/em><\/td>\n<td style=\"text-align: left\"><em><a href=\"https:\/\/blogsaverroes.juntadeandalucia.es\/ceipalandalus\/files\/2016\/02\/Solicitud-de-baja-de-los-servicios-del-PAC.pdf\" target=\"_blank\" rel=\"noopener\">Solicitud de baja de los servicios del Plan de Apoyo a las Familias<\/a><\/em><\/td>\n<\/tr>\n<tr>\n<td><em><a href=\"https:\/\/blogsaverroes.juntadeandalucia.es\/ceipalandalus\/files\/2016\/02\/pdf.png\" target=\"_blank\" rel=\"noopener\"><img loading=\"lazy\" decoding=\"async\" class=\"alignnone wp-image-51 \" src=\"https:\/\/blogsaverroes.juntadeandalucia.es\/ceipalandalus\/files\/2016\/02\/pdf.png\" alt=\"\" width=\"50\" height=\"50\" srcset=\"https:\/\/blogsaverroes.juntadeandalucia.es\/ceipalandalus\/files\/2016\/02\/pdf.png 256w, https:\/\/blogsaverroes.juntadeandalucia.es\/ceipalandalus\/files\/2016\/02\/pdf-150x150.png 150w, https:\/\/blogsaverroes.juntadeandalucia.es\/ceipalandalus\/files\/2016\/02\/pdf-100x100.png 100w, https:\/\/blogsaverroes.juntadeandalucia.es\/ceipalandalus\/files\/2016\/02\/pdf-160x160.png 160w\" sizes=\"(max-width: 50px) 100vw, 50px\" \/><\/a><\/em><\/td>\n<td style=\"text-align: left\"><a href=\"https:\/\/blogsaverroes.juntadeandalucia.es\/ceipalandalus\/files\/2016\/02\/BOJA17-078-00027-7095-01_00112396.pdf\">Orden de 17 de abril de 2017, por la que se regula la Organizaci\u00f3n y Funcionamiento de los servicios Complementarios de Aula Matinal, Comedor Escolar y Actividades Extraescolares.<\/a><\/td>\n<\/tr>\n<\/tbody>\n<\/table>\n","protected":false},"excerpt":{"rendered":"<p>El Aula Matinal del centro es un servicio que se presta dentro del Plan de Apoyo a las Familias Andaluzas. Su objetivo es ayudar a la conciliaci\u00f3n de la vida laboral y familiar de&#46;&#46;&#46;<\/p>\n","protected":false},"author":2235,"featured_media":0,"parent":0,"menu_order":0,"comment_status":"closed","ping_status":"closed","template":"","meta":{"ngg_post_thumbnail":0,"footnotes":""},"aioseo_notices":[],"_links":{"self":[{"href":"https:\/\/blogsaverroes.juntadeandalucia.es\/ceipalandalus\/wp-json\/wp\/v2\/pages\/43"}],"collection":[{"href":"https:\/\/blogsaverroes.juntadeandalucia.es\/ceipalandalus\/wp-json\/wp\/v2\/pages"}],"about":[{"href":"https:\/\/blogsaverroes.juntadeandalucia.es\/ceipalandalus\/wp-json\/wp\/v2\/types\/page"}],"author":[{"embeddable":true,"href":"https:\/\/blogsaverroes.juntadeandalucia.es\/ceipalandalus\/wp-json\/wp\/v2\/users\/2235"}],"replies":[{"embeddable":true,"href":"https:\/\/blogsaverroes.juntadeandalucia.es\/ceipalandalus\/wp-json\/wp\/v2\/comments?post=43"}],"version-history":[{"count":11,"href":"https:\/\/blogsaverroes.juntadeandalucia.es\/ceipalandalus\/wp-json\/wp\/v2\/pages\/43\/revisions"}],"predecessor-version":[{"id":3007,"href":"https:\/\/blogsaverroes.juntadeandalucia.es\/ceipalandalus\/wp-json\/wp\/v2\/pages\/43\/revisions\/3007"}],"wp:attachment":[{"href":"https:\/\/blogsaverroes.juntadeandalucia.es\/ceipalandalus\/wp-json\/wp\/v2\/media?parent=43"}],"curies":[{"name":"wp","href":"https:\/\/api.w.org\/{rel}","templated":true}]}}

<p>El Aula Matinal del centro es un servicio que se presta dentro del Plan de Apoyo a las Familias Andaluzas. Su objetivo es ayudar a la conciliación de la vida laboral y familiar de las familias de nuestro alumnado.</p>
<p>Su horario es de 07,30 a 09,00 horas, todos los días lectivos. Una vez finalizado, los alumnos y alumnas pasan directamente a las aulas para cumplir con el horario lectivo del centro.</p>
<p>En la actualidad es Coperaula la empresa que lleva a cabo el servicio con dos monitores escolares que atienden al alumnado del centro. Estos monitores también son los responsables del cobro de las aportaciones de las familias por el servicio.</p>
<p>El precio del servicio es de 15,40 € al mes por alumno. Sin embargo, la aportación de las familias puede verse reducida en porcentajes que van desde el 18% al 100%, dependiendo de la renta familiar y del número de miembros de la unidad familiar.</p>
<p>A continuación insertamos los enlaces a los documentos necesarios para realizar la solicitud de uso del servicio, de la solicitud de bonificación del servicio y el cuadrante con la correspondencia entre los ingresos, el número de miembros de la unidad familiar y la bonificación que corresponde.</p>
<table>
<tbody>
<tr>
<td><em><a href="https://blogsaverroes.juntadeandalucia.es/ceipalandalus/files/2016/02/pdf.png" target="_blank" rel="noopener"><img loading="lazy" decoding="async" class="alignnone wp-image-51 " src="https://blogsaverroes.juntadeandalucia.es/ceipalandalus/files/2016/02/pdf.png" alt="" width="50" height="50" srcset="https://blogsaverroes.juntadeandalucia.es/ceipalandalus/files/2016/02/pdf.png 256w, https://blogsaverroes.juntadeandalucia.es/ceipalandalus/files/2016/02/pdf-150x150.png 150w, https://blogsaverroes.juntadeandalucia.es/ceipalandalus/files/2016/02/pdf-100x100.png 100w, https://blogsaverroes.juntadeandalucia.es/ceipalandalus/files/2016/02/pdf-160x160.png 160w" sizes="(max-width: 50px) 100vw, 50px" /></a></em></td>
<td style="text-align: left"><em> <a href="https://blogsaverroes.juntadeandalucia.es/ceipalandalus/files/2016/02/ANEXO-II.pdf">ANEXO II. Solicitud de Servicios de Aula Matinal, Comedor y Actividades Extraescolares</a></em><em>&nbsp;</em></td>
</tr>
<tr>
<td><em> <a href="https://blogsaverroes.juntadeandalucia.es/ceipalandalus/files/2016/02/pdf.png" target="_blank" rel="noopener"><img loading="lazy" decoding="async" class="alignnone wp-image-51 " src="https://blogsaverroes.juntadeandalucia.es/ceipalandalus/files/2016/02/pdf.png" alt="" width="50" height="50" srcset="https://blogsaverroes.juntadeandalucia.es/ceipalandalus/files/2016/02/pdf.png 256w, https://blogsaverroes.juntadeandalucia.es/ceipalandalus/files/2016/02/pdf-150x150.png 150w, https://blogsaverroes.juntadeandalucia.es/ceipalandalus/files/2016/02/pdf-100x100.png 100w, https://blogsaverroes.juntadeandalucia.es/ceipalandalus/files/2016/02/pdf-160x160.png 160w" sizes="(max-width: 50px) 100vw, 50px" /></a></em></td>
<td style="text-align: left"><em> <a href="https://blogsaverroes.juntadeandalucia.es/ceipalandalus/files/2016/02/ANEXO-V-1.pdf">ANEXO V. Solicitud de bonificación de los servicios de Aula Matinal, Comedor y Actividades Extraescolares</a>.&nbsp;</em></td>
</tr>
<tr>
<td><em> <a href="https://blogsaverroes.juntadeandalucia.es/ceipalandalus/files/2016/02/pdf.png" target="_blank" rel="noopener"><img loading="lazy" decoding="async" class="alignnone wp-image-51 " src="https://blogsaverroes.juntadeandalucia.es/ceipalandalus/files/2016/02/pdf.png" alt="" width="50" height="50" srcset="https://blogsaverroes.juntadeandalucia.es/ceipalandalus/files/2016/02/pdf.png 256w, https://blogsaverroes.juntadeandalucia.es/ceipalandalus/files/2016/02/pdf-150x150.png 150w, https://blogsaverroes.juntadeandalucia.es/ceipalandalus/files/2016/02/pdf-100x100.png 100w, https://blogsaverroes.juntadeandalucia.es/ceipalandalus/files/2016/02/pdf-160x160.png 160w" sizes="(max-width: 50px) 100vw, 50px" /></a></em></td>
<td style="text-align: left"><em>&nbsp;<a href="https://blogsaverroes.juntadeandalucia.es/ceipalandalus/files/2016/02/Cuadrante-bonificaciones-Plan-Apertura.pdf" target="_blank" rel="noopener">Cuadrante bonificaciones Plan de Apertura</a></em></td>
</tr>
<tr>
<td><em><a href="https://blogsaverroes.juntadeandalucia.es/ceipalandalus/files/2016/02/pdf.png" target="_blank" rel="noopener"><img loading="lazy" decoding="async" class="alignnone wp-image-51 " src="https://blogsaverroes.juntadeandalucia.es/ceipalandalus/files/2016/02/pdf.png" alt="" width="50" height="50" srcset="https://blogsaverroes.juntadeandalucia.es/ceipalandalus/files/2016/02/pdf.png 256w, https://blogsaverroes.juntadeandalucia.es/ceipalandalus/files/2016/02/pdf-150x150.png 150w, https://blogsaverroes.juntadeandalucia.es/ceipalandalus/files/2016/02/pdf-100x100.png 100w, https://blogsaverroes.juntadeandalucia.es/ceipalandalus/files/2016/02/pdf-160x160.png 160w" sizes="(max-width: 50px) 100vw, 50px" /></a></em></td>
<td style="text-align: left"><em><a href="https://blogsaverroes.juntadeandalucia.es/ceipalandalus/files/2016/02/Solicitud-de-baja-de-los-servicios-del-PAC.pdf" target="_blank" rel="noopener">Solicitud de baja de los servicios del Plan de Apoyo a las Familias</a></em></td>
</tr>
<tr>
<td><em><a href="https://blogsaverroes.juntadeandalucia.es/ceipalandalus/files/2016/02/pdf.png" target="_blank" rel="noopener"><img loading="lazy" decoding="async" class="alignnone wp-image-51 " src="https://blogsaverroes.juntadeandalucia.es/ceipalandalus/files/2016/02/pdf.png" alt="" width="50" height="50" srcset="https://blogsaverroes.juntadeandalucia.es/ceipalandalus/files/2016/02/pdf.png 256w, https://blogsaverroes.juntadeandalucia.es/ceipalandalus/files/2016/02/pdf-150x150.png 150w, https://blogsaverroes.juntadeandalucia.es/ceipalandalus/files/2016/02/pdf-100x100.png 100w, https://blogsaverroes.juntadeandalucia.es/ceipalandalus/files/2016/02/pdf-160x160.png 160w" sizes="(max-width: 50px) 100vw, 50px" /></a></em></td>
<td style="text-align: left"><a href="https://blogsaverroes.juntadeandalucia.es/ceipalandalus/files/2016/02/BOJA17-078-00027-7095-01_00112396.pdf">Orden de 17 de abril de 2017, por la que se regula la Organización y Funcionamiento de los servicios Complementarios de Aula Matinal, Comedor Escolar y Actividades Extraescolares.</a></td>
</tr>
</tbody>
</table>

<p>El Aula Matinal del centro es un servicio que se presta dentro del Plan de Apoyo a las Familias Andaluzas. Su objetivo es ayudar a la conciliación de la vida laboral y familiar de&#46;&#46;&#46;</p>
