{"id":2121,"date":"2019-05-13T14:59:14","date_gmt":"2019-05-13T14:59:14","guid":{"rendered":"https:\/\/blogsaverroes.juntadeandalucia.es\/ceipalandaluschiclana\/?page_id=2121"},"modified":"2021-10-10T17:35:17","modified_gmt":"2021-10-10T17:35:17","slug":"historia-del-centro","status":"publish","type":"page","link":"https:\/\/blogsaverroes.juntadeandalucia.es\/ceipalandaluschiclana\/historia-del-centro\/","title":{"rendered":"Historia del centro"},"content":{"rendered":"<p>&nbsp;<\/p>\n<p style=\"text-align: center\"><a href=\"https:\/\/blogsaverroes.juntadeandalucia.es\/ceipalandaluschiclana\/files\/2021\/10\/Enla-colegio-Andalus-Barrosa-beneficiados_1442866536_117997443_667x375.jpg\"><img loading=\"lazy\" decoding=\"async\" class=\"alignnone size-medium wp-image-3441\" src=\"https:\/\/blogsaverroes.juntadeandalucia.es\/ceipalandaluschiclana\/files\/2021\/10\/Enla-colegio-Andalus-Barrosa-beneficiados_1442866536_117997443_667x375-300x169.jpg\" alt=\"\" width=\"300\" height=\"169\" srcset=\"https:\/\/blogsaverroes.juntadeandalucia.es\/ceipalandaluschiclana\/files\/2021\/10\/Enla-colegio-Andalus-Barrosa-beneficiados_1442866536_117997443_667x375-300x169.jpg 300w, https:\/\/blogsaverroes.juntadeandalucia.es\/ceipalandaluschiclana\/files\/2021\/10\/Enla-colegio-Andalus-Barrosa-beneficiados_1442866536_117997443_667x375.jpg 667w\" sizes=\"(max-width: 300px) 100vw, 300px\" \/><\/a><\/p>\n<p>En los inicios del Curso Escolar 1979\/1980 se crea administrativamente el COLEGIO NACIONAL \u201cNUESTRA SE\u00d1ORA DE LA SOLEDAD\u201d, que m\u00e1s tarde pasar\u00eda a tener la denominaci\u00f3n actual de C.E.I.P. AL ANDALUS. En una parcela de aproximadamente 10.000 metros cuadrados, situada junto al&nbsp; Cementerio San Juan Bautista, se inician las obras del futuro colegio que ha de atender al alumnado de la zona pr\u00f3xima al mismo, as\u00ed como al del diseminado de Chiclana, desde la zona de Los Naranjos hasta la misma playa de La Barrosa.<\/p>\n<p>El proyecto de construcci\u00f3n se debe al Arquitecto Rafael Leoz, de manera que siempre aparece ligado al nombre del colegio la coletilla \u201cFundaci\u00f3n Leoz\u201d, con la idea de reconocer la figura del autor,&nbsp; m\u00e1s all\u00e1 de la denominaci\u00f3n de cada centro educativo. En la provincia de C\u00e1diz hay centros con el mismo proyecto en Puerto Real, San Fernando y Guadalcac\u00edn.&nbsp;<\/p>\n<p>En su estructura, se compone de una serie de m\u00f3dulos destinados, seg\u00fan su superficie, a distintos fines. La planta, cuadrada, cuenta con un patio interior cubierto al que se abren las distintas dependencias, repartidas en dos plantas. En la planta baja se ubican&nbsp; los espacios destinados a comedor escolar, cocina y despensa, sala de profesores, despachos y seis aulas. En la primera planta, adem\u00e1s de las aulas hasta un total de diez, nos encontramos con un laboratorio y una sala de pretecnolog\u00eda.&nbsp; La distribuci\u00f3n actual del centro no tiene mucho mucho que ver con la original.<\/p>\n<p>El d\u00eda 7 de Diciembre de 1980 se inicia la actividad en el centro al que acuden primero los alumnos y alumnas escolarizados en el COLEGIO NACIONAL&nbsp; NUESTRA SE\u00d1ORA DE LOS REMEDIOS y un poco m\u00e1s tarde los alumnos y alumnas de la ESCUELA UNITARIA DE LAS MENUDITAS, que por aquella \u00e9poca atend\u00eda a la poblaci\u00f3n escolar de la zona del diseminado. Como dependencia anexa al centro sigue prestando servicio el local en el que actualmente se encuentra la Asociaci\u00f3n de Vecinos ANTONIO MACHADO, que por entonces aportaba cuatro aulas a la capacidad del centro.<\/p>\n<p>Cuando dos a\u00f1os m\u00e1s tarde se inaugura el primer edificio de Infantil, estas unidades anexas dejan de funcionar y pasan a ser sede de la asociaci\u00f3n antes citada.<\/p>\n<p>Hubo alg\u00fan signo de protestas entre algunas de las familias que ten\u00edan que escolarizar a sus hijos en el centro debido a la proximidad del Cementerio de Chiclana, ya que no se ve\u00eda con buenos ojos la ubicaci\u00f3n del colegio en esa parcela tan lejana del centro urbano y tan pegada al camposanto.<\/p>\n<p>Se podr\u00eda afirmar que esos primeros a\u00f1os fueron de un enorme entusiasmo por parte de un claustro en el que hab\u00eda juventud y veteran\u00eda a&nbsp; partes iguales y que desde el principio apost\u00f3 por hacer del centro un lugar agradable para el trabajo y lleno de sorpresas para el alumnado. La actividad deportiva, el teatro, el carnaval, la m\u00fasica,&#8230; tuvieron desde el principio un lugar prioritario en las propuestas que se hac\u00edan a los alumnos y a sus familias. Junto con esto, fue muy relevante la existencia de una asociaci\u00f3n de padres y madres muy entregada a la tarea de acompa\u00f1ar la labor educativa y de mejorar las infraestructuras conforme se iban haciendo necesarias.&nbsp;<\/p>\n<p>A partir de 1990 el centro, como todos, ha de acomodarse a las exigencias LOGSE y las clases que antes albergaban a 40 o m\u00e1s alumnos ahora tienen que hospedar s\u00f3lo a 25. En ese sentido podemos comprobar c\u00f3mo el edificio original tiene la capacidad de adaptarse a los nuevos tiempos con ligeras modificaciones que no hacen cambiar, de momento, su estructura inicial.<\/p>\n<p>Llegando el a\u00f1o 1996, con el inicio de la ESO que ahora conocemos, el centro tiene que acoger, de manera provisional, tanto al alumnado de Infantil y de Primaria que ya ten\u00eda como al nuevo alumnado de Secundaria, ya que las infraestructuras educativas de la localidad no permit\u00edan el trasvase autom\u00e1tico del alumnado a los nuevos IES formato LOGSE. As\u00ed, en el centro, durante una serie de a\u00f1os conviven tres etapas educativas distintas: infantil, primaria y secundaria. Quiz\u00e1s aqu\u00ed se da la circunstancia beneficiosa de que la mayor\u00eda de los maestros y maestras adscritos a esta nueva secundaria&nbsp; ya eran maestros y maestras del anterior claustro, con lo que casi ni se nota, a nivel interno, esta nueva \u00e9poca. En esos a\u00f1os el colegio llega alcanzar la cifra de 900 alumnos, haci\u00e9ndose necesaria, la construcci\u00f3n de un segundo edificio y la habilitaci\u00f3n de unidades prefabricadas en el patio para albergar seis unidades de infantil (2002) y los niveles LOGSE con los requisitos que contempla la nueva ley.&nbsp;<\/p>\n<p>En este devenir de treinta y tres a\u00f1os,&nbsp; el colegio ha ido consolidando un proyecto educativo que se ha visto reforzado con la adscripci\u00f3n al Programa de Biling\u00fcismo, parcial al principio y generalizado a partir de este curso escolar, con la apertura de una Biblioteca Escolar mod\u00e9lica tanto en su fondo como en su forma y con una medidas organizativas que&nbsp; pretenden&nbsp; mejorar la atenci\u00f3n educativa y hacer del centro una instituci\u00f3n acorde con las exigencias del siglo XXI.<\/p>\n","protected":false},"excerpt":{"rendered":"<p>&nbsp; En los inicios del Curso Escolar 1979\/1980 se crea administrativamente el COLEGIO NACIONAL \u201cNUESTRA SE\u00d1ORA DE LA SOLEDAD\u201d, que m\u00e1s tarde pasar\u00eda a tener la denominaci\u00f3n actual de C.E.I.P. AL ANDALUS. En una&#46;&#46;&#46;<\/p>\n","protected":false},"author":7536,"featured_media":0,"parent":0,"menu_order":0,"comment_status":"closed","ping_status":"closed","template":"","meta":{"ngg_post_thumbnail":0,"footnotes":"","_mc_calendar":[]},"aioseo_notices":[],"_links":{"self":[{"href":"https:\/\/blogsaverroes.juntadeandalucia.es\/ceipalandaluschiclana\/wp-json\/wp\/v2\/pages\/2121"}],"collection":[{"href":"https:\/\/blogsaverroes.juntadeandalucia.es\/ceipalandaluschiclana\/wp-json\/wp\/v2\/pages"}],"about":[{"href":"https:\/\/blogsaverroes.juntadeandalucia.es\/ceipalandaluschiclana\/wp-json\/wp\/v2\/types\/page"}],"author":[{"embeddable":true,"href":"https:\/\/blogsaverroes.juntadeandalucia.es\/ceipalandaluschiclana\/wp-json\/wp\/v2\/users\/7536"}],"replies":[{"embeddable":true,"href":"https:\/\/blogsaverroes.juntadeandalucia.es\/ceipalandaluschiclana\/wp-json\/wp\/v2\/comments?post=2121"}],"version-history":[{"count":4,"href":"https:\/\/blogsaverroes.juntadeandalucia.es\/ceipalandaluschiclana\/wp-json\/wp\/v2\/pages\/2121\/revisions"}],"predecessor-version":[{"id":3442,"href":"https:\/\/blogsaverroes.juntadeandalucia.es\/ceipalandaluschiclana\/wp-json\/wp\/v2\/pages\/2121\/revisions\/3442"}],"wp:attachment":[{"href":"https:\/\/blogsaverroes.juntadeandalucia.es\/ceipalandaluschiclana\/wp-json\/wp\/v2\/media?parent=2121"}],"curies":[{"name":"wp","href":"https:\/\/api.w.org\/{rel}","templated":true}]}}

<p>&nbsp;</p>
<p style="text-align: center"><a href="https://blogsaverroes.juntadeandalucia.es/ceipalandaluschiclana/files/2021/10/Enla-colegio-Andalus-Barrosa-beneficiados_1442866536_117997443_667x375.jpg"><img loading="lazy" decoding="async" class="alignnone size-medium wp-image-3441" src="https://blogsaverroes.juntadeandalucia.es/ceipalandaluschiclana/files/2021/10/Enla-colegio-Andalus-Barrosa-beneficiados_1442866536_117997443_667x375-300x169.jpg" alt="" width="300" height="169" srcset="https://blogsaverroes.juntadeandalucia.es/ceipalandaluschiclana/files/2021/10/Enla-colegio-Andalus-Barrosa-beneficiados_1442866536_117997443_667x375-300x169.jpg 300w, https://blogsaverroes.juntadeandalucia.es/ceipalandaluschiclana/files/2021/10/Enla-colegio-Andalus-Barrosa-beneficiados_1442866536_117997443_667x375.jpg 667w" sizes="(max-width: 300px) 100vw, 300px" /></a></p>
<p>En los inicios del Curso Escolar 1979/1980 se crea administrativamente el COLEGIO NACIONAL “NUESTRA SEÑORA DE LA SOLEDAD”, que más tarde pasaría a tener la denominación actual de C.E.I.P. AL ANDALUS. En una parcela de aproximadamente 10.000 metros cuadrados, situada junto al&nbsp; Cementerio San Juan Bautista, se inician las obras del futuro colegio que ha de atender al alumnado de la zona próxima al mismo, así como al del diseminado de Chiclana, desde la zona de Los Naranjos hasta la misma playa de La Barrosa.</p>
<p>El proyecto de construcción se debe al Arquitecto Rafael Leoz, de manera que siempre aparece ligado al nombre del colegio la coletilla “Fundación Leoz”, con la idea de reconocer la figura del autor,&nbsp; más allá de la denominación de cada centro educativo. En la provincia de Cádiz hay centros con el mismo proyecto en Puerto Real, San Fernando y Guadalcacín.&nbsp;</p>
<p>En su estructura, se compone de una serie de módulos destinados, según su superficie, a distintos fines. La planta, cuadrada, cuenta con un patio interior cubierto al que se abren las distintas dependencias, repartidas en dos plantas. En la planta baja se ubican&nbsp; los espacios destinados a comedor escolar, cocina y despensa, sala de profesores, despachos y seis aulas. En la primera planta, además de las aulas hasta un total de diez, nos encontramos con un laboratorio y una sala de pretecnología.&nbsp; La distribución actual del centro no tiene mucho mucho que ver con la original.</p>
<p>El día 7 de Diciembre de 1980 se inicia la actividad en el centro al que acuden primero los alumnos y alumnas escolarizados en el COLEGIO NACIONAL&nbsp; NUESTRA SEÑORA DE LOS REMEDIOS y un poco más tarde los alumnos y alumnas de la ESCUELA UNITARIA DE LAS MENUDITAS, que por aquella época atendía a la población escolar de la zona del diseminado. Como dependencia anexa al centro sigue prestando servicio el local en el que actualmente se encuentra la Asociación de Vecinos ANTONIO MACHADO, que por entonces aportaba cuatro aulas a la capacidad del centro.</p>
<p>Cuando dos años más tarde se inaugura el primer edificio de Infantil, estas unidades anexas dejan de funcionar y pasan a ser sede de la asociación antes citada.</p>
<p>Hubo algún signo de protestas entre algunas de las familias que tenían que escolarizar a sus hijos en el centro debido a la proximidad del Cementerio de Chiclana, ya que no se veía con buenos ojos la ubicación del colegio en esa parcela tan lejana del centro urbano y tan pegada al camposanto.</p>
<p>Se podría afirmar que esos primeros años fueron de un enorme entusiasmo por parte de un claustro en el que había juventud y veteranía a&nbsp; partes iguales y que desde el principio apostó por hacer del centro un lugar agradable para el trabajo y lleno de sorpresas para el alumnado. La actividad deportiva, el teatro, el carnaval, la música,&#8230; tuvieron desde el principio un lugar prioritario en las propuestas que se hacían a los alumnos y a sus familias. Junto con esto, fue muy relevante la existencia de una asociación de padres y madres muy entregada a la tarea de acompañar la labor educativa y de mejorar las infraestructuras conforme se iban haciendo necesarias.&nbsp;</p>
<p>A partir de 1990 el centro, como todos, ha de acomodarse a las exigencias LOGSE y las clases que antes albergaban a 40 o más alumnos ahora tienen que hospedar sólo a 25. En ese sentido podemos comprobar cómo el edificio original tiene la capacidad de adaptarse a los nuevos tiempos con ligeras modificaciones que no hacen cambiar, de momento, su estructura inicial.</p>
<p>Llegando el año 1996, con el inicio de la ESO que ahora conocemos, el centro tiene que acoger, de manera provisional, tanto al alumnado de Infantil y de Primaria que ya tenía como al nuevo alumnado de Secundaria, ya que las infraestructuras educativas de la localidad no permitían el trasvase automático del alumnado a los nuevos IES formato LOGSE. Así, en el centro, durante una serie de años conviven tres etapas educativas distintas: infantil, primaria y secundaria. Quizás aquí se da la circunstancia beneficiosa de que la mayoría de los maestros y maestras adscritos a esta nueva secundaria&nbsp; ya eran maestros y maestras del anterior claustro, con lo que casi ni se nota, a nivel interno, esta nueva época. En esos años el colegio llega alcanzar la cifra de 900 alumnos, haciéndose necesaria, la construcción de un segundo edificio y la habilitación de unidades prefabricadas en el patio para albergar seis unidades de infantil (2002) y los niveles LOGSE con los requisitos que contempla la nueva ley.&nbsp;</p>
<p>En este devenir de treinta y tres años,&nbsp; el colegio ha ido consolidando un proyecto educativo que se ha visto reforzado con la adscripción al Programa de Bilingüismo, parcial al principio y generalizado a partir de este curso escolar, con la apertura de una Biblioteca Escolar modélica tanto en su fondo como en su forma y con una medidas organizativas que&nbsp; pretenden&nbsp; mejorar la atención educativa y hacer del centro una institución acorde con las exigencias del siglo XXI.</p>

<p>&nbsp; En los inicios del Curso Escolar 1979/1980 se crea administrativamente el COLEGIO NACIONAL “NUESTRA SEÑORA DE LA SOLEDAD”, que más tarde pasaría a tener la denominación actual de C.E.I.P. AL ANDALUS. En una&#46;&#46;&#46;</p>
