{"id":2363,"date":"2019-05-17T08:08:29","date_gmt":"2019-05-17T08:08:29","guid":{"rendered":"https:\/\/blogsaverroes.juntadeandalucia.es\/ceipalandaluschiclana\/?page_id=2363"},"modified":"2025-09-10T18:26:57","modified_gmt":"2025-09-10T18:26:57","slug":"coordinadores-as-planes-y-programas","status":"publish","type":"page","link":"https:\/\/blogsaverroes.juntadeandalucia.es\/ceipalandaluschiclana\/coordinadores-as-planes-y-programas\/","title":{"rendered":"Coordinadores\/-as Planes y Programas 2025\/2026"},"content":{"rendered":"<p><strong>&#8211; Plan de Igualdad entre hombres y mujeres:<\/strong><\/p>\n<p>Rosa M\u00aa Otero Iglesias<\/p>\n<p><strong>&#8211; Programa Biling\u00fce-Ingl\u00e9s:<\/strong><\/p>\n<p>\u00c1ngel Robles Alguacil<\/p>\n<p><strong>&#8211; Biblioteca Escolar:<\/strong><\/p>\n<p>M\u00aa Luisa Lend\u00ednez Gonz\u00e1lez<\/p>\n<p>&#8211;<strong> \u00abEscuela: Espacio de Paz\u00bb:<\/strong><\/p>\n<p>Raquel Arroyo Garc\u00eda<\/p>\n<p><strong>&#8211; Transformaci\u00f3n Digital:<\/strong><\/p>\n<p>Vanesa Jim\u00e9nez Moral<\/p>\n<p><strong>&#8211; Steam 4.0:<\/strong><\/p>\n<p>Mar\u00eda de la Luz Mu\u00f1oz Romero<\/p>\n<p><strong>&#8211; H\u00e1bitos de vida saludable:<\/strong><\/p>\n<p>Javier Jim\u00e9nez S\u00e1nchez<\/p>\n<p><b>&nbsp;<\/b><strong>&#8211; Plan de Apertura:<\/strong><\/p>\n<p>Francisco Beltr\u00e1n Jim\u00e9nez<\/p>\n","protected":false},"excerpt":{"rendered":"<p>&#8211; Plan de Igualdad entre hombres y mujeres: Rosa M\u00aa Otero Iglesias &#8211; Programa Biling\u00fce-Ingl\u00e9s: \u00c1ngel Robles Alguacil &#8211; Biblioteca Escolar: M\u00aa Luisa Lend\u00ednez Gonz\u00e1lez &#8211; \u00abEscuela: Espacio de Paz\u00bb: Raquel Arroyo Garc\u00eda &#8211;&#46;&#46;&#46;<\/p>\n","protected":false},"author":7536,"featured_media":0,"parent":0,"menu_order":0,"comment_status":"closed","ping_status":"closed","template":"","meta":{"ngg_post_thumbnail":0,"footnotes":"","_mc_calendar":[]},"aioseo_notices":[],"_links":{"self":[{"href":"https:\/\/blogsaverroes.juntadeandalucia.es\/ceipalandaluschiclana\/wp-json\/wp\/v2\/pages\/2363"}],"collection":[{"href":"https:\/\/blogsaverroes.juntadeandalucia.es\/ceipalandaluschiclana\/wp-json\/wp\/v2\/pages"}],"about":[{"href":"https:\/\/blogsaverroes.juntadeandalucia.es\/ceipalandaluschiclana\/wp-json\/wp\/v2\/types\/page"}],"author":[{"embeddable":true,"href":"https:\/\/blogsaverroes.juntadeandalucia.es\/ceipalandaluschiclana\/wp-json\/wp\/v2\/users\/7536"}],"replies":[{"embeddable":true,"href":"https:\/\/blogsaverroes.juntadeandalucia.es\/ceipalandaluschiclana\/wp-json\/wp\/v2\/comments?post=2363"}],"version-history":[{"count":12,"href":"https:\/\/blogsaverroes.juntadeandalucia.es\/ceipalandaluschiclana\/wp-json\/wp\/v2\/pages\/2363\/revisions"}],"predecessor-version":[{"id":5129,"href":"https:\/\/blogsaverroes.juntadeandalucia.es\/ceipalandaluschiclana\/wp-json\/wp\/v2\/pages\/2363\/revisions\/5129"}],"wp:attachment":[{"href":"https:\/\/blogsaverroes.juntadeandalucia.es\/ceipalandaluschiclana\/wp-json\/wp\/v2\/media?parent=2363"}],"curies":[{"name":"wp","href":"https:\/\/api.w.org\/{rel}","templated":true}]}}

<p><strong>&#8211; Plan de Igualdad entre hombres y mujeres:</strong></p>
<p>Rosa Mª Otero Iglesias</p>
<p><strong>&#8211; Programa Bilingüe-Inglés:</strong></p>
<p>Ángel Robles Alguacil</p>
<p><strong>&#8211; Biblioteca Escolar:</strong></p>
<p>Mª Luisa Lendínez González</p>
<p>&#8211;<strong> «Escuela: Espacio de Paz»:</strong></p>
<p>Raquel Arroyo García</p>
<p><strong>&#8211; Transformación Digital:</strong></p>
<p>Vanesa Jiménez Moral</p>
<p><strong>&#8211; Steam 4.0:</strong></p>
<p>María de la Luz Muñoz Romero</p>
<p><strong>&#8211; Hábitos de vida saludable:</strong></p>
<p>Javier Jiménez Sánchez</p>
<p><b>&nbsp;</b><strong>&#8211; Plan de Apertura:</strong></p>
<p>Francisco Beltrán Jiménez</p>

<p>&#8211; Plan de Igualdad entre hombres y mujeres: Rosa Mª Otero Iglesias &#8211; Programa Bilingüe-Inglés: Ángel Robles Alguacil &#8211; Biblioteca Escolar: Mª Luisa Lendínez González &#8211; «Escuela: Espacio de Paz»: Raquel Arroyo García &#8211;&#46;&#46;&#46;</p>
