{"id":2367,"date":"2019-05-17T08:09:40","date_gmt":"2019-05-17T08:09:40","guid":{"rendered":"https:\/\/blogsaverroes.juntadeandalucia.es\/ceipalandaluschiclana\/?page_id=2367"},"modified":"2025-09-10T18:41:37","modified_gmt":"2025-09-10T18:41:37","slug":"personal-no-docente","status":"publish","type":"page","link":"https:\/\/blogsaverroes.juntadeandalucia.es\/ceipalandaluschiclana\/personal-no-docente\/","title":{"rendered":"Personal no docente 2025\/2026"},"content":{"rendered":"<ul>\n<li><strong>Conserje:&nbsp; &nbsp;<\/strong>Juli\u00e1n Rom\u00e1n Garc\u00eda<\/li>\n<\/ul>\n<ul>\n<li><strong>Monitor Escolar (Secretar\u00eda): <\/strong>&nbsp;Manuel Freire Leira<\/li>\n<li><strong>Personal T\u00e9cnico de Integraci\u00f3n Social (Aula Espec\u00edfica):<\/strong>&nbsp; Cristina Rivero Natividad<\/li>\n<\/ul>\n<ul>\n<li><strong>Personal T\u00e9cnico de Integraci\u00f3n Social:&nbsp; <\/strong>Natalia Guerrero Mart\u00edn<\/li>\n<\/ul>\n<p>&nbsp;<\/p>\n","protected":false},"excerpt":{"rendered":"<p>Conserje:&nbsp; &nbsp;Juli\u00e1n Rom\u00e1n Garc\u00eda Monitor Escolar (Secretar\u00eda): &nbsp;Manuel Freire Leira Personal T\u00e9cnico de Integraci\u00f3n Social (Aula Espec\u00edfica):&nbsp; Cristina Rivero Natividad Personal T\u00e9cnico de Integraci\u00f3n Social:&nbsp; Natalia Guerrero Mart\u00edn &nbsp;<\/p>\n","protected":false},"author":7536,"featured_media":0,"parent":0,"menu_order":0,"comment_status":"closed","ping_status":"closed","template":"","meta":{"ngg_post_thumbnail":0,"footnotes":"","_mc_calendar":[]},"aioseo_notices":[],"_links":{"self":[{"href":"https:\/\/blogsaverroes.juntadeandalucia.es\/ceipalandaluschiclana\/wp-json\/wp\/v2\/pages\/2367"}],"collection":[{"href":"https:\/\/blogsaverroes.juntadeandalucia.es\/ceipalandaluschiclana\/wp-json\/wp\/v2\/pages"}],"about":[{"href":"https:\/\/blogsaverroes.juntadeandalucia.es\/ceipalandaluschiclana\/wp-json\/wp\/v2\/types\/page"}],"author":[{"embeddable":true,"href":"https:\/\/blogsaverroes.juntadeandalucia.es\/ceipalandaluschiclana\/wp-json\/wp\/v2\/users\/7536"}],"replies":[{"embeddable":true,"href":"https:\/\/blogsaverroes.juntadeandalucia.es\/ceipalandaluschiclana\/wp-json\/wp\/v2\/comments?post=2367"}],"version-history":[{"count":14,"href":"https:\/\/blogsaverroes.juntadeandalucia.es\/ceipalandaluschiclana\/wp-json\/wp\/v2\/pages\/2367\/revisions"}],"predecessor-version":[{"id":5133,"href":"https:\/\/blogsaverroes.juntadeandalucia.es\/ceipalandaluschiclana\/wp-json\/wp\/v2\/pages\/2367\/revisions\/5133"}],"wp:attachment":[{"href":"https:\/\/blogsaverroes.juntadeandalucia.es\/ceipalandaluschiclana\/wp-json\/wp\/v2\/media?parent=2367"}],"curies":[{"name":"wp","href":"https:\/\/api.w.org\/{rel}","templated":true}]}}