{"id":2369,"date":"2019-05-17T08:10:23","date_gmt":"2019-05-17T08:10:23","guid":{"rendered":"https:\/\/blogsaverroes.juntadeandalucia.es\/ceipalandaluschiclana\/?page_id=2369"},"modified":"2024-11-26T07:01:38","modified_gmt":"2024-11-26T07:01:38","slug":"consejo-escolar","status":"publish","type":"page","link":"https:\/\/blogsaverroes.juntadeandalucia.es\/ceipalandaluschiclana\/consejo-escolar\/","title":{"rendered":"Consejo Escolar"},"content":{"rendered":"<p style=\"font-weight: 400\"><strong>Equipo Directivo<\/strong><\/p>\n<p style=\"font-weight: 400\">Beltr\u00e1n Jim\u00e9nez, Francisco (DIRECTOR)<\/p>\n<p style=\"font-weight: 400\">Forero Pi\u00f1ero, Sof\u00eda (JEFA DE ESTUDIOS)<\/p>\n<p style=\"font-weight: 400\">Alba Ortiz, Ana (SECRETARIA)<\/p>\n<p>&nbsp;<\/p>\n<p style=\"font-weight: 400\"><strong>Profesorado<\/strong><\/p>\n<ul>\n<li>Alba Marcial, Irene<\/li>\n<li>Garc\u00eda Iglesias, Sandra<\/li>\n<li>Gonz\u00e1lez Parrado, Inmaculada<\/li>\n<li>Guti\u00e9rrez de las Mulas, Mar\u00eda \u00c1ngeles<\/li>\n<li>Iraizoz Coello, Mar\u00eda Carmen<\/li>\n<li>Jim\u00e9nez Moral, Vanesa<\/li>\n<li>Lendinez Gonz\u00e1lez, Mar\u00eda Luisa<\/li>\n<li>Mu\u00f1oz Romero, M\u00aa Luz<\/li>\n<\/ul>\n<p>&nbsp;<\/p>\n<p style=\"font-weight: 400\"><strong>Madres\/Padres\/Tutores<\/strong><\/p>\n<ul>\n<li>Alba Flores, Juan Alberto (REPRESENTANTE DE LA A.M.P.A. MAYORITARIA)<\/li>\n<li>\u00c1vila Toledo, Ana<\/li>\n<li>Garc\u00eda Fontalba, Sof\u00eda<\/li>\n<li>Garc\u00eda Gallardo, Beatriz<\/li>\n<li>G\u00f3mez Collantes, Carolina<\/li>\n<li>G\u00f3mez Leal, M\u00aa Roc\u00edo<\/li>\n<li>Hurtado Fern\u00e1ndez, Francisco Javier<\/li>\n<li>Monta\u00f1ez Del R\u00edo, Minerva<\/li>\n<li>Yeste G\u00f3mez, Luis<\/li>\n<\/ul>\n<p style=\"font-weight: 400\">&nbsp; &nbsp; &nbsp; &nbsp; &nbsp; &nbsp; &nbsp; &nbsp; &nbsp; &nbsp; &nbsp; &nbsp; &nbsp; &nbsp; &nbsp; &nbsp;<\/p>\n<p style=\"font-weight: 400\"><strong>Personal Adm\u00f3n. y Servicios<\/strong><\/p>\n<p style=\"font-weight: 400\">Rom\u00e1n Garc\u00eda, Juli\u00e1n<\/p>\n<p>&nbsp;<\/p>\n<p><strong>Personal de Atenci\u00f3n Educativa<\/strong><\/p>\n<p>Freire Leira, Manuel<\/p>\n<p>&nbsp;<\/p>\n<p style=\"font-weight: 400\"><strong>Representante del Ayuntamiento<\/strong><\/p>\n<p style=\"font-weight: 400\">L\u00f3pez Dom\u00ednguez, \u00d3scar<\/p>\n<p>&nbsp;<\/p>\n<p>&nbsp;<\/p>\n","protected":false},"excerpt":{"rendered":"<p>Equipo Directivo Beltr\u00e1n Jim\u00e9nez, Francisco (DIRECTOR) Forero Pi\u00f1ero, Sof\u00eda (JEFA DE ESTUDIOS) Alba Ortiz, Ana (SECRETARIA) &nbsp; Profesorado Alba Marcial, Irene Garc\u00eda Iglesias, Sandra Gonz\u00e1lez Parrado, Inmaculada Guti\u00e9rrez de las Mulas, Mar\u00eda \u00c1ngeles Iraizoz&#46;&#46;&#46;<\/p>\n","protected":false},"author":7536,"featured_media":0,"parent":0,"menu_order":0,"comment_status":"closed","ping_status":"closed","template":"","meta":{"ngg_post_thumbnail":0,"footnotes":"","_mc_calendar":[]},"aioseo_notices":[],"_links":{"self":[{"href":"https:\/\/blogsaverroes.juntadeandalucia.es\/ceipalandaluschiclana\/wp-json\/wp\/v2\/pages\/2369"}],"collection":[{"href":"https:\/\/blogsaverroes.juntadeandalucia.es\/ceipalandaluschiclana\/wp-json\/wp\/v2\/pages"}],"about":[{"href":"https:\/\/blogsaverroes.juntadeandalucia.es\/ceipalandaluschiclana\/wp-json\/wp\/v2\/types\/page"}],"author":[{"embeddable":true,"href":"https:\/\/blogsaverroes.juntadeandalucia.es\/ceipalandaluschiclana\/wp-json\/wp\/v2\/users\/7536"}],"replies":[{"embeddable":true,"href":"https:\/\/blogsaverroes.juntadeandalucia.es\/ceipalandaluschiclana\/wp-json\/wp\/v2\/comments?post=2369"}],"version-history":[{"count":17,"href":"https:\/\/blogsaverroes.juntadeandalucia.es\/ceipalandaluschiclana\/wp-json\/wp\/v2\/pages\/2369\/revisions"}],"predecessor-version":[{"id":4900,"href":"https:\/\/blogsaverroes.juntadeandalucia.es\/ceipalandaluschiclana\/wp-json\/wp\/v2\/pages\/2369\/revisions\/4900"}],"wp:attachment":[{"href":"https:\/\/blogsaverroes.juntadeandalucia.es\/ceipalandaluschiclana\/wp-json\/wp\/v2\/media?parent=2369"}],"curies":[{"name":"wp","href":"https:\/\/api.w.org\/{rel}","templated":true}]}}

<p style="font-weight: 400"><strong>Equipo Directivo</strong></p>
<p style="font-weight: 400">Beltrán Jiménez, Francisco (DIRECTOR)</p>
<p style="font-weight: 400">Forero Piñero, Sofía (JEFA DE ESTUDIOS)</p>
<p style="font-weight: 400">Alba Ortiz, Ana (SECRETARIA)</p>
<p>&nbsp;</p>
<p style="font-weight: 400"><strong>Profesorado</strong></p>
<ul>
<li>Alba Marcial, Irene</li>
<li>García Iglesias, Sandra</li>
<li>González Parrado, Inmaculada</li>
<li>Gutiérrez de las Mulas, María Ángeles</li>
<li>Iraizoz Coello, María Carmen</li>
<li>Jiménez Moral, Vanesa</li>
<li>Lendinez González, María Luisa</li>
<li>Muñoz Romero, Mª Luz</li>
</ul>
<p>&nbsp;</p>
<p style="font-weight: 400"><strong>Madres/Padres/Tutores</strong></p>
<ul>
<li>Alba Flores, Juan Alberto (REPRESENTANTE DE LA A.M.P.A. MAYORITARIA)</li>
<li>Ávila Toledo, Ana</li>
<li>García Fontalba, Sofía</li>
<li>García Gallardo, Beatriz</li>
<li>Gómez Collantes, Carolina</li>
<li>Gómez Leal, Mª Rocío</li>
<li>Hurtado Fernández, Francisco Javier</li>
<li>Montañez Del Río, Minerva</li>
<li>Yeste Gómez, Luis</li>
</ul>
<p style="font-weight: 400">&nbsp; &nbsp; &nbsp; &nbsp; &nbsp; &nbsp; &nbsp; &nbsp; &nbsp; &nbsp; &nbsp; &nbsp; &nbsp; &nbsp; &nbsp; &nbsp;</p>
<p style="font-weight: 400"><strong>Personal Admón. y Servicios</strong></p>
<p style="font-weight: 400">Román García, Julián</p>
<p>&nbsp;</p>
<p><strong>Personal de Atención Educativa</strong></p>
<p>Freire Leira, Manuel</p>
<p>&nbsp;</p>
<p style="font-weight: 400"><strong>Representante del Ayuntamiento</strong></p>
<p style="font-weight: 400">López Domínguez, Óscar</p>
<p>&nbsp;</p>
<p>&nbsp;</p>

<p>Equipo Directivo Beltrán Jiménez, Francisco (DIRECTOR) Forero Piñero, Sofía (JEFA DE ESTUDIOS) Alba Ortiz, Ana (SECRETARIA) &nbsp; Profesorado Alba Marcial, Irene García Iglesias, Sandra González Parrado, Inmaculada Gutiérrez de las Mulas, María Ángeles Iraizoz&#46;&#46;&#46;</p>
