{"id":2391,"date":"2019-05-20T08:20:15","date_gmt":"2019-05-20T08:20:15","guid":{"rendered":"https:\/\/blogsaverroes.juntadeandalucia.es\/ceipalandaluschiclana\/?page_id=2391"},"modified":"2019-05-20T08:20:15","modified_gmt":"2019-05-20T08:20:15","slug":"servicio-de-prestamo","status":"publish","type":"page","link":"https:\/\/blogsaverroes.juntadeandalucia.es\/ceipalandaluschiclana\/servicio-de-prestamo\/","title":{"rendered":"Servicio de pr\u00e9stamo"},"content":{"rendered":"<h2 class=\"componentheading\">Servicio de pr\u00e9stamo<\/h2>\n<div id=\"artikel\">\n<div class=\"eintrag\">\n<div class=\"buttonheading\">&nbsp;<\/div>\n<p><strong>PERSONAL ENCARGADO DEL PR\u00c9STAMO<\/strong><\/p>\n<p>&#8211; Sta. Inma (Religi\u00f3n).<\/p>\n<p>&#8211; Sta. Paqui (1\u00baA).<\/p>\n<p>&nbsp;<\/p>\n<p><strong>HORARIO<\/strong><\/p>\n<p>&#8211; Recreos, de lunes a viernes.<\/p>\n<p>&#8211; Martes y mi\u00e9rcoles, de 14.00 a 14.30h.<\/p>\n<p>&nbsp;<\/p>\n<p><strong>NORMAS DE FUNCIONAMIENTO DEL SERVICIO DE PR\u00c9STAMO<\/strong><\/p>\n<p>&#8211; Un libro por persona.<\/p>\n<p>&#8211; Plazo de 7 d\u00edas, ampliables avisando al personal encargado.<\/p>\n<\/div>\n<\/div>\n","protected":false},"excerpt":{"rendered":"<p>Servicio de pr\u00e9stamo &nbsp; PERSONAL ENCARGADO DEL PR\u00c9STAMO &#8211; Sta. Inma (Religi\u00f3n). &#8211; Sta. Paqui (1\u00baA). &nbsp; HORARIO &#8211; Recreos, de lunes a viernes. &#8211; Martes y mi\u00e9rcoles, de 14.00 a 14.30h. &nbsp; NORMAS&#46;&#46;&#46;<\/p>\n","protected":false},"author":7536,"featured_media":0,"parent":0,"menu_order":0,"comment_status":"closed","ping_status":"closed","template":"","meta":{"ngg_post_thumbnail":0,"footnotes":"","_mc_calendar":[]},"aioseo_notices":[],"_links":{"self":[{"href":"https:\/\/blogsaverroes.juntadeandalucia.es\/ceipalandaluschiclana\/wp-json\/wp\/v2\/pages\/2391"}],"collection":[{"href":"https:\/\/blogsaverroes.juntadeandalucia.es\/ceipalandaluschiclana\/wp-json\/wp\/v2\/pages"}],"about":[{"href":"https:\/\/blogsaverroes.juntadeandalucia.es\/ceipalandaluschiclana\/wp-json\/wp\/v2\/types\/page"}],"author":[{"embeddable":true,"href":"https:\/\/blogsaverroes.juntadeandalucia.es\/ceipalandaluschiclana\/wp-json\/wp\/v2\/users\/7536"}],"replies":[{"embeddable":true,"href":"https:\/\/blogsaverroes.juntadeandalucia.es\/ceipalandaluschiclana\/wp-json\/wp\/v2\/comments?post=2391"}],"version-history":[{"count":1,"href":"https:\/\/blogsaverroes.juntadeandalucia.es\/ceipalandaluschiclana\/wp-json\/wp\/v2\/pages\/2391\/revisions"}],"predecessor-version":[{"id":2392,"href":"https:\/\/blogsaverroes.juntadeandalucia.es\/ceipalandaluschiclana\/wp-json\/wp\/v2\/pages\/2391\/revisions\/2392"}],"wp:attachment":[{"href":"https:\/\/blogsaverroes.juntadeandalucia.es\/ceipalandaluschiclana\/wp-json\/wp\/v2\/media?parent=2391"}],"curies":[{"name":"wp","href":"https:\/\/api.w.org\/{rel}","templated":true}]}}

Servicio de préstamo

<h2 class="componentheading">Servicio de préstamo</h2>
<div id="artikel">
<div class="eintrag">
<div class="buttonheading">&nbsp;</div>
<p><strong>PERSONAL ENCARGADO DEL PRÉSTAMO</strong></p>
<p>&#8211; Sta. Inma (Religión).</p>
<p>&#8211; Sta. Paqui (1ºA).</p>
<p>&nbsp;</p>
<p><strong>HORARIO</strong></p>
<p>&#8211; Recreos, de lunes a viernes.</p>
<p>&#8211; Martes y miércoles, de 14.00 a 14.30h.</p>
<p>&nbsp;</p>
<p><strong>NORMAS DE FUNCIONAMIENTO DEL SERVICIO DE PRÉSTAMO</strong></p>
<p>&#8211; Un libro por persona.</p>
<p>&#8211; Plazo de 7 días, ampliables avisando al personal encargado.</p>
</div>
</div>

<p>Servicio de préstamo &nbsp; PERSONAL ENCARGADO DEL PRÉSTAMO &#8211; Sta. Inma (Religión). &#8211; Sta. Paqui (1ºA). &nbsp; HORARIO &#8211; Recreos, de lunes a viernes. &#8211; Martes y miércoles, de 14.00 a 14.30h. &nbsp; NORMAS&#46;&#46;&#46;</p>
