{"id":2449,"date":"2019-05-22T10:23:09","date_gmt":"2019-05-22T10:23:09","guid":{"rendered":"https:\/\/blogsaverroes.juntadeandalucia.es\/ceipalandaluschiclana\/?page_id=2449"},"modified":"2025-09-19T09:53:01","modified_gmt":"2025-09-19T09:53:01","slug":"dias-no-lectivos-localidad","status":"publish","type":"page","link":"https:\/\/blogsaverroes.juntadeandalucia.es\/ceipalandaluschiclana\/dias-no-lectivos-localidad\/","title":{"rendered":"D\u00edas no lectivos localidad 2025\/2026"},"content":{"rendered":"<p>Desde la Delegaci\u00f3n Municipal de Educaci\u00f3n, y habi\u00e9ndose celebrado a fecha 17 de septiembre, el Consejo Escolar Municipal, donde uno de los puntos del Orden del d\u00eda fue \u00bb&nbsp;<em>Determinaci\u00f3n de los d\u00edas no lectivos locales para el curso 25\/26<\/em>\u00ab. Se informa que los d\u00edas elegidos son:<\/p>\n<p>02 de marzo del 2026 como d\u00eda no lectivo<\/p>\n<p>04 de mayo del 2026 como d\u00eda no lectivo<\/p>\n<p>y se les informa que :<\/p>\n<p>12 de junio del 2026 es festivo local.<\/p>\n<div>\n<p>&nbsp;<\/p>\n<\/div>\n","protected":false},"excerpt":{"rendered":"<p>Desde la Delegaci\u00f3n Municipal de Educaci\u00f3n, y habi\u00e9ndose celebrado a fecha 17 de septiembre, el Consejo Escolar Municipal, donde uno de los puntos del Orden del d\u00eda fue \u00bb&nbsp;Determinaci\u00f3n de los d\u00edas no lectivos&#46;&#46;&#46;<\/p>\n","protected":false},"author":7536,"featured_media":0,"parent":0,"menu_order":0,"comment_status":"closed","ping_status":"closed","template":"","meta":{"ngg_post_thumbnail":0,"footnotes":"","_mc_calendar":[]},"aioseo_notices":[],"_links":{"self":[{"href":"https:\/\/blogsaverroes.juntadeandalucia.es\/ceipalandaluschiclana\/wp-json\/wp\/v2\/pages\/2449"}],"collection":[{"href":"https:\/\/blogsaverroes.juntadeandalucia.es\/ceipalandaluschiclana\/wp-json\/wp\/v2\/pages"}],"about":[{"href":"https:\/\/blogsaverroes.juntadeandalucia.es\/ceipalandaluschiclana\/wp-json\/wp\/v2\/types\/page"}],"author":[{"embeddable":true,"href":"https:\/\/blogsaverroes.juntadeandalucia.es\/ceipalandaluschiclana\/wp-json\/wp\/v2\/users\/7536"}],"replies":[{"embeddable":true,"href":"https:\/\/blogsaverroes.juntadeandalucia.es\/ceipalandaluschiclana\/wp-json\/wp\/v2\/comments?post=2449"}],"version-history":[{"count":17,"href":"https:\/\/blogsaverroes.juntadeandalucia.es\/ceipalandaluschiclana\/wp-json\/wp\/v2\/pages\/2449\/revisions"}],"predecessor-version":[{"id":5135,"href":"https:\/\/blogsaverroes.juntadeandalucia.es\/ceipalandaluschiclana\/wp-json\/wp\/v2\/pages\/2449\/revisions\/5135"}],"wp:attachment":[{"href":"https:\/\/blogsaverroes.juntadeandalucia.es\/ceipalandaluschiclana\/wp-json\/wp\/v2\/media?parent=2449"}],"curies":[{"name":"wp","href":"https:\/\/api.w.org\/{rel}","templated":true}]}}

Días no lectivos localidad 2025/2026

<p>Desde la Delegación Municipal de Educación, y habiéndose celebrado a fecha 17 de septiembre, el Consejo Escolar Municipal, donde uno de los puntos del Orden del día fue »&nbsp;<em>Determinación de los días no lectivos locales para el curso 25/26</em>«. Se informa que los días elegidos son:</p>
<p>02 de marzo del 2026 como día no lectivo</p>
<p>04 de mayo del 2026 como día no lectivo</p>
<p>y se les informa que :</p>
<p>12 de junio del 2026 es festivo local.</p>
<div>
<p>&nbsp;</p>
</div>

<p>Desde la Delegación Municipal de Educación, y habiéndose celebrado a fecha 17 de septiembre, el Consejo Escolar Municipal, donde uno de los puntos del Orden del día fue »&nbsp;Determinación de los días no lectivos&#46;&#46;&#46;</p>
