{"id":2454,"date":"2019-05-24T08:16:31","date_gmt":"2019-05-24T08:16:31","guid":{"rendered":"https:\/\/blogsaverroes.juntadeandalucia.es\/ceipalandaluschiclana\/?page_id=2454"},"modified":"2026-04-27T11:28:56","modified_gmt":"2026-04-27T11:28:56","slug":"comedor-escolar","status":"publish","type":"page","link":"https:\/\/blogsaverroes.juntadeandalucia.es\/ceipalandaluschiclana\/comedor-escolar\/","title":{"rendered":"Comedor escolar"},"content":{"rendered":"<p><strong>NUEVA EMPRESA COMEDOR-SERUNI\u00d3N (A PARTIR DEL 4 DE MARZO DE 2025)<\/strong><\/p>\n<p><a href=\"https:\/\/drive.google.com\/file\/d\/1QsXP0xunFgV9_fJE7Jf9Pr6hTztnAtxM\/view?usp=sharing\">NORMATIVA SERUNI\u00d3N Curso 2025\/2026<\/a><\/p>\n<p><a href=\"https:\/\/drive.google.com\/file\/d\/1npJD3uJu-072PsX8uE_j0E-mhD4Gdce1\/view?usp=sharing\">CARTA APP COLECHEF BIENVENIDA 2025-26 para acceder a la app<\/a><\/p>\n<p><a href=\"https:\/\/drive.google.com\/file\/d\/1PMSqcZXPlgDYnJ_gEYaOpsbK2lRfSyju\/view?usp=sharing\">CARTA APP COLECHEF&nbsp; INSTRUCCIONES 2025-2026<\/a><\/p>\n<p><a href=\"https:\/\/drive.google.com\/file\/d\/1jDMyLFWcY_Hy7QFIU-Ca6TBgkW7ksii1\/view?usp=sharing\">Men\u00fa s<\/a><a href=\"https:\/\/drive.google.com\/file\/d\/1q6B0ZJuepczGdtif46Dsqi9-DHOaF9iC\/view?usp=sharing\">eptiembre<\/a><\/p>\n<p><a href=\"https:\/\/drive.google.com\/file\/d\/1dMNBc85FQ2Tg9NWynfFnF4EOmAKzJH6s\/view?usp=sharing\">Men\u00fa octubre<\/a><\/p>\n<p><a href=\"https:\/\/drive.google.com\/file\/d\/1ICOFEVQ_gS8TbzsTHlq62j1g15uQL-hX\/view?usp=sharing\">Men\u00fa noviembre<\/a><\/p>\n<p><a href=\"https:\/\/drive.google.com\/file\/d\/1aiaMd_j90sqaJuouABLIzIoTGt_kA6nT\/view?usp=sharing\">Men\u00fa diciembre<\/a><\/p>\n<p><a href=\"https:\/\/drive.google.com\/file\/d\/1LncF3rHxiFfyaWAZCPL4Z11W8gpfwBcn\/view?usp=sharing\">Men\u00fa enero<\/a><\/p>\n<p><a href=\"https:\/\/drive.google.com\/file\/d\/1E38qYlLARCfYyxHdyrJ-P1QlUIPbF6LD\/view?usp=sharing\">Men\u00fa febrero<\/a><\/p>\n<p><a href=\"https:\/\/drive.google.com\/file\/d\/1Jrw_WOrMpPxDnc6G8MZY135Xn_YsA_Q6\/view?usp=sharing\">Men\u00fa marzo<\/a><\/p>\n<p><a href=\"https:\/\/drive.google.com\/file\/d\/1tjmLYrIsqo492q5YcPsl51x72gQFp1jv\/view?usp=sharing\">Men\u00fa abril<\/a><\/p>\n<p><a href=\"https:\/\/drive.google.com\/file\/d\/1xgV-I3kFQAobW4YJUBcth1kV81oepq0T\/view?usp=sharing\">Men\u00fa mayo<\/a><\/p>\n<p>&nbsp;<\/p>\n<p>Contacto del Coordinador del Plan de Apertura:&nbsp;pacobj98@hotmail.com<\/p>\n<p style=\"font-weight: 400\">&nbsp;<\/p>\n<p style=\"font-weight: 400\">&#8211; Duraci\u00f3n: desde el 11 de septiembre de 2025 hasta el 22 de junio de 2026.<\/p>\n<p style=\"font-weight: 400\">&#8211; Horario: 14,00 h. a 16,00 h.<\/p>\n<p style=\"font-weight: 400\">&#8211; Precio:<\/p>\n<table style=\"font-weight: 400;width: 37.1577%;height: 339px\">\n<tbody>\n<tr style=\"height: 144px\">\n<td style=\"width: 96.5665%;height: 144px\" colspan=\"2\"><strong>PRECIO COMEDOR ESCOLAR<\/strong><\/p>\n<p><strong>POR D\u00cdA DESDE SEPTIEMBRE 2023:<\/strong><\/td>\n<\/tr>\n<tr style=\"height: 24px\">\n<td style=\"width: 45.9227%;height: 24px\"><strong>0%<\/strong><\/td>\n<td style=\"text-align: justify;width: 50.6438%;height: 24px\"><strong>5,54 \u20ac<\/strong><\/td>\n<\/tr>\n<tr style=\"height: 24px\">\n<td style=\"width: 45.9227%;height: 24px\"><strong>10%<\/strong><\/td>\n<td style=\"width: 50.6438%;height: 24px\"><strong>4,98 \u20ac<\/strong><\/td>\n<\/tr>\n<tr style=\"height: 24px\">\n<td style=\"width: 45.9227%;height: 24px\"><strong>18%<\/strong><\/td>\n<td style=\"width: 50.6438%;height: 24px\"><strong>4,54 \u20ac<\/strong><\/td>\n<\/tr>\n<tr style=\"height: 24px\">\n<td style=\"width: 45.9227%;height: 24px\"><strong>26%<\/strong><\/td>\n<td style=\"width: 50.6438%;height: 24px\"><strong>4,09 \u20ac<\/strong><\/td>\n<\/tr>\n<tr style=\"height: 24px\">\n<td style=\"width: 45.9227%;height: 24px\"><strong>34%<\/strong><\/td>\n<td style=\"width: 50.6438%;height: 24px\"><strong>3,65 \u20ac<\/strong><\/td>\n<\/tr>\n<tr style=\"height: 24px\">\n<td style=\"width: 45.9227%;height: 24px\"><strong>42%<\/strong><\/td>\n<td style=\"width: 50.6438%;height: 24px\"><strong>3,21 \u20ac<\/strong><\/td>\n<\/tr>\n<tr style=\"height: 24px\">\n<td style=\"width: 45.9227%;height: 24px\"><strong>50%<\/strong><\/td>\n<td style=\"width: 50.6438%;height: 24px\"><strong>2,77 \u20ac<\/strong><\/td>\n<\/tr>\n<tr style=\"height: 27px\">\n<td style=\"width: 45.9227%;height: 27px\"><strong>100%<\/strong><\/td>\n<td style=\"width: 50.6438%;height: 27px\"><strong>0 \u20ac<\/strong><\/td>\n<\/tr>\n<\/tbody>\n<\/table>\n<h5>Acuerdo de 30 de julio de 2024, del Consejo de Gobierno, por el que se revisa la<br \/>\ncuant\u00eda del precio p\u00fablico del servicio complementario de comedor escolar en los<br \/>\ncentros docentes p\u00fablicos de Andaluc\u00eda, establecido en el apartado A) del Anexo<br \/>\nI del Acuerdo del Consejo de Gobierno, de 27 de marzo de 2018, por el que se<br \/>\nfija la cuant\u00eda de los precios p\u00fablicos por los servicios complementarios de aula<br \/>\nmatinal, comedor escolar y actividades extraescolares en los centros docentes<br \/>\np\u00fablicos y por el servicio de residencia en las residencias escolares de Andaluc\u00eda.<\/h5>\n<p style=\"font-weight: 400\">&#8211; El abono del servicio se realizar\u00e1 por entidad bancaria, a trav\u00e9s de la empresa del comedor.<\/p>\n<p style=\"font-weight: 400\"><span style=\"font-weight: 400\">&#8211; Empresa encargada del Servicio:&nbsp;<\/span><b>&nbsp; SERUNI\u00d3N.<\/b><\/p>\n<p style=\"font-weight: 400\">&#8211; El alumno causar\u00e1 baja en el servicio cuando no se utilice durante cinco d\u00edas consecutivos sin causa justificada.<\/p>\n<p style=\"font-weight: 400\">&#8211;&nbsp;<strong>IMPORTANTE<\/strong>: Aquellos usuarios que, habiendo sido admitidos en el Comedor y no vayan a hacer uso del mismo, deben comunicarlo, a la mayor brevedad, en Secretar\u00eda para poder admitir a alumnos\/-as que se encuentran en la lista de espera.<\/p>\n<p>&nbsp;<\/p>\n<ul>\n<li style=\"font-weight: 400\"><strong>NORMAS DEL COMEDOR ESCOLAR:<\/strong><\/li>\n<\/ul>\n<p style=\"font-weight: 400\">1.-&nbsp;Al llegar proceder\u00e1n al&nbsp;<strong>lavado de manos y cara.<\/strong><\/p>\n<p style=\"font-weight: 400\">2.- Los alumnos\/as&nbsp;<strong>esperar\u00e1n a los monitores\/as<\/strong>&nbsp;en el lugar que se les indique.<\/p>\n<p style=\"font-weight: 400\">3.- Se entrar\u00e1 en el comedor de forma&nbsp;<strong>ordenada, sin correr y sin gritar<\/strong>.<\/p>\n<p style=\"font-weight: 400\">4.- Cada alumno\/a ocupar\u00e1 su sitio sin poder cambiar de lugar por propia iniciativa.<\/p>\n<p style=\"font-weight: 400\">5.- Se&nbsp;<strong>permanecer\u00e1 sentado<\/strong>&nbsp;tranquilamente sin gritar y sin molestar a sus compa\u00f1eros, hasta que los monitores\/as indiquen el momento de la retirada de platos.<\/p>\n<p style=\"font-weight: 400\">6.- Los comensales est\u00e1n obligados a&nbsp;<strong>respetar a los monitores\/as&nbsp;<\/strong>que atienden el comedor. En caso de&nbsp;<strong>conflictos<\/strong>&nbsp;entre varios alumnos, lo&nbsp;<strong>resolver\u00e1n<\/strong>&nbsp;los&nbsp;<strong>monitores\/as<\/strong>. En ning\u00fan caso, se permitir\u00e1 la entrada al Centro a los padres para intervenir en dicho conflicto.<\/p>\n<p style=\"font-weight: 400\">7.- La inapetencia continuada ser\u00e1 objeto de comunicaci\u00f3n a los padres por parte de los monitores\/-as.<\/p>\n<p style=\"font-weight: 400\">8.- Al finalizar la comida, se saldr\u00e1 del comedor de forma ordenada. Todos los miembros de cada grupo lo har\u00e1n al mismo tiempo y s\u00f3lo cuando el monitor\/a lo haya indicado.<\/p>\n<p style=\"font-weight: 400\">9.- El horario de&nbsp;<strong>salida<\/strong> del alumnado se producir\u00e1 entre las 14:45 y las 16::00 h. Si a las&nbsp;<strong>16:05<\/strong>, alg\u00fan alumno permaneciera en el Centro (reiteradamente), se proceder\u00e1 a llamar a la Polic\u00eda Local que se har\u00e1 cargo del menor.<\/p>\n<p style=\"font-weight: 400\">10.- No se permitir\u00e1n actitudes despreciativas hacia la comida.<\/p>\n<p style=\"font-weight: 400\">11.-&nbsp;<strong>No<\/strong>&nbsp;se permitir\u00e1 el&nbsp;<strong>mal uso del menaje<\/strong>, llegando a suponer una falta leve en caso de rotura intencionada que se sancionar\u00e1 con la reposici\u00f3n de dicho menaje. La cantidad lo asignar\u00e1 la direcci\u00f3n.<\/p>\n<p style=\"font-weight: 400\">12.- \u00danicamente,&nbsp;<strong>se servir\u00e1 el men\u00fa de cada d\u00eda<\/strong>. En caso de necesitarse, por razones de salud,&nbsp;<strong>dietas especiales<\/strong>, habr\u00e1 que presentar un Certificado M\u00e9dico al Coordinador del Centro que lo har\u00e1 llegar a la Empresa.<\/p>\n<p style=\"font-weight: 400\">13.- Los alumnos\/-as de Educaci\u00f3n Infantil deber\u00e1n tener autonom\u00eda para utilizar los cubiertos por si solos.<\/p>\n<p style=\"font-weight: 400\">14.- Est\u00e1 terminantemente prohibido entrar al comedor con bebidas o comidas que no sean del propio servicio.<\/p>\n<p style=\"font-weight: 400\">15.-&nbsp;<strong>No se permite traer al comedor m\u00f3viles, ni videojuegos, ni juguetes<\/strong>. Los monitores\/as no se hacen responsablesde la p\u00e9rdida o sustracci\u00f3n de los mismos, En caso de tener que retirar los objetos anteriormente citados se entregar\u00e1n en direcci\u00f3n.<\/p>\n<p style=\"font-weight: 400\">16.- No se suministrar\u00e1n medicamentos a los ni\u00f1os, salvo casos excepcionales, y bajo prescripci\u00f3n m\u00e9dica.<\/p>\n<p style=\"font-weight: 400\">17.-&nbsp;Ning\u00fan alumno podr\u00e1 acceder a las aulas o pasillos del Centro sin autorizaci\u00f3n de los monitores.<\/p>\n<p style=\"font-weight: 400\">18.-&nbsp;Los alumnos que no hagan uso del servicio, no podr\u00e1n permanecer en el Centro en horario de comedor.<\/p>\n<p style=\"font-weight: 400\">19.- Se solicita la colaboraci\u00f3n familiar desde casa para atender a las necesidades que se detecten en el comedor.<\/p>\n<p style=\"font-weight: 400\">20.- Se aconseja a las familias que se lea y se comente esta normativa.<\/p>\n<p style=\"font-weight: 400\">21.- Trabajar esta normativa desde dentro del comedor.<\/p>\n<p style=\"font-weight: 400\">&nbsp;<\/p>\n","protected":false},"excerpt":{"rendered":"<p>NUEVA EMPRESA COMEDOR-SERUNI\u00d3N (A PARTIR DEL 4 DE MARZO DE 2025) NORMATIVA SERUNI\u00d3N Curso 2025\/2026 CARTA APP COLECHEF BIENVENIDA 2025-26 para acceder a la app CARTA APP COLECHEF&nbsp; INSTRUCCIONES 2025-2026 Men\u00fa septiembre Men\u00fa octubre&#46;&#46;&#46;<\/p>\n","protected":false},"author":7536,"featured_media":0,"parent":0,"menu_order":0,"comment_status":"closed","ping_status":"closed","template":"","meta":{"ngg_post_thumbnail":0,"footnotes":"","_mc_calendar":[]},"aioseo_notices":[],"_links":{"self":[{"href":"https:\/\/blogsaverroes.juntadeandalucia.es\/ceipalandaluschiclana\/wp-json\/wp\/v2\/pages\/2454"}],"collection":[{"href":"https:\/\/blogsaverroes.juntadeandalucia.es\/ceipalandaluschiclana\/wp-json\/wp\/v2\/pages"}],"about":[{"href":"https:\/\/blogsaverroes.juntadeandalucia.es\/ceipalandaluschiclana\/wp-json\/wp\/v2\/types\/page"}],"author":[{"embeddable":true,"href":"https:\/\/blogsaverroes.juntadeandalucia.es\/ceipalandaluschiclana\/wp-json\/wp\/v2\/users\/7536"}],"replies":[{"embeddable":true,"href":"https:\/\/blogsaverroes.juntadeandalucia.es\/ceipalandaluschiclana\/wp-json\/wp\/v2\/comments?post=2454"}],"version-history":[{"count":107,"href":"https:\/\/blogsaverroes.juntadeandalucia.es\/ceipalandaluschiclana\/wp-json\/wp\/v2\/pages\/2454\/revisions"}],"predecessor-version":[{"id":5228,"href":"https:\/\/blogsaverroes.juntadeandalucia.es\/ceipalandaluschiclana\/wp-json\/wp\/v2\/pages\/2454\/revisions\/5228"}],"wp:attachment":[{"href":"https:\/\/blogsaverroes.juntadeandalucia.es\/ceipalandaluschiclana\/wp-json\/wp\/v2\/media?parent=2454"}],"curies":[{"name":"wp","href":"https:\/\/api.w.org\/{rel}","templated":true}]}}