{"id":3470,"date":"2021-10-13T08:01:23","date_gmt":"2021-10-13T08:01:23","guid":{"rendered":"https:\/\/blogsaverroes.juntadeandalucia.es\/ceipalandaluschiclana\/?page_id=3470"},"modified":"2021-10-13T11:33:58","modified_gmt":"2021-10-13T11:33:58","slug":"dia-de-las-lenguas","status":"publish","type":"page","link":"https:\/\/blogsaverroes.juntadeandalucia.es\/ceipalandaluschiclana\/dia-de-las-lenguas\/","title":{"rendered":"D\u00eda Europeo de las Lenguas"},"content":{"rendered":"<p style=\"text-align: center\"><a href=\"https:\/\/blogsaverroes.juntadeandalucia.es\/ceipalandaluschiclana\/files\/2021\/10\/WhatsApp-Image-2021-10-13-at-13.30.21.jpeg\"><img loading=\"lazy\" decoding=\"async\" class=\"alignnone wp-image-3485\" src=\"https:\/\/blogsaverroes.juntadeandalucia.es\/ceipalandaluschiclana\/files\/2021\/10\/WhatsApp-Image-2021-10-13-at-13.30.21-300x225.jpeg\" alt=\"\" width=\"319\" height=\"239\" srcset=\"https:\/\/blogsaverroes.juntadeandalucia.es\/ceipalandaluschiclana\/files\/2021\/10\/WhatsApp-Image-2021-10-13-at-13.30.21-300x225.jpeg 300w, https:\/\/blogsaverroes.juntadeandalucia.es\/ceipalandaluschiclana\/files\/2021\/10\/WhatsApp-Image-2021-10-13-at-13.30.21-1024x768.jpeg 1024w, https:\/\/blogsaverroes.juntadeandalucia.es\/ceipalandaluschiclana\/files\/2021\/10\/WhatsApp-Image-2021-10-13-at-13.30.21-768x576.jpeg 768w, https:\/\/blogsaverroes.juntadeandalucia.es\/ceipalandaluschiclana\/files\/2021\/10\/WhatsApp-Image-2021-10-13-at-13.30.21-1536x1152.jpeg 1536w, https:\/\/blogsaverroes.juntadeandalucia.es\/ceipalandaluschiclana\/files\/2021\/10\/WhatsApp-Image-2021-10-13-at-13.30.21.jpeg 1600w\" sizes=\"(max-width: 319px) 100vw, 319px\" \/><\/a><\/p>\n<p>Este es el primer a\u00f1o que celebramos el D\u00eda Europeo de las Lenguas (26 de septiembre). Formamos parte de la Comunidad Europea y cada a\u00f1o hay una mayor convivencia con el resto de pa\u00edses europeos.&nbsp;<\/p>\n<p>Es muy importante el respeto mutuo y el compartir nuestras culturas. Respetar y reconocer nuestras lenguas es una bonita forma de empezar este largo viaje.<\/p>\n<p style=\"text-align: center\"><a href=\"https:\/\/blogsaverroes.juntadeandalucia.es\/ceipalandaluschiclana\/files\/2021\/10\/WhatsApp-Image-2021-10-13-at-11.04.31-1.jpeg\"><img loading=\"lazy\" decoding=\"async\" class=\"alignnone size-medium wp-image-3481\" src=\"https:\/\/blogsaverroes.juntadeandalucia.es\/ceipalandaluschiclana\/files\/2021\/10\/WhatsApp-Image-2021-10-13-at-11.04.31-1-169x300.jpeg\" alt=\"\" width=\"169\" height=\"300\" srcset=\"https:\/\/blogsaverroes.juntadeandalucia.es\/ceipalandaluschiclana\/files\/2021\/10\/WhatsApp-Image-2021-10-13-at-11.04.31-1-169x300.jpeg 169w, https:\/\/blogsaverroes.juntadeandalucia.es\/ceipalandaluschiclana\/files\/2021\/10\/WhatsApp-Image-2021-10-13-at-11.04.31-1-576x1024.jpeg 576w, https:\/\/blogsaverroes.juntadeandalucia.es\/ceipalandaluschiclana\/files\/2021\/10\/WhatsApp-Image-2021-10-13-at-11.04.31-1-768x1365.jpeg 768w, https:\/\/blogsaverroes.juntadeandalucia.es\/ceipalandaluschiclana\/files\/2021\/10\/WhatsApp-Image-2021-10-13-at-11.04.31-1-864x1536.jpeg 864w, https:\/\/blogsaverroes.juntadeandalucia.es\/ceipalandaluschiclana\/files\/2021\/10\/WhatsApp-Image-2021-10-13-at-11.04.31-1.jpeg 900w\" sizes=\"(max-width: 169px) 100vw, 169px\" \/><\/a><\/p>\n<p>&nbsp;<\/p>\n<p>&nbsp;<\/p>\n<p>Pincha en el enlace: <a href=\"https:\/\/drive.google.com\/file\/d\/1-uT_fnfaNMMO7tsYS_xmY-pY-kM-rkV0\/view?usp=sharing\">D\u00cdA EUROPEO DE LAS LENGUAS<\/a><\/p>\n","protected":false},"excerpt":{"rendered":"<p>Este es el primer a\u00f1o que celebramos el D\u00eda Europeo de las Lenguas (26 de septiembre). Formamos parte de la Comunidad Europea y cada a\u00f1o hay una mayor convivencia con el resto de pa\u00edses&#46;&#46;&#46;<\/p>\n","protected":false},"author":7536,"featured_media":0,"parent":0,"menu_order":0,"comment_status":"closed","ping_status":"closed","template":"","meta":{"ngg_post_thumbnail":0,"footnotes":"","_mc_calendar":[]},"aioseo_notices":[],"_links":{"self":[{"href":"https:\/\/blogsaverroes.juntadeandalucia.es\/ceipalandaluschiclana\/wp-json\/wp\/v2\/pages\/3470"}],"collection":[{"href":"https:\/\/blogsaverroes.juntadeandalucia.es\/ceipalandaluschiclana\/wp-json\/wp\/v2\/pages"}],"about":[{"href":"https:\/\/blogsaverroes.juntadeandalucia.es\/ceipalandaluschiclana\/wp-json\/wp\/v2\/types\/page"}],"author":[{"embeddable":true,"href":"https:\/\/blogsaverroes.juntadeandalucia.es\/ceipalandaluschiclana\/wp-json\/wp\/v2\/users\/7536"}],"replies":[{"embeddable":true,"href":"https:\/\/blogsaverroes.juntadeandalucia.es\/ceipalandaluschiclana\/wp-json\/wp\/v2\/comments?post=3470"}],"version-history":[{"count":10,"href":"https:\/\/blogsaverroes.juntadeandalucia.es\/ceipalandaluschiclana\/wp-json\/wp\/v2\/pages\/3470\/revisions"}],"predecessor-version":[{"id":3488,"href":"https:\/\/blogsaverroes.juntadeandalucia.es\/ceipalandaluschiclana\/wp-json\/wp\/v2\/pages\/3470\/revisions\/3488"}],"wp:attachment":[{"href":"https:\/\/blogsaverroes.juntadeandalucia.es\/ceipalandaluschiclana\/wp-json\/wp\/v2\/media?parent=3470"}],"curies":[{"name":"wp","href":"https:\/\/api.w.org\/{rel}","templated":true}]}}