{"id":113,"date":"2015-03-16T08:06:00","date_gmt":"2015-03-16T08:06:00","guid":{"rendered":"http:\/\/blogsaverroes.juntadeandalucia.es\/pre\/ceip\/?page_id=113"},"modified":"2021-03-05T12:38:34","modified_gmt":"2021-03-05T12:38:34","slug":"biblioteca","status":"publish","type":"page","link":"https:\/\/blogsaverroes.juntadeandalucia.es\/ceipalandalusjerez\/biblioteca\/","title":{"rendered":"BIBLIOTECA ESCOLAR"},"content":{"rendered":"<p>Si haces click sobre la imagen enlazar\u00e1s al blog de nuestra biblioteca <em>(https:\/\/cuentamealandalus.blogspot.com)<\/em><\/p>\n<p style=\"text-align: center\"><a href=\"https:\/\/cuentamealandalus.blogspot.com\/\"><img loading=\"lazy\" decoding=\"async\" class=\"aligncenter wp-image-2354 size-medium\" src=\"https:\/\/blogsaverroes.juntadeandalucia.es\/ceipalandalusjerez\/files\/2018\/06\/IMG-20180314-WA0003-223x300.jpg\" alt=\"\" width=\"223\" height=\"300\" srcset=\"https:\/\/blogsaverroes.juntadeandalucia.es\/ceipalandalusjerez\/files\/2018\/06\/IMG-20180314-WA0003-223x300.jpg 223w, https:\/\/blogsaverroes.juntadeandalucia.es\/ceipalandalusjerez\/files\/2018\/06\/IMG-20180314-WA0003.jpg 762w, https:\/\/blogsaverroes.juntadeandalucia.es\/ceipalandalusjerez\/files\/2018\/06\/IMG-20180314-WA0003-18x24.jpg 18w, https:\/\/blogsaverroes.juntadeandalucia.es\/ceipalandalusjerez\/files\/2018\/06\/IMG-20180314-WA0003-27x36.jpg 27w, https:\/\/blogsaverroes.juntadeandalucia.es\/ceipalandalusjerez\/files\/2018\/06\/IMG-20180314-WA0003-36x48.jpg 36w\" sizes=\"(max-width: 223px) 100vw, 223px\" \/><\/a>Zafira es la mascota de nuestra biblioteca. Todos los martes y jueves de cada semana, durante el tiempo del recreo nuestro alumnado puede bajar a la biblioteca del centro para consultar y leer los libros que m\u00e1s les guste. Adem\u00e1s, con el carnet de biblioteca que todos y todas poseen, podr\u00e1n llev\u00e1rselos a casa a trav\u00e9s del servicio de pr\u00e9stamos digitalizado implantado en el centro mediante la plataforma Biblioweb S\u00e9neca.<\/p>\n<p><a href=\"https:\/\/blogsaverroes.juntadeandalucia.es\/ceipalandalusjerez\/files\/2021\/03\/images.jpg\"><img loading=\"lazy\" decoding=\"async\" class=\"wp-image-2529 aligncenter\" src=\"https:\/\/blogsaverroes.juntadeandalucia.es\/ceipalandalusjerez\/files\/2021\/03\/images-150x150.jpg\" alt=\"\" width=\"167\" height=\"167\"><\/a><\/p>\n<p style=\"text-align: center\"><a href=\"https:\/\/docs.google.com\/forms\/d\/e\/1FAIpQLScS8TBouCwCa2fw0_AA89HtxxZzrMQoQJN05-E11k4E6ochaA\/viewform\"><em><strong>Cuestionario de pr\u00e1cticas lectoras de nuestro alumnado<\/strong><\/em><\/a><\/p>\n<p><iframe loading=\"lazy\" title=\"Bibliotecas escolares de Andaluc\u00eda al servicio de la comunidad educativa\" width=\"500\" height=\"281\" src=\"https:\/\/www.youtube.com\/embed\/N_rrGePF_zM?feature=oembed&#038;wmode=opaque\" frameborder=\"0\" allow=\"accelerometer; autoplay; clipboard-write; encrypted-media; gyroscope; picture-in-picture; web-share\" referrerpolicy=\"strict-origin-when-cross-origin\" allowfullscreen><\/iframe><\/p>\n<p>Informaci\u00f3n sobre su uso, horarios, prestamos, etc&#8230;<\/p>\n<p><a title=\"Bibliotecas escolares\" href=\"http:\/\/www.juntadeandalucia.es\/educacion\/webportal\/web\/lecturas-y-bibliotecas-escolares\/bibliotecas-escolares\" target=\"_blank\" rel=\"noopener noreferrer\">Enlace al portal sobre las Bibliotecas Escolares.<\/a><\/p>\n","protected":false},"excerpt":{"rendered":"<p>Si haces click sobre la imagen enlazar\u00e1s al blog de nuestra biblioteca (https:\/\/cuentamealandalus.blogspot.com) Zafira es la mascota de nuestra biblioteca. Todos los martes y jueves de cada semana, durante el tiempo del recreo nuestro&#46;&#46;&#46;<\/p>\n","protected":false},"author":1,"featured_media":0,"parent":0,"menu_order":0,"comment_status":"closed","ping_status":"open","template":"","meta":{"ngg_post_thumbnail":0,"footnotes":"","_mc_calendar":[]},"aioseo_notices":[],"_links":{"self":[{"href":"https:\/\/blogsaverroes.juntadeandalucia.es\/ceipalandalusjerez\/wp-json\/wp\/v2\/pages\/113"}],"collection":[{"href":"https:\/\/blogsaverroes.juntadeandalucia.es\/ceipalandalusjerez\/wp-json\/wp\/v2\/pages"}],"about":[{"href":"https:\/\/blogsaverroes.juntadeandalucia.es\/ceipalandalusjerez\/wp-json\/wp\/v2\/types\/page"}],"author":[{"embeddable":true,"href":"https:\/\/blogsaverroes.juntadeandalucia.es\/ceipalandalusjerez\/wp-json\/wp\/v2\/users\/1"}],"replies":[{"embeddable":true,"href":"https:\/\/blogsaverroes.juntadeandalucia.es\/ceipalandalusjerez\/wp-json\/wp\/v2\/comments?post=113"}],"version-history":[{"count":13,"href":"https:\/\/blogsaverroes.juntadeandalucia.es\/ceipalandalusjerez\/wp-json\/wp\/v2\/pages\/113\/revisions"}],"predecessor-version":[{"id":2530,"href":"https:\/\/blogsaverroes.juntadeandalucia.es\/ceipalandalusjerez\/wp-json\/wp\/v2\/pages\/113\/revisions\/2530"}],"wp:attachment":[{"href":"https:\/\/blogsaverroes.juntadeandalucia.es\/ceipalandalusjerez\/wp-json\/wp\/v2\/media?parent=113"}],"curies":[{"name":"wp","href":"https:\/\/api.w.org\/{rel}","templated":true}]}}