{"id":42,"date":"2015-03-13T08:40:47","date_gmt":"2015-03-13T08:40:47","guid":{"rendered":"http:\/\/blogsaverroes.juntadeandalucia.es\/pre\/ceip\/?page_id=42"},"modified":"2017-08-29T08:47:59","modified_gmt":"2017-08-29T08:47:59","slug":"equipo-directivo","status":"publish","type":"page","link":"https:\/\/blogsaverroes.juntadeandalucia.es\/ceipalandalusjerez\/equipo-directivo\/","title":{"rendered":"Equipo directivo"},"content":{"rendered":"<p>El Equipo Directivo del C.E.I.P. AL-\u00c1NDALUS est\u00e1 compuesto por:<\/p>\n<p><strong>Direcci\u00f3n:&nbsp;JES\u00daS GALLOSO S\u00c1NCHEZ<\/strong><\/p>\n<p><strong>Jefatura de estudios: SUSANA DELFORD BALADEZ<\/strong><\/p>\n<p><strong>Secretar\u00eda: ALMUDENA CATAL\u00c1N ROM\u00c1N<br \/>\n<\/strong><\/p>\n<p>FUNCIONES DEL EQUIPO DIRECTIVO<\/p>\n<ol>\n<li>Velar por el buen funcionamiento del centro.<\/li>\n<li>Establecer el horario que corresponde a cada \u00e1rea y, en general, el de cualquier otra actividad docente y no docente.<\/li>\n<li>Adoptar las medidas necesarias para la ejecuci\u00f3n coordinada de los acuerdos adoptados por el Consejo Escolar y el Claustro de Profesorado, as\u00ed como velar por el cumplimiento de las decisiones de los \u00f3rganos de coordinaci\u00f3n docente, en el \u00e1mbito de sus respectivas competencias.<\/li>\n<li>Elaborar el Plan de Centro y la memoria de autoevaluaci\u00f3n, de conformidad con lo establecido en los art\u00edculos 20.2 y 3 y 26.5 del Decreto 328\/2010 de 13 de Julio.<\/li>\n<li>Impulsar la actuaci\u00f3n coordinada del centro con el resto de centros docentes de su zona educativa, especialmente con el instituto de educaci\u00f3n secundaria al que est\u00e9 adscrito.<\/li>\n<li>Favorecer la participaci\u00f3n del centro en redes de centros que promuevan planes y proyectos educativos para la mejora permanente de la ense\u00f1anza.<\/li>\n<li>Colaborar con la Consejer\u00eda competente en materia de educaci\u00f3n en aquellos \u00f3rganos de participaci\u00f3n que, a tales efectos, se establezcan.<\/li>\n<li>Cumplimentar la documentaci\u00f3n solicitada por los \u00f3rganos y entidades dependientes de la Consejer\u00eda competente en materia de educaci\u00f3n.<\/li>\n<li>Cualesquiera otras que le sean atribuidas por Orden de la persona titular de la Consejer\u00eda competente en materia de educaci\u00f3n.<\/li>\n<\/ol>\n<p>FUNCIONES DE LA PERSONA A CARGO DE LA JEFATURA DE ESTUDIOS<\/p>\n<ol>\n<li>Ejercer, por delegaci\u00f3n de la direcci\u00f3n y bajo su autoridad, la jefatura del personal docente en todo lo relativo al r\u00e9gimen acad\u00e9mico y controlar la asistencia al trabajo del mismo.<\/li>\n<li>Sustituir al director o directora en caso de vacante, ausencia o enfermedad.<\/li>\n<li>Ejercer, por delegaci\u00f3n de la direcci\u00f3n, la presidencia de las sesiones del equipo t\u00e9cnico de coordinaci\u00f3n pedag\u00f3gica.<\/li>\n<li>Proponer a la direcci\u00f3n del centro el nombramiento y cese de los tutores y tutoras de grupo.<\/li>\n<li>Coordinar las actividades de car\u00e1cter acad\u00e9mico y de orientaci\u00f3n, incluidas las derivadas de la coordinaci\u00f3n con los institutos de educaci\u00f3n secundaria a los que se encuentre adscrito el centro.<\/li>\n<li>Elaborar, en colaboraci\u00f3n con los restantes miembros del equipo directivo, el horario general del centro, as\u00ed como el horario lectivo del alumnado y el individual de cada maestro y maestra, de acuerdo con los criterios incluidos en el proyecto educativo, as\u00ed como velar por su estricto cumplimiento.<\/li>\n<li>Elaborar el plan de reuniones de los \u00f3rganos de coordinaci\u00f3n docente.<\/li>\n<li>Elaborar la planificaci\u00f3n general de las sesiones de evaluaci\u00f3n.<\/li>\n<li>Coordinar las actividades de los coordinadores de ciclo.<\/li>\n<li>Garantizar el cumplimiento de las programaciones did\u00e1cticas.<\/li>\n<li>Organizar los actos acad\u00e9micos.<\/li>\n<li>Organizar la atenci\u00f3n y el cuidado del alumnado en los per\u00edodos de recreo y en las actividades no lectivas.<\/li>\n<li>Cualesquiera otras que le sean atribuidas en el Plan de Centro o por Orden de la persona titular de la Consejer\u00eda competente en materia de educaci\u00f3n.<\/li>\n<li>Cualesquiera otras delegadas por la persona que ejerza la direcci\u00f3n del centro.<\/li>\n<\/ol>\n<p>FUNCIONES DE LA PERSONA&nbsp;A CARGO DE LA SECRETAR\u00cdA<\/p>\n<ol>\n<li>Ordenar el r\u00e9gimen administrativo del centro, de conformidad con las directrices de la direcci\u00f3n.<\/li>\n<li>Ejercer la secretar\u00eda de los \u00f3rganos colegiados de gobierno del centro, establecer el plan de reuniones de dichos \u00f3rganos, levantar acta de las sesiones y dar fe de los acuerdos, todo ello con el visto bueno de la direcci\u00f3n.<\/li>\n<li>Custodiar los libros oficiales y archivos del centro.<\/li>\n<li>Expedir, con el visto bueno de la direcci\u00f3n, las certificaciones que soliciten las autoridades y las personas interesadas.<\/li>\n<li>Realizar el inventario general del centro y mantenerlo actualizado.<\/li>\n<li>Adquirir el material y el equipamiento del centro, custodiar y gestionar la utilizaci\u00f3n del mismo y velar por su mantenimiento en todos los aspectos, de acuerdo con la normativa vigente y las indicaciones de la direcci\u00f3n, sin perjuicio de las facultades que en materia de contrataci\u00f3n corresponden a la persona titular de la direcci\u00f3n, de conformidad con lo recogido en el art\u00edculo 70.1.k) del Decreto 328\/2010 de 13 de Julio<\/li>\n<li>Ejercer, por delegaci\u00f3n de la direcci\u00f3n y bajo su autoridad, la jefatura del personal de administraci\u00f3n y servicios y de atenci\u00f3n educativa complementaria adscrito al centro y controlar la asistencia al trabajo del mismo.<\/li>\n<li>Elaborar, en colaboraci\u00f3n con los restantes miembros del equipo directivo, el horario del personal de administraci\u00f3n y servicios y de atenci\u00f3n educativa complementaria, as\u00ed como velar por su estricto cumplimiento.<\/li>\n<li>Elaborar el anteproyecto de presupuesto de ingresos y gastos del centro.<\/li>\n<li>Ordenar el r\u00e9gimen econ\u00f3mico del centro, de conformidad con las instrucciones de la direcci\u00f3n, realizar la contabilidad y rendir cuentas ante la Consejer\u00eda competente en materia de educaci\u00f3n y los \u00f3rganos a los que se refiere el art\u00edculo 25.4. del Decreto 328\/2010 de 13 de Julio.<\/li>\n<li>Cualesquiera otras que le sean atribuidas en el Plan de Centro o por Orden de la persona titular de la Consejer\u00eda competente en materia de educaci\u00f3n.<\/li>\n<li>Cualesquiera otras delegadas por la persona que ejerza la direcci\u00f3n del centro<\/li>\n<\/ol>\n","protected":false},"excerpt":{"rendered":"<p>El Equipo Directivo del C.E.I.P. AL-\u00c1NDALUS est\u00e1 compuesto por: Direcci\u00f3n:&nbsp;JES\u00daS GALLOSO S\u00c1NCHEZ Jefatura de estudios: SUSANA DELFORD BALADEZ Secretar\u00eda: ALMUDENA CATAL\u00c1N ROM\u00c1N FUNCIONES DEL EQUIPO DIRECTIVO Velar por el buen funcionamiento del centro. Establecer&#46;&#46;&#46;<\/p>\n","protected":false},"author":1,"featured_media":0,"parent":0,"menu_order":0,"comment_status":"closed","ping_status":"open","template":"","meta":{"ngg_post_thumbnail":0,"footnotes":"","_mc_calendar":[]},"aioseo_notices":[],"_links":{"self":[{"href":"https:\/\/blogsaverroes.juntadeandalucia.es\/ceipalandalusjerez\/wp-json\/wp\/v2\/pages\/42"}],"collection":[{"href":"https:\/\/blogsaverroes.juntadeandalucia.es\/ceipalandalusjerez\/wp-json\/wp\/v2\/pages"}],"about":[{"href":"https:\/\/blogsaverroes.juntadeandalucia.es\/ceipalandalusjerez\/wp-json\/wp\/v2\/types\/page"}],"author":[{"embeddable":true,"href":"https:\/\/blogsaverroes.juntadeandalucia.es\/ceipalandalusjerez\/wp-json\/wp\/v2\/users\/1"}],"replies":[{"embeddable":true,"href":"https:\/\/blogsaverroes.juntadeandalucia.es\/ceipalandalusjerez\/wp-json\/wp\/v2\/comments?post=42"}],"version-history":[{"count":9,"href":"https:\/\/blogsaverroes.juntadeandalucia.es\/ceipalandalusjerez\/wp-json\/wp\/v2\/pages\/42\/revisions"}],"predecessor-version":[{"id":2326,"href":"https:\/\/blogsaverroes.juntadeandalucia.es\/ceipalandalusjerez\/wp-json\/wp\/v2\/pages\/42\/revisions\/2326"}],"wp:attachment":[{"href":"https:\/\/blogsaverroes.juntadeandalucia.es\/ceipalandalusjerez\/wp-json\/wp\/v2\/media?parent=42"}],"curies":[{"name":"wp","href":"https:\/\/api.w.org\/{rel}","templated":true}]}}

<p>El Equipo Directivo del C.E.I.P. AL-ÁNDALUS está compuesto por:</p>
<p><strong>Dirección:&nbsp;JESÚS GALLOSO SÁNCHEZ</strong></p>
<p><strong>Jefatura de estudios: SUSANA DELFORD BALADEZ</strong></p>
<p><strong>Secretaría: ALMUDENA CATALÁN ROMÁN<br />
</strong></p>
<p>FUNCIONES DEL EQUIPO DIRECTIVO</p>
<ol>
<li>Velar por el buen funcionamiento del centro.</li>
<li>Establecer el horario que corresponde a cada área y, en general, el de cualquier otra actividad docente y no docente.</li>
<li>Adoptar las medidas necesarias para la ejecución coordinada de los acuerdos adoptados por el Consejo Escolar y el Claustro de Profesorado, así como velar por el cumplimiento de las decisiones de los órganos de coordinación docente, en el ámbito de sus respectivas competencias.</li>
<li>Elaborar el Plan de Centro y la memoria de autoevaluación, de conformidad con lo establecido en los artículos 20.2 y 3 y 26.5 del Decreto 328/2010 de 13 de Julio.</li>
<li>Impulsar la actuación coordinada del centro con el resto de centros docentes de su zona educativa, especialmente con el instituto de educación secundaria al que esté adscrito.</li>
<li>Favorecer la participación del centro en redes de centros que promuevan planes y proyectos educativos para la mejora permanente de la enseñanza.</li>
<li>Colaborar con la Consejería competente en materia de educación en aquellos órganos de participación que, a tales efectos, se establezcan.</li>
<li>Cumplimentar la documentación solicitada por los órganos y entidades dependientes de la Consejería competente en materia de educación.</li>
<li>Cualesquiera otras que le sean atribuidas por Orden de la persona titular de la Consejería competente en materia de educación.</li>
</ol>
<p>FUNCIONES DE LA PERSONA A CARGO DE LA JEFATURA DE ESTUDIOS</p>
<ol>
<li>Ejercer, por delegación de la dirección y bajo su autoridad, la jefatura del personal docente en todo lo relativo al régimen académico y controlar la asistencia al trabajo del mismo.</li>
<li>Sustituir al director o directora en caso de vacante, ausencia o enfermedad.</li>
<li>Ejercer, por delegación de la dirección, la presidencia de las sesiones del equipo técnico de coordinación pedagógica.</li>
<li>Proponer a la dirección del centro el nombramiento y cese de los tutores y tutoras de grupo.</li>
<li>Coordinar las actividades de carácter académico y de orientación, incluidas las derivadas de la coordinación con los institutos de educación secundaria a los que se encuentre adscrito el centro.</li>
<li>Elaborar, en colaboración con los restantes miembros del equipo directivo, el horario general del centro, así como el horario lectivo del alumnado y el individual de cada maestro y maestra, de acuerdo con los criterios incluidos en el proyecto educativo, así como velar por su estricto cumplimiento.</li>
<li>Elaborar el plan de reuniones de los órganos de coordinación docente.</li>
<li>Elaborar la planificación general de las sesiones de evaluación.</li>
<li>Coordinar las actividades de los coordinadores de ciclo.</li>
<li>Garantizar el cumplimiento de las programaciones didácticas.</li>
<li>Organizar los actos académicos.</li>
<li>Organizar la atención y el cuidado del alumnado en los períodos de recreo y en las actividades no lectivas.</li>
<li>Cualesquiera otras que le sean atribuidas en el Plan de Centro o por Orden de la persona titular de la Consejería competente en materia de educación.</li>
<li>Cualesquiera otras delegadas por la persona que ejerza la dirección del centro.</li>
</ol>
<p>FUNCIONES DE LA PERSONA&nbsp;A CARGO DE LA SECRETARÍA</p>
<ol>
<li>Ordenar el régimen administrativo del centro, de conformidad con las directrices de la dirección.</li>
<li>Ejercer la secretaría de los órganos colegiados de gobierno del centro, establecer el plan de reuniones de dichos órganos, levantar acta de las sesiones y dar fe de los acuerdos, todo ello con el visto bueno de la dirección.</li>
<li>Custodiar los libros oficiales y archivos del centro.</li>
<li>Expedir, con el visto bueno de la dirección, las certificaciones que soliciten las autoridades y las personas interesadas.</li>
<li>Realizar el inventario general del centro y mantenerlo actualizado.</li>
<li>Adquirir el material y el equipamiento del centro, custodiar y gestionar la utilización del mismo y velar por su mantenimiento en todos los aspectos, de acuerdo con la normativa vigente y las indicaciones de la dirección, sin perjuicio de las facultades que en materia de contratación corresponden a la persona titular de la dirección, de conformidad con lo recogido en el artículo 70.1.k) del Decreto 328/2010 de 13 de Julio</li>
<li>Ejercer, por delegación de la dirección y bajo su autoridad, la jefatura del personal de administración y servicios y de atención educativa complementaria adscrito al centro y controlar la asistencia al trabajo del mismo.</li>
<li>Elaborar, en colaboración con los restantes miembros del equipo directivo, el horario del personal de administración y servicios y de atención educativa complementaria, así como velar por su estricto cumplimiento.</li>
<li>Elaborar el anteproyecto de presupuesto de ingresos y gastos del centro.</li>
<li>Ordenar el régimen económico del centro, de conformidad con las instrucciones de la dirección, realizar la contabilidad y rendir cuentas ante la Consejería competente en materia de educación y los órganos a los que se refiere el artículo 25.4. del Decreto 328/2010 de 13 de Julio.</li>
<li>Cualesquiera otras que le sean atribuidas en el Plan de Centro o por Orden de la persona titular de la Consejería competente en materia de educación.</li>
<li>Cualesquiera otras delegadas por la persona que ejerza la dirección del centro</li>
</ol>

<p>El Equipo Directivo del C.E.I.P. AL-ÁNDALUS está compuesto por: Dirección:&nbsp;JESÚS GALLOSO SÁNCHEZ Jefatura de estudios: SUSANA DELFORD BALADEZ Secretaría: ALMUDENA CATALÁN ROMÁN FUNCIONES DEL EQUIPO DIRECTIVO Velar por el buen funcionamiento del centro. Establecer&#46;&#46;&#46;</p>
