{"id":200,"date":"2015-03-17T10:04:24","date_gmt":"2015-03-17T10:04:24","guid":{"rendered":"http:\/\/blogsaverroes.juntadeandalucia.es\/pre\/ceip\/?page_id=200"},"modified":"2019-03-12T13:49:11","modified_gmt":"2019-03-12T12:49:11","slug":"quienes-formamos-el-ampa","status":"publish","type":"page","link":"https:\/\/blogsaverroes.juntadeandalucia.es\/ceipalandalusutrera\/quienes-formamos-el-ampa\/","title":{"rendered":"\u00bfQui\u00e9nes forman el AMPA?"},"content":{"rendered":"<h5>Presidenta: Roc\u00edo Tirado Gonz\u00e1lez<\/h5>\n<h5>Secretaria: Pilar Fern\u00e1ndez Romero<\/h5>\n<h5>Tesorera: M<sup>a<\/sup> Jos\u00e9 Garc\u00eda Blanco<\/h5>\n<h5>Vocales:<\/h5>\n<ul>\n<li>\n<h5>M<sup>a<\/sup> del Carmen S\u00e1nchez Rodr\u00edguez<\/h5>\n<\/li>\n<li>\n<h5>M<sup>a<\/sup> Carmen \u00c1lvarez L\u00f3pez<\/h5>\n<\/li>\n<li>\n<h5>Milagros Olmedo Santamar\u00eda<\/h5>\n<\/li>\n<li>\n<h5>M<sup>a<\/sup> \u00c1ngeles Ram\u00edrez Portillo<\/h5>\n<\/li>\n<li>\n<h5>Almudena Begines Caro<\/h5>\n<\/li>\n<\/ul>\n","protected":false},"excerpt":{"rendered":"<p>Presidenta: Roc\u00edo Tirado Gonz\u00e1lez Secretaria: Pilar Fern\u00e1ndez Romero Tesorera: Ma Jos\u00e9 Garc\u00eda Blanco Vocales: Ma del Carmen S\u00e1nchez Rodr\u00edguez Ma Carmen \u00c1lvarez L\u00f3pez Milagros Olmedo&hellip;<\/p>\n","protected":false},"author":1,"featured_media":0,"parent":0,"menu_order":0,"comment_status":"closed","ping_status":"open","template":"","meta":{"ngg_post_thumbnail":0,"footnotes":"","_mc_calendar":[]},"aioseo_notices":[],"_links":{"self":[{"href":"https:\/\/blogsaverroes.juntadeandalucia.es\/ceipalandalusutrera\/wp-json\/wp\/v2\/pages\/200"}],"collection":[{"href":"https:\/\/blogsaverroes.juntadeandalucia.es\/ceipalandalusutrera\/wp-json\/wp\/v2\/pages"}],"about":[{"href":"https:\/\/blogsaverroes.juntadeandalucia.es\/ceipalandalusutrera\/wp-json\/wp\/v2\/types\/page"}],"author":[{"embeddable":true,"href":"https:\/\/blogsaverroes.juntadeandalucia.es\/ceipalandalusutrera\/wp-json\/wp\/v2\/users\/1"}],"replies":[{"embeddable":true,"href":"https:\/\/blogsaverroes.juntadeandalucia.es\/ceipalandalusutrera\/wp-json\/wp\/v2\/comments?post=200"}],"version-history":[{"count":7,"href":"https:\/\/blogsaverroes.juntadeandalucia.es\/ceipalandalusutrera\/wp-json\/wp\/v2\/pages\/200\/revisions"}],"predecessor-version":[{"id":6788,"href":"https:\/\/blogsaverroes.juntadeandalucia.es\/ceipalandalusutrera\/wp-json\/wp\/v2\/pages\/200\/revisions\/6788"}],"wp:attachment":[{"href":"https:\/\/blogsaverroes.juntadeandalucia.es\/ceipalandalusutrera\/wp-json\/wp\/v2\/media?parent=200"}],"curies":[{"name":"wp","href":"https:\/\/api.w.org\/{rel}","templated":true}]}}

¿Quiénes forman el AMPA?

<h5>Presidenta: Rocío Tirado González</h5>
<h5>Secretaria: Pilar Fernández Romero</h5>
<h5>Tesorera: M<sup>a</sup> José García Blanco</h5>
<h5>Vocales:</h5>
<ul>
<li>
<h5>M<sup>a</sup> del Carmen Sánchez Rodríguez</h5>
</li>
<li>
<h5>M<sup>a</sup> Carmen Álvarez López</h5>
</li>
<li>
<h5>Milagros Olmedo Santamaría</h5>
</li>
<li>
<h5>M<sup>a</sup> Ángeles Ramírez Portillo</h5>
</li>
<li>
<h5>Almudena Begines Caro</h5>
</li>
</ul>

<p>Presidenta: Rocío Tirado González Secretaria: Pilar Fernández Romero Tesorera: Ma José García Blanco Vocales: Ma del Carmen Sánchez Rodríguez Ma Carmen Álvarez López Milagros Olmedo&hellip;</p>
