{"id":2364,"date":"2016-10-24T14:34:13","date_gmt":"2016-10-24T14:34:13","guid":{"rendered":"http:\/\/blogsaverroes.juntadeandalucia.es\/ceipalandalusutrera\/?page_id=2364"},"modified":"2019-10-25T11:07:15","modified_gmt":"2019-10-25T10:07:15","slug":"blogs-de-aula","status":"publish","type":"page","link":"https:\/\/blogsaverroes.juntadeandalucia.es\/ceipalandalusutrera\/blogs-de-aula\/","title":{"rendered":"Blogs de aula"},"content":{"rendered":"<h5>&nbsp;Estos blogs de aula elaborados por los equipos docentes incluyen una serie de juegos y actividades interactivas pensadas para reforzar y ampliar los aprendizajes del alumnado. A lo largo del curso, a medida que se vaya avanzando en las diferentes unidades, se ir\u00e1n a\u00f1adiendo nuevas entradas relacionadas con los contenidos que se est\u00e1n tratando en clase. Estos recursos podr\u00e1n ser utilizados tanto dentro como fuera del aula. Para la realizaci\u00f3n de estos juegos \u00fanicamente se necesita un ordernador con conexi\u00f3n a Internet.<\/h5>\n<p>&nbsp;<\/p>\n<p><a href=\"https:\/\/blogalandalus1.blogspot.com\/\" target=\"_blank\" rel=\"noopener noreferrer\"><img loading=\"lazy\" decoding=\"async\" class=\"aligncenter wp-image-6797 size-full\" src=\"https:\/\/blogsaverroes.juntadeandalucia.es\/ceipalandalusutrera\/files\/2019\/10\/blog1\u00ba.png\" alt=\"\" width=\"331\" height=\"82\" srcset=\"https:\/\/blogsaverroes.juntadeandalucia.es\/ceipalandalusutrera\/files\/2019\/10\/blog1\u00ba.png 331w, https:\/\/blogsaverroes.juntadeandalucia.es\/ceipalandalusutrera\/files\/2019\/10\/blog1\u00ba-300x74.png 300w, https:\/\/blogsaverroes.juntadeandalucia.es\/ceipalandalusutrera\/files\/2019\/10\/blog1\u00ba-24x6.png 24w, https:\/\/blogsaverroes.juntadeandalucia.es\/ceipalandalusutrera\/files\/2019\/10\/blog1\u00ba-36x9.png 36w, https:\/\/blogsaverroes.juntadeandalucia.es\/ceipalandalusutrera\/files\/2019\/10\/blog1\u00ba-48x12.png 48w\" sizes=\"(max-width: 331px) 100vw, 331px\" \/><\/a><\/p>\n<p>&nbsp;<\/p>\n<p><a href=\"https:\/\/blogalandalus2.blogspot.com.es\/\" target=\"_blank\" rel=\"noopener noreferrer\"><img loading=\"lazy\" decoding=\"async\" class=\" size-medium wp-image-2365 aligncenter\" src=\"http:\/\/blogsaverroes.juntadeandalucia.es\/ceipalandalusutrera\/files\/2016\/10\/blog2-300x82.png\" alt=\"blog2\" width=\"300\" height=\"82\" srcset=\"https:\/\/blogsaverroes.juntadeandalucia.es\/ceipalandalusutrera\/files\/2016\/10\/blog2-300x82.png 300w, https:\/\/blogsaverroes.juntadeandalucia.es\/ceipalandalusutrera\/files\/2016\/10\/blog2.png 425w\" sizes=\"(max-width: 300px) 100vw, 300px\" \/><\/a><\/p>\n<p>&nbsp;<\/p>\n<p style=\"text-align: center\"><a href=\"https:\/\/blogalandalus3.blogspot.com.es\/\" target=\"_blank\" rel=\"noopener noreferrer\"><img loading=\"lazy\" decoding=\"async\" class=\"alignnone size-medium wp-image-2366\" src=\"http:\/\/blogsaverroes.juntadeandalucia.es\/ceipalandalusutrera\/files\/2016\/10\/blog3-300x69.png\" alt=\"blog3\" width=\"300\" height=\"69\" srcset=\"https:\/\/blogsaverroes.juntadeandalucia.es\/ceipalandalusutrera\/files\/2016\/10\/blog3-300x69.png 300w, https:\/\/blogsaverroes.juntadeandalucia.es\/ceipalandalusutrera\/files\/2016\/10\/blog3.png 455w\" sizes=\"(max-width: 300px) 100vw, 300px\" \/><\/a><\/p>\n<p style=\"text-align: center\">&nbsp;<\/p>\n<p style=\"text-align: center\"><a href=\"https:\/\/blogalandalus4.blogspot.com.es\/\" target=\"_blank\" rel=\"noopener noreferrer\"><img loading=\"lazy\" decoding=\"async\" class=\"aligncenter wp-image-5995 size-medium\" src=\"https:\/\/blogsaverroes.juntadeandalucia.es\/ceipalandalusutrera\/files\/2016\/10\/elblog4\u00ba-300x60.png\" alt=\"\" width=\"300\" height=\"60\" srcset=\"https:\/\/blogsaverroes.juntadeandalucia.es\/ceipalandalusutrera\/files\/2016\/10\/elblog4\u00ba-300x60.png 300w, https:\/\/blogsaverroes.juntadeandalucia.es\/ceipalandalusutrera\/files\/2016\/10\/elblog4\u00ba-332x66.png 332w, https:\/\/blogsaverroes.juntadeandalucia.es\/ceipalandalusutrera\/files\/2016\/10\/elblog4\u00ba-24x5.png 24w, https:\/\/blogsaverroes.juntadeandalucia.es\/ceipalandalusutrera\/files\/2016\/10\/elblog4\u00ba-36x7.png 36w, https:\/\/blogsaverroes.juntadeandalucia.es\/ceipalandalusutrera\/files\/2016\/10\/elblog4\u00ba-48x10.png 48w, https:\/\/blogsaverroes.juntadeandalucia.es\/ceipalandalusutrera\/files\/2016\/10\/elblog4\u00ba.png 547w\" sizes=\"(max-width: 300px) 100vw, 300px\" \/><\/a><\/p>\n<p>&nbsp;<\/p>\n<p style=\"text-align: center\"><a href=\"https:\/\/blogalandalus5.blogspot.com\/\"><img loading=\"lazy\" decoding=\"async\" class=\"aligncenter size-full wp-image-6749\" src=\"https:\/\/blogsaverroes.juntadeandalucia.es\/ceipalandalusutrera\/files\/2016\/10\/blog5.png\" alt=\"\" width=\"338\" height=\"71\" srcset=\"https:\/\/blogsaverroes.juntadeandalucia.es\/ceipalandalusutrera\/files\/2016\/10\/blog5.png 338w, https:\/\/blogsaverroes.juntadeandalucia.es\/ceipalandalusutrera\/files\/2016\/10\/blog5-300x63.png 300w, https:\/\/blogsaverroes.juntadeandalucia.es\/ceipalandalusutrera\/files\/2016\/10\/blog5-332x70.png 332w, https:\/\/blogsaverroes.juntadeandalucia.es\/ceipalandalusutrera\/files\/2016\/10\/blog5-24x5.png 24w, https:\/\/blogsaverroes.juntadeandalucia.es\/ceipalandalusutrera\/files\/2016\/10\/blog5-36x8.png 36w, https:\/\/blogsaverroes.juntadeandalucia.es\/ceipalandalusutrera\/files\/2016\/10\/blog5-48x10.png 48w\" sizes=\"(max-width: 338px) 100vw, 338px\" \/><\/a><\/p>\n<p>&nbsp;<\/p>\n<p style=\"text-align: center\"><a href=\"https:\/\/blogalandalus6.blogspot.com\/\"><img loading=\"lazy\" decoding=\"async\" class=\"aligncenter size-full wp-image-6813\" src=\"https:\/\/blogsaverroes.juntadeandalucia.es\/ceipalandalusutrera\/files\/2019\/10\/blog6-1.png\" alt=\"\" width=\"393\" height=\"81\" srcset=\"https:\/\/blogsaverroes.juntadeandalucia.es\/ceipalandalusutrera\/files\/2019\/10\/blog6-1.png 393w, https:\/\/blogsaverroes.juntadeandalucia.es\/ceipalandalusutrera\/files\/2019\/10\/blog6-1-300x62.png 300w, https:\/\/blogsaverroes.juntadeandalucia.es\/ceipalandalusutrera\/files\/2019\/10\/blog6-1-332x68.png 332w, https:\/\/blogsaverroes.juntadeandalucia.es\/ceipalandalusutrera\/files\/2019\/10\/blog6-1-24x5.png 24w, https:\/\/blogsaverroes.juntadeandalucia.es\/ceipalandalusutrera\/files\/2019\/10\/blog6-1-36x7.png 36w, https:\/\/blogsaverroes.juntadeandalucia.es\/ceipalandalusutrera\/files\/2019\/10\/blog6-1-48x10.png 48w\" sizes=\"(max-width: 393px) 100vw, 393px\" \/><\/a><\/p>\n<p>&nbsp;<\/p>\n<h5>Blogs de cursos anteriores:<\/h5>\n<p>&nbsp;<\/p>\n<p style=\"text-align: center\"><a href=\"https:\/\/blog6alandalus15.blogspot.com\/\" target=\"_blank\" rel=\"noopener noreferrer\"><img loading=\"lazy\" decoding=\"async\" class=\"aligncenter wp-image-6750 size-medium\" src=\"https:\/\/blogsaverroes.juntadeandalucia.es\/ceipalandalusutrera\/files\/2016\/10\/blog61516-300x26.png\" alt=\"\" width=\"300\" height=\"26\" srcset=\"https:\/\/blogsaverroes.juntadeandalucia.es\/ceipalandalusutrera\/files\/2016\/10\/blog61516-300x26.png 300w, https:\/\/blogsaverroes.juntadeandalucia.es\/ceipalandalusutrera\/files\/2016\/10\/blog61516-768x67.png 768w, https:\/\/blogsaverroes.juntadeandalucia.es\/ceipalandalusutrera\/files\/2016\/10\/blog61516-700x61.png 700w, https:\/\/blogsaverroes.juntadeandalucia.es\/ceipalandalusutrera\/files\/2016\/10\/blog61516-332x29.png 332w, https:\/\/blogsaverroes.juntadeandalucia.es\/ceipalandalusutrera\/files\/2016\/10\/blog61516-24x2.png 24w, https:\/\/blogsaverroes.juntadeandalucia.es\/ceipalandalusutrera\/files\/2016\/10\/blog61516-36x3.png 36w, https:\/\/blogsaverroes.juntadeandalucia.es\/ceipalandalusutrera\/files\/2016\/10\/blog61516-48x4.png 48w, https:\/\/blogsaverroes.juntadeandalucia.es\/ceipalandalusutrera\/files\/2016\/10\/blog61516.png 785w\" sizes=\"(max-width: 300px) 100vw, 300px\" \/><\/a><\/p>\n<p>&nbsp;<\/p>\n<h5 style=\"text-align: center\"><a href=\"http:\/\/blogdeclasealandalus.blogspot.com\/\" target=\"_blank\" rel=\"noopener noreferrer\"><img loading=\"lazy\" decoding=\"async\" class=\"aligncenter wp-image-6751 size-medium\" src=\"https:\/\/blogsaverroes.juntadeandalucia.es\/ceipalandalusutrera\/files\/2016\/10\/blog615-300x39.png\" alt=\"\" width=\"300\" height=\"39\" srcset=\"https:\/\/blogsaverroes.juntadeandalucia.es\/ceipalandalusutrera\/files\/2016\/10\/blog615-300x39.png 300w, https:\/\/blogsaverroes.juntadeandalucia.es\/ceipalandalusutrera\/files\/2016\/10\/blog615-332x43.png 332w, https:\/\/blogsaverroes.juntadeandalucia.es\/ceipalandalusutrera\/files\/2016\/10\/blog615-24x3.png 24w, https:\/\/blogsaverroes.juntadeandalucia.es\/ceipalandalusutrera\/files\/2016\/10\/blog615-36x5.png 36w, https:\/\/blogsaverroes.juntadeandalucia.es\/ceipalandalusutrera\/files\/2016\/10\/blog615-48x6.png 48w, https:\/\/blogsaverroes.juntadeandalucia.es\/ceipalandalusutrera\/files\/2016\/10\/blog615.png 394w\" sizes=\"(max-width: 300px) 100vw, 300px\" \/><\/a>(Curso 2014-15)<\/h5>\n<p>&nbsp;<\/p>\n","protected":false},"excerpt":{"rendered":"<p>&nbsp;Estos blogs de aula elaborados por los equipos docentes incluyen una serie de juegos y actividades interactivas pensadas para reforzar y ampliar los aprendizajes del&hellip;<\/p>\n","protected":false},"author":4061,"featured_media":0,"parent":0,"menu_order":0,"comment_status":"closed","ping_status":"closed","template":"","meta":{"ngg_post_thumbnail":0,"footnotes":"","_mc_calendar":[]},"aioseo_notices":[],"_links":{"self":[{"href":"https:\/\/blogsaverroes.juntadeandalucia.es\/ceipalandalusutrera\/wp-json\/wp\/v2\/pages\/2364"}],"collection":[{"href":"https:\/\/blogsaverroes.juntadeandalucia.es\/ceipalandalusutrera\/wp-json\/wp\/v2\/pages"}],"about":[{"href":"https:\/\/blogsaverroes.juntadeandalucia.es\/ceipalandalusutrera\/wp-json\/wp\/v2\/types\/page"}],"author":[{"embeddable":true,"href":"https:\/\/blogsaverroes.juntadeandalucia.es\/ceipalandalusutrera\/wp-json\/wp\/v2\/users\/4061"}],"replies":[{"embeddable":true,"href":"https:\/\/blogsaverroes.juntadeandalucia.es\/ceipalandalusutrera\/wp-json\/wp\/v2\/comments?post=2364"}],"version-history":[{"count":19,"href":"https:\/\/blogsaverroes.juntadeandalucia.es\/ceipalandalusutrera\/wp-json\/wp\/v2\/pages\/2364\/revisions"}],"predecessor-version":[{"id":6814,"href":"https:\/\/blogsaverroes.juntadeandalucia.es\/ceipalandalusutrera\/wp-json\/wp\/v2\/pages\/2364\/revisions\/6814"}],"wp:attachment":[{"href":"https:\/\/blogsaverroes.juntadeandalucia.es\/ceipalandalusutrera\/wp-json\/wp\/v2\/media?parent=2364"}],"curies":[{"name":"wp","href":"https:\/\/api.w.org\/{rel}","templated":true}]}}