{"id":871,"date":"2015-03-16T07:25:46","date_gmt":"2015-03-16T07:25:46","guid":{"rendered":"http:\/\/blogsaverroes.juntadeandalucia.es\/pre\/ceip\/?page_id=106"},"modified":"2024-10-28T14:01:44","modified_gmt":"2024-10-28T13:01:44","slug":"actividades-extraescolares","status":"publish","type":"page","link":"https:\/\/blogsaverroes.juntadeandalucia.es\/ceipalandalusutrera\/actividades-extraescolares\/","title":{"rendered":"Actividades Extraescolares"},"content":{"rendered":"<h5 style=\"text-align: center\"><a href=\"http:\/\/blogsaverroes.juntadeandalucia.es\/ceipalandalusutrera\/files\/2015\/03\/talleres.jpg\"><img loading=\"lazy\" decoding=\"async\" class=\"aligncenter size-medium wp-image-228\" src=\"http:\/\/blogsaverroes.juntadeandalucia.es\/ceipalandalusutrera\/files\/2015\/03\/talleres-300x200.jpg\" alt=\"talleres\" width=\"300\" height=\"200\" srcset=\"https:\/\/blogsaverroes.juntadeandalucia.es\/ceipalandalusutrera\/files\/2015\/03\/talleres-300x200.jpg 300w, https:\/\/blogsaverroes.juntadeandalucia.es\/ceipalandalusutrera\/files\/2015\/03\/talleres-1024x682.jpg 1024w, https:\/\/blogsaverroes.juntadeandalucia.es\/ceipalandalusutrera\/files\/2015\/03\/talleres-700x466.jpg 700w, https:\/\/blogsaverroes.juntadeandalucia.es\/ceipalandalusutrera\/files\/2015\/03\/talleres-332x221.jpg 332w, https:\/\/blogsaverroes.juntadeandalucia.es\/ceipalandalusutrera\/files\/2015\/03\/talleres.jpg 1280w\" sizes=\"(max-width: 300px) 100vw, 300px\" \/><\/a><\/h5>\n<h5 style=\"text-align: justify\">Se consideran actividades extraescolares las encaminadas a potenciar la apertura del Centro a su entorno y a procurar la formaci\u00f3n integral del alumnado en aspectos referidos a la ampliaci\u00f3n de su horizonte cultural, la preparaci\u00f3n para su inserci\u00f3n en la sociedad o el uso del tiempo libre. Las actividades extraescolares se realizar\u00e1n fuera del horario lectivo y tendr\u00e1n car\u00e1cter voluntario para el alumnado y el profesorado.<\/h5>\n<p>&nbsp;<\/p>\n<h5 style=\"text-align: justify\">Para conocer la oferta de actividades extraescolares para el presente curso, p\u00f3ngase en contacto con los representantes de la AMPA o pulse aqu\u00ed: <a href=\"https:\/\/blogsaverroes.juntadeandalucia.es\/ceipalandalusutrera\/secretaria\/\" target=\"_blank\" rel=\"noopener\">Secretar\u00eda<\/a>.<\/h5>\n<p>&nbsp;<\/p>\n<p>&nbsp;<\/p>\n","protected":false},"excerpt":{"rendered":"<p>Se consideran actividades extraescolares las encaminadas a potenciar la apertura del Centro a su entorno y a procurar la formaci\u00f3n integral del alumnado en aspectos&hellip;<\/p>\n","protected":false},"author":4061,"featured_media":0,"parent":0,"menu_order":0,"comment_status":"closed","ping_status":"open","template":"","meta":{"ngg_post_thumbnail":0,"footnotes":"","_mc_calendar":[]},"aioseo_notices":[],"_links":{"self":[{"href":"https:\/\/blogsaverroes.juntadeandalucia.es\/ceipalandalusutrera\/wp-json\/wp\/v2\/pages\/871"}],"collection":[{"href":"https:\/\/blogsaverroes.juntadeandalucia.es\/ceipalandalusutrera\/wp-json\/wp\/v2\/pages"}],"about":[{"href":"https:\/\/blogsaverroes.juntadeandalucia.es\/ceipalandalusutrera\/wp-json\/wp\/v2\/types\/page"}],"author":[{"embeddable":true,"href":"https:\/\/blogsaverroes.juntadeandalucia.es\/ceipalandalusutrera\/wp-json\/wp\/v2\/users\/4061"}],"replies":[{"embeddable":true,"href":"https:\/\/blogsaverroes.juntadeandalucia.es\/ceipalandalusutrera\/wp-json\/wp\/v2\/comments?post=871"}],"version-history":[{"count":25,"href":"https:\/\/blogsaverroes.juntadeandalucia.es\/ceipalandalusutrera\/wp-json\/wp\/v2\/pages\/871\/revisions"}],"predecessor-version":[{"id":7674,"href":"https:\/\/blogsaverroes.juntadeandalucia.es\/ceipalandalusutrera\/wp-json\/wp\/v2\/pages\/871\/revisions\/7674"}],"wp:attachment":[{"href":"https:\/\/blogsaverroes.juntadeandalucia.es\/ceipalandalusutrera\/wp-json\/wp\/v2\/media?parent=871"}],"curies":[{"name":"wp","href":"https:\/\/api.w.org\/{rel}","templated":true}]}}