{"id":99,"date":"2015-03-01T07:22:54","date_gmt":"2015-03-01T07:22:54","guid":{"rendered":"http:\/\/blogsaverroes.juntadeandalucia.es\/pre\/ceip\/?page_id=99"},"modified":"2024-10-28T14:03:31","modified_gmt":"2024-10-28T13:03:31","slug":"comedor-escolar","status":"publish","type":"page","link":"https:\/\/blogsaverroes.juntadeandalucia.es\/ceipalandalusutrera\/comedor-escolar\/","title":{"rendered":"Comedor Escolar"},"content":{"rendered":"<h5 style=\"text-align: center\">&nbsp;<\/h5>\n<h5 style=\"text-align: center\">En nuestro Centro se oferta el servicio de <strong>comedor<\/strong> <strong>escolar<\/strong> para aquellas familias que lo necesiten y lo soliciten.&nbsp;<\/h5>\n<p style=\"text-align: center\">&nbsp;<\/p>\n<h5 style=\"text-align: center\">Para m\u00e1s informaci\u00f3n, contacte por tel\u00e9fono\/correo electr\u00f3nico o pulse aqu\u00ed: <a href=\"https:\/\/blogsaverroes.juntadeandalucia.es\/ceipalandalusutrera\/secretaria\/\" target=\"_blank\" rel=\"noopener\">Secretar\u00eda<\/a>.<\/h5>\n<h5 style=\"text-align: center\">&nbsp;<\/h5>\n","protected":false},"excerpt":{"rendered":"<p>&nbsp; En nuestro Centro se oferta el servicio de comedor escolar para aquellas familias que lo necesiten y lo soliciten.&nbsp; &nbsp; Para m\u00e1s informaci\u00f3n, contacte&hellip;<\/p>\n","protected":false},"author":4061,"featured_media":0,"parent":0,"menu_order":0,"comment_status":"closed","ping_status":"open","template":"","meta":{"ngg_post_thumbnail":0,"footnotes":"","_mc_calendar":[]},"aioseo_notices":[],"_links":{"self":[{"href":"https:\/\/blogsaverroes.juntadeandalucia.es\/ceipalandalusutrera\/wp-json\/wp\/v2\/pages\/99"}],"collection":[{"href":"https:\/\/blogsaverroes.juntadeandalucia.es\/ceipalandalusutrera\/wp-json\/wp\/v2\/pages"}],"about":[{"href":"https:\/\/blogsaverroes.juntadeandalucia.es\/ceipalandalusutrera\/wp-json\/wp\/v2\/types\/page"}],"author":[{"embeddable":true,"href":"https:\/\/blogsaverroes.juntadeandalucia.es\/ceipalandalusutrera\/wp-json\/wp\/v2\/users\/4061"}],"replies":[{"embeddable":true,"href":"https:\/\/blogsaverroes.juntadeandalucia.es\/ceipalandalusutrera\/wp-json\/wp\/v2\/comments?post=99"}],"version-history":[{"count":13,"href":"https:\/\/blogsaverroes.juntadeandalucia.es\/ceipalandalusutrera\/wp-json\/wp\/v2\/pages\/99\/revisions"}],"predecessor-version":[{"id":7676,"href":"https:\/\/blogsaverroes.juntadeandalucia.es\/ceipalandalusutrera\/wp-json\/wp\/v2\/pages\/99\/revisions\/7676"}],"wp:attachment":[{"href":"https:\/\/blogsaverroes.juntadeandalucia.es\/ceipalandalusutrera\/wp-json\/wp\/v2\/media?parent=99"}],"curies":[{"name":"wp","href":"https:\/\/api.w.org\/{rel}","templated":true}]}}