{"id":2414,"date":"2021-02-22T16:59:33","date_gmt":"2021-02-22T16:59:33","guid":{"rendered":"https:\/\/blogsaverroes.juntadeandalucia.es\/ceipalcaldeleonrios\/?page_id=2414"},"modified":"2024-05-30T08:03:05","modified_gmt":"2024-05-30T08:03:05","slug":"tercero","status":"publish","type":"page","link":"https:\/\/blogsaverroes.juntadeandalucia.es\/ceipalcaldeleonrios\/tercero\/","title":{"rendered":"ORGANIZACI\u00d3N Y FUNCIONAMIENTO DE LA BIBLIOTECA ESCOLAR"},"content":{"rendered":"<p><em><strong>COORDINADOR: JOS\u00c9 MANUEL JIM\u00c9NEZ CARRI\u00d3N.<\/strong><\/em><\/p>\n<p>El Proyecto Educativo de Centro recoger\u00e1 la organizaci\u00f3n de la biblioteca del centro.<\/p>\n<p>La direcci\u00f3n del centro designar\u00e1 a una persona docente funcionaria del Cuerpo de Maestros o de Profesores de Ense\u00f1anza Secundaria como responsable de la biblioteca escolar, preferentemente con destino definitivo que acredite experiencia y formaci\u00f3n en organizaci\u00f3n y funcionamiento de las bibliotecas escolares, y, al menos, por dos cursos acad\u00e9micos.&nbsp;<\/p>\n<p>La persona responsable contar\u00e1 con la colaboraci\u00f3n de un equipo de apoyo formado por un m\u00ednimo de dos profesores o profesoras y un m\u00e1ximo del 25% profesorado con destino en el mismo centro, perteneciente a los cuerpos de la funci\u00f3n p\u00fablica docente.<\/p>\n<p>El profesor o profesora responsable de la biblioteca se incorporar\u00e1 y participar\u00e1 como miembro&nbsp;efectivo en la Red profesional de bibliotecas escolares de su provincia.<\/p>\n<p>La direcci\u00f3n del centro educativo registrar\u00e1 en el Sistema de gesti\u00f3n de centros S\u00e9neca los datos relativos a la organizaci\u00f3n y funcionamiento de la biblioteca de su centro as\u00ed como los de las personas participantes en la misma.&nbsp;<\/p>\n<p>Los centros educativos elaborar\u00e1n un plan de trabajo de la biblioteca escolar que contemple actuaciones para el fomento de la lectura, el tratamiento y uso de la informaci\u00f3n, la competencia digital y el desarrollo de habilidades intelectuales que deber\u00e1 incorporarse al Proyecto Educativo de Centro.<\/p>\n<p>La persona responsable de la biblioteca escolar ser\u00e1 la encargada, en colaboraci\u00f3n con el equipo directivo y el equipo de apoyo, de elaborar el plan de trabajo anual de la biblioteca, que posibilite el uso de la misma por el alumnado y profesorado de todas las \u00e1reas y etapas educativas.<\/p>\n<p>La Consejer\u00eda de Educaci\u00f3n reconocer\u00e1 la labor de las personas encargadas de la organizaci\u00f3n y&nbsp;funcionamiento de la biblioteca escolar (responsable y miembros del equipo de apoyo). Finalizado el curso escolar y cumplimentada la memoria anual en S\u00e9neca por la persona responsable, esta cumplimentar\u00e1 el acta de certificaci\u00f3n de la participaci\u00f3n con el visto bueno del director o directora del centro, que requerir\u00e1 firma electr\u00f3nica de ambos.<\/p>\n<p><a href=\"https:\/\/portals.ced.junta-andalucia.es\/educacion\/portals\/web\/lecturas-bibliotecas-escolares\/organizacion-y-funcionamiento-de-las-bibliotecas-escolares\/-\/libre\/detalle\/Koif0zjL2YL4\/la-organizacion-de-la-biblioteca-escolar-1\">https:\/\/portals.ced.junta-andalucia.es\/educacion\/portals\/web\/lecturas-bibliotecas-escolares\/organizacion-y-funcionamiento-de-las-bibliotecas-escolares\/-\/libre\/detalle\/Koif0zjL2YL4\/la-organizacion-de-la-biblioteca-escolar-1<\/a><\/p>\n<p><a href=\"https:\/\/portals.ced.junta-andalucia.es\/educacion\/portals\/web\/lecturas-bibliotecas-escolares\/organizacion-y-funcionamiento-de-las-bibliotecas-escolares\/-\/libre\/detalle\/Koif0zjL2YL4\/aspectos-tecnicos-y-organizativos\">https:\/\/portals.ced.junta-andalucia.es\/educacion\/portals\/web\/lecturas-bibliotecas-escolares\/organizacion-y-funcionamiento-de-las-bibliotecas-escolares\/-\/libre\/detalle\/Koif0zjL2YL4\/aspectos-tecnicos-y-organizativos<\/a><\/p>\n","protected":false},"excerpt":{"rendered":"<p>COORDINADOR: JOS\u00c9 MANUEL JIM\u00c9NEZ CARRI\u00d3N. El Proyecto Educativo de Centro recoger\u00e1 la organizaci\u00f3n de la biblioteca del centro. La direcci\u00f3n del centro designar\u00e1 a una persona docente funcionaria del Cuerpo de Maestros o de&#46;&#46;&#46;<\/p>\n","protected":false},"author":11952,"featured_media":0,"parent":0,"menu_order":0,"comment_status":"closed","ping_status":"closed","template":"","meta":{"ngg_post_thumbnail":0,"footnotes":"","_mc_calendar":[]},"aioseo_notices":[],"_links":{"self":[{"href":"https:\/\/blogsaverroes.juntadeandalucia.es\/ceipalcaldeleonrios\/wp-json\/wp\/v2\/pages\/2414"}],"collection":[{"href":"https:\/\/blogsaverroes.juntadeandalucia.es\/ceipalcaldeleonrios\/wp-json\/wp\/v2\/pages"}],"about":[{"href":"https:\/\/blogsaverroes.juntadeandalucia.es\/ceipalcaldeleonrios\/wp-json\/wp\/v2\/types\/page"}],"author":[{"embeddable":true,"href":"https:\/\/blogsaverroes.juntadeandalucia.es\/ceipalcaldeleonrios\/wp-json\/wp\/v2\/users\/11952"}],"replies":[{"embeddable":true,"href":"https:\/\/blogsaverroes.juntadeandalucia.es\/ceipalcaldeleonrios\/wp-json\/wp\/v2\/comments?post=2414"}],"version-history":[{"count":9,"href":"https:\/\/blogsaverroes.juntadeandalucia.es\/ceipalcaldeleonrios\/wp-json\/wp\/v2\/pages\/2414\/revisions"}],"predecessor-version":[{"id":4891,"href":"https:\/\/blogsaverroes.juntadeandalucia.es\/ceipalcaldeleonrios\/wp-json\/wp\/v2\/pages\/2414\/revisions\/4891"}],"wp:attachment":[{"href":"https:\/\/blogsaverroes.juntadeandalucia.es\/ceipalcaldeleonrios\/wp-json\/wp\/v2\/media?parent=2414"}],"curies":[{"name":"wp","href":"https:\/\/api.w.org\/{rel}","templated":true}]}}