{"id":35,"date":"2015-03-13T08:21:43","date_gmt":"2015-03-13T08:21:43","guid":{"rendered":"http:\/\/blogsaverroes.juntadeandalucia.es\/pre\/ceip\/?page_id=35"},"modified":"2025-09-17T09:32:51","modified_gmt":"2025-09-17T09:32:51","slug":"el-centro-2","status":"publish","type":"page","link":"https:\/\/blogsaverroes.juntadeandalucia.es\/ceipalcaldeleonrios\/el-centro-2\/","title":{"rendered":"Datos del CEIP ALCALDE LE\u00d3N R\u00cdOS CURSO 2025\/26"},"content":{"rendered":"<h4>Datos del centro.<\/h4>\n<p><em>Actualmente el centro cuenta con 525 alumnos\/as. De los cu\u00e1les son de:<\/em><\/p>\n<ul>\n<li><span style=\"color: #008000\">Primaria: 374 alumnos\/as.<\/span><\/li>\n<li><span style=\"color: #008000\">Infantil: 148 alumnos\/as.<\/span><\/li>\n<li><span style=\"color: #008000\">Aula espec\u00edfica: 3 alumnos\/as.<\/span><\/li>\n<\/ul>\n<p><em>En cu\u00e1nto al profesorado, contamos con 33 maestros\/as. (en el apartado de profesorado del centro pod\u00e9is encontrar a cada unos de los maestros\/as con su correo corporativo)<\/em><\/p>\n<p><span style=\"color: #008000\">En Infantil disponemos de 6 aulas.<\/span><\/p>\n<p><span style=\"color: #008000\">En primaria disponemos de 17 aulas.<\/span><\/p>\n<p>En el apartado de ENSE\u00d1ANZAS pod\u00e9is encontrar las l\u00edneas del centro por niveles con sus respectivos maestros\/as.<\/p>\n<h4>Datos de contacto<\/h4>\n<p style=\"text-align: center\"><strong><em>Colegio de Educaci\u00f3n Infantil y Primaria Alcalde Le\u00f3n R\u00edos<\/em><\/strong><\/p>\n<p><a href=\"https:\/\/blogsaverroes.juntadeandalucia.es\/ceipalcaldeleonrios\/files\/2022\/10\/CEIP-ALCALDE-LE\u00d3N-R\u00cdOS-8.png\"><img loading=\"lazy\" decoding=\"async\" class=\"wp-image-2888 aligncenter\" src=\"https:\/\/blogsaverroes.juntadeandalucia.es\/ceipalcaldeleonrios\/files\/2022\/10\/CEIP-ALCALDE-LE\u00d3N-R\u00cdOS-8.png\" alt=\"\" width=\"236\" height=\"236\" srcset=\"https:\/\/blogsaverroes.juntadeandalucia.es\/ceipalcaldeleonrios\/files\/2022\/10\/CEIP-ALCALDE-LE\u00d3N-R\u00cdOS-8.png 500w, https:\/\/blogsaverroes.juntadeandalucia.es\/ceipalcaldeleonrios\/files\/2022\/10\/CEIP-ALCALDE-LE\u00d3N-R\u00cdOS-8-300x300.png 300w, https:\/\/blogsaverroes.juntadeandalucia.es\/ceipalcaldeleonrios\/files\/2022\/10\/CEIP-ALCALDE-LE\u00d3N-R\u00cdOS-8-150x150.png 150w\" sizes=\"(max-width: 236px) 100vw, 236px\" \/><\/a><\/p>\n<p><strong>Direcci\u00f3n:<\/strong> &nbsp;Calle Jim\u00e9nez Mu\u00f1oz 29; El Viso del Alcor 41520 Sevilla<\/p>\n<p><strong>C.P.<\/strong>: 41520<\/p>\n<p><strong>Tel\u00e9fono:&nbsp; &nbsp;<\/strong><\/p>\n<ul>\n<li><strong>FIJO:<\/strong> 955649605<\/li>\n<li><strong>SECRETAR\u00cdA:<\/strong> 671596710<\/li>\n<li><strong>DIRECCI\u00d3N:<\/strong> 671536034<\/li>\n<\/ul>\n<p><strong>Email:<\/strong> 41008091.edu@juntadeandalucia.es<\/p>\n<p><strong>Telegram:<\/strong> <a href=\"https:\/\/t.me\/colegioleonrios\">https:\/\/t.me\/colegioleonrios<\/a><\/p>\n<p><strong>Blog del Cole:<\/strong> https:\/\/blogsaverroes.juntadeandalucia.es\/ceipalcaldeleonrios\/<\/p>\n<h4><strong>Horarios<\/strong><\/h4>\n<p>Lunes a Viernes de 9:00 a 14:00 h<\/p>\n<p>Atenci\u00f3n administrativa: 9:30 a 11:00h<\/p>\n<p>Atenci\u00f3n a las familias: lunes de 16:00 a 17: 00h<\/p>\n<p><a href=\"https:\/\/goo.gl\/maps\/q9q4iV79AK5k1SQJ8\"><img loading=\"lazy\" decoding=\"async\" class=\"aligncenter size-medium wp-image-2621\" src=\"https:\/\/blogsaverroes.juntadeandalucia.es\/ceipalcaldeleonrios\/files\/2021\/02\/Ubicacion-cole-300x228.png\" alt=\"\" width=\"300\" height=\"228\" srcset=\"https:\/\/blogsaverroes.juntadeandalucia.es\/ceipalcaldeleonrios\/files\/2021\/02\/Ubicacion-cole-300x228.png 300w, https:\/\/blogsaverroes.juntadeandalucia.es\/ceipalcaldeleonrios\/files\/2021\/02\/Ubicacion-cole.png 599w\" sizes=\"(max-width: 300px) 100vw, 300px\" \/><\/a><\/p>\n<p>&nbsp;<\/p>\n<p>&nbsp;<\/p>\n","protected":false},"excerpt":{"rendered":"<p>Datos del centro. Actualmente el centro cuenta con 525 alumnos\/as. De los cu\u00e1les son de: Primaria: 374 alumnos\/as. Infantil: 148 alumnos\/as. Aula espec\u00edfica: 3 alumnos\/as. En cu\u00e1nto al profesorado, contamos con 33 maestros\/as. (en&#46;&#46;&#46;<\/p>\n","protected":false},"author":1,"featured_media":0,"parent":0,"menu_order":0,"comment_status":"closed","ping_status":"open","template":"","meta":{"ngg_post_thumbnail":0,"footnotes":"","_mc_calendar":[]},"aioseo_notices":[],"_links":{"self":[{"href":"https:\/\/blogsaverroes.juntadeandalucia.es\/ceipalcaldeleonrios\/wp-json\/wp\/v2\/pages\/35"}],"collection":[{"href":"https:\/\/blogsaverroes.juntadeandalucia.es\/ceipalcaldeleonrios\/wp-json\/wp\/v2\/pages"}],"about":[{"href":"https:\/\/blogsaverroes.juntadeandalucia.es\/ceipalcaldeleonrios\/wp-json\/wp\/v2\/types\/page"}],"author":[{"embeddable":true,"href":"https:\/\/blogsaverroes.juntadeandalucia.es\/ceipalcaldeleonrios\/wp-json\/wp\/v2\/users\/1"}],"replies":[{"embeddable":true,"href":"https:\/\/blogsaverroes.juntadeandalucia.es\/ceipalcaldeleonrios\/wp-json\/wp\/v2\/comments?post=35"}],"version-history":[{"count":44,"href":"https:\/\/blogsaverroes.juntadeandalucia.es\/ceipalcaldeleonrios\/wp-json\/wp\/v2\/pages\/35\/revisions"}],"predecessor-version":[{"id":5332,"href":"https:\/\/blogsaverroes.juntadeandalucia.es\/ceipalcaldeleonrios\/wp-json\/wp\/v2\/pages\/35\/revisions\/5332"}],"wp:attachment":[{"href":"https:\/\/blogsaverroes.juntadeandalucia.es\/ceipalcaldeleonrios\/wp-json\/wp\/v2\/media?parent=35"}],"curies":[{"name":"wp","href":"https:\/\/api.w.org\/{rel}","templated":true}]}}