{"id":77,"date":"2015-03-16T06:54:56","date_gmt":"2015-03-16T06:54:56","guid":{"rendered":"http:\/\/blogsaverroes.juntadeandalucia.es\/pre\/ceip\/?page_id=77"},"modified":"2024-03-07T08:57:47","modified_gmt":"2024-03-07T08:57:47","slug":"secretaria","status":"publish","type":"page","link":"https:\/\/blogsaverroes.juntadeandalucia.es\/ceipalejandrogarciagarrido\/secretaria\/","title":{"rendered":"Secretar\u00eda"},"content":{"rendered":"<p style=\"text-align: center\"><a href=\"https:\/\/blogsaverroes.juntadeandalucia.es\/ceipalejandrogarciagarrido\/files\/2024\/03\/horario-secretaria.jpg\"><img loading=\"lazy\" decoding=\"async\" class=\"alignnone  wp-image-2476\" src=\"https:\/\/blogsaverroes.juntadeandalucia.es\/ceipalejandrogarciagarrido\/files\/2024\/03\/horario-secretaria-209x300.jpg\" alt=\"\" width=\"373\" height=\"535\" srcset=\"https:\/\/blogsaverroes.juntadeandalucia.es\/ceipalejandrogarciagarrido\/files\/2024\/03\/horario-secretaria-209x300.jpg 209w, https:\/\/blogsaverroes.juntadeandalucia.es\/ceipalejandrogarciagarrido\/files\/2024\/03\/horario-secretaria.jpg 402w\" sizes=\"(max-width: 373px) 100vw, 373px\" \/><\/a><\/p>\n<p style=\"text-align: center\">Puede <strong>contactar a trav\u00e9s de:<\/strong><\/p>\n<p style=\"text-align: center\">Email:&nbsp; 29009041.edu@juntadeandalucia.es<\/p>\n<p style=\"text-align: center\">Tel: &nbsp; &nbsp; &nbsp; 951 28 99 62&nbsp;<\/p>\n<p style=\"text-align: center\">Fax:&nbsp; &nbsp; &nbsp;951 28 99 63<\/p>\n<p>En la&nbsp;<strong>Secretar\u00eda<\/strong>&nbsp;del centro, se desarrollan todas las funciones y tr\u00e1mites administrativos indicados m\u00e1s abajo (matr\u00edculas, certificados, solicitudes, etc.)<\/p>\n<p>Los&nbsp;<strong>principales tr\u00e1mites<\/strong>&nbsp;que se llevan a cabo en la Secretar\u00eda son:<\/p>\n<ul>\n<li>Certificaciones relativas al alumnado y al profesorado del centro<\/li>\n<li>Gesti\u00f3n econ\u00f3mica: Presupuestos, pagos, presentaci\u00f3n de cuentas a la administraci\u00f3n, etc.<\/li>\n<li>Preinscripci\u00f3n del alumnado nuevo de cara al curso siguiente (Todo el mes de marzo)<\/li>\n<li>Gesti\u00f3n de la admisi\u00f3n y escolarizaci\u00f3n del alumnado.<\/li>\n<li>Matriculaci\u00f3n para el curso siguiente (Primera semana de junio)<\/li>\n<li>Tramitaci\u00f3n de solicitudes y ayudas de los distintos servicios del centro: Comedor, aula matinal y actividades extraescolares (Primera semana de junio)<\/li>\n<li>Tramitaci\u00f3n de ayudas y becas de diversa \u00edndole convocadas por las distintas administraciones educativas.<\/li>\n<li>Tramitaci\u00f3n de los expedientes acad\u00e9micos del alumnado inmerso en procesos de traslado de centro.<\/li>\n<li>Gesti\u00f3n de la documentaci\u00f3n del alumnado: Expediente personal, historial acad\u00e9mico.<\/li>\n<li>Cumplimentaci\u00f3n y custodia de las Actas oficiales de evaluaci\u00f3n de los diferentes cursos.<\/li>\n<li>Orden y custodia del archivo hist\u00f3rico del centro.<\/li>\n<li>Dep\u00f3sito de los libros de Actas de los \u00f3rganos colegiados.<\/li>\n<\/ul>\n<p>En el&nbsp;<strong>curso 2021-2022, de acuerdo con el Protocolo COVID-19<\/strong>&nbsp;&nbsp;del centro el&nbsp;<strong>Horario de Atenci\u00f3n de la Secretar\u00eda<\/strong>&nbsp;ser\u00e1:<\/p>\n<ul>\n<li><strong>Lunes y mi\u00e9rcoles.<\/strong><\/li>\n<li><strong>Entre las 10:00h y 13:00h.<\/strong><\/li>\n<li><strong>Siempre a trav\u00e9s de cita previa en el tel\u00e9fono 951 289 962,<\/strong>&nbsp;evitando la aglomeraci\u00f3n.<\/li>\n<\/ul>\n<p>&nbsp;<\/p>\n<p>&nbsp;<strong>IMPORTANTE<\/strong><\/p>\n<ul>\n<li>\n<ul>\n<li>Todas las personas que accedan al centro deber\u00e1n&nbsp;<strong>seguir todas las medidas de seguridad establecidas para la prevenci\u00f3n de COVID-19<\/strong>&nbsp;(usar mascarilla tapando nariz, boca y barbilla, lavarse las manos o desinfectarlas con soluci\u00f3n hidroalcoh\u00f3lica, mantener la distancia m\u00ednima de 1.5m, deambular \u00fanicamente por las zonas se\u00f1alizadas para la circulaci\u00f3n por el centro y seguir todas las indicaciones de los responsables del centro a este respecto).<\/li>\n<li><strong>Cuando se deba esperar hacerlo siempre en el porche junto a la entrada<\/strong> de la planta baja del Edificio principal.<\/li>\n<\/ul>\n<\/li>\n<\/ul>\n<p><strong>&nbsp;<\/strong><\/p>\n","protected":false},"excerpt":{"rendered":"<p>Puede contactar a trav\u00e9s de: Email:&nbsp; 29009041.edu@juntadeandalucia.es Tel: &nbsp; &nbsp; &nbsp; 951 28 99 62&nbsp; Fax:&nbsp; &nbsp; &nbsp;951 28 99 63 En la&nbsp;Secretar\u00eda&nbsp;del centro, se desarrollan todas las funciones y tr\u00e1mites administrativos indicados m\u00e1s abajo (matr\u00edculas, certificados, solicitudes, etc.) Los&nbsp;principales tr\u00e1mites&nbsp;que se llevan a cabo en la Secretar\u00eda son: Certificaciones relativas al alumnado y al &hellip; <\/p>\n<p><a class=\"more-link btn\" href=\"https:\/\/blogsaverroes.juntadeandalucia.es\/ceipalejandrogarciagarrido\/secretaria\/\">Seguir leyendo<\/a><\/p>\n","protected":false},"author":1,"featured_media":0,"parent":0,"menu_order":0,"comment_status":"closed","ping_status":"open","template":"","meta":{"ngg_post_thumbnail":0,"footnotes":"","_mc_calendar":[]},"aioseo_notices":[],"_links":{"self":[{"href":"https:\/\/blogsaverroes.juntadeandalucia.es\/ceipalejandrogarciagarrido\/wp-json\/wp\/v2\/pages\/77"}],"collection":[{"href":"https:\/\/blogsaverroes.juntadeandalucia.es\/ceipalejandrogarciagarrido\/wp-json\/wp\/v2\/pages"}],"about":[{"href":"https:\/\/blogsaverroes.juntadeandalucia.es\/ceipalejandrogarciagarrido\/wp-json\/wp\/v2\/types\/page"}],"author":[{"embeddable":true,"href":"https:\/\/blogsaverroes.juntadeandalucia.es\/ceipalejandrogarciagarrido\/wp-json\/wp\/v2\/users\/1"}],"replies":[{"embeddable":true,"href":"https:\/\/blogsaverroes.juntadeandalucia.es\/ceipalejandrogarciagarrido\/wp-json\/wp\/v2\/comments?post=77"}],"version-history":[{"count":7,"href":"https:\/\/blogsaverroes.juntadeandalucia.es\/ceipalejandrogarciagarrido\/wp-json\/wp\/v2\/pages\/77\/revisions"}],"predecessor-version":[{"id":2477,"href":"https:\/\/blogsaverroes.juntadeandalucia.es\/ceipalejandrogarciagarrido\/wp-json\/wp\/v2\/pages\/77\/revisions\/2477"}],"wp:attachment":[{"href":"https:\/\/blogsaverroes.juntadeandalucia.es\/ceipalejandrogarciagarrido\/wp-json\/wp\/v2\/media?parent=77"}],"curies":[{"name":"wp","href":"https:\/\/api.w.org\/{rel}","templated":true}]}}

Secretaría

<p style="text-align: center"><a href="https://blogsaverroes.juntadeandalucia.es/ceipalejandrogarciagarrido/files/2024/03/horario-secretaria.jpg"><img loading="lazy" decoding="async" class="alignnone  wp-image-2476" src="https://blogsaverroes.juntadeandalucia.es/ceipalejandrogarciagarrido/files/2024/03/horario-secretaria-209x300.jpg" alt="" width="373" height="535" srcset="https://blogsaverroes.juntadeandalucia.es/ceipalejandrogarciagarrido/files/2024/03/horario-secretaria-209x300.jpg 209w, https://blogsaverroes.juntadeandalucia.es/ceipalejandrogarciagarrido/files/2024/03/horario-secretaria.jpg 402w" sizes="(max-width: 373px) 100vw, 373px" /></a></p>
<p style="text-align: center">Puede <strong>contactar a través de:</strong></p>
<p style="text-align: center">Email:&nbsp; 29009041.edu@juntadeandalucia.es</p>
<p style="text-align: center">Tel: &nbsp; &nbsp; &nbsp; 951 28 99 62&nbsp;</p>
<p style="text-align: center">Fax:&nbsp; &nbsp; &nbsp;951 28 99 63</p>
<p>En la&nbsp;<strong>Secretaría</strong>&nbsp;del centro, se desarrollan todas las funciones y trámites administrativos indicados más abajo (matrículas, certificados, solicitudes, etc.)</p>
<p>Los&nbsp;<strong>principales trámites</strong>&nbsp;que se llevan a cabo en la Secretaría son:</p>
<ul>
<li>Certificaciones relativas al alumnado y al profesorado del centro</li>
<li>Gestión económica: Presupuestos, pagos, presentación de cuentas a la administración, etc.</li>
<li>Preinscripción del alumnado nuevo de cara al curso siguiente (Todo el mes de marzo)</li>
<li>Gestión de la admisión y escolarización del alumnado.</li>
<li>Matriculación para el curso siguiente (Primera semana de junio)</li>
<li>Tramitación de solicitudes y ayudas de los distintos servicios del centro: Comedor, aula matinal y actividades extraescolares (Primera semana de junio)</li>
<li>Tramitación de ayudas y becas de diversa índole convocadas por las distintas administraciones educativas.</li>
<li>Tramitación de los expedientes académicos del alumnado inmerso en procesos de traslado de centro.</li>
<li>Gestión de la documentación del alumnado: Expediente personal, historial académico.</li>
<li>Cumplimentación y custodia de las Actas oficiales de evaluación de los diferentes cursos.</li>
<li>Orden y custodia del archivo histórico del centro.</li>
<li>Depósito de los libros de Actas de los órganos colegiados.</li>
</ul>
<p>En el&nbsp;<strong>curso 2021-2022, de acuerdo con el Protocolo COVID-19</strong>&nbsp;&nbsp;del centro el&nbsp;<strong>Horario de Atención de la Secretaría</strong>&nbsp;será:</p>
<ul>
<li><strong>Lunes y miércoles.</strong></li>
<li><strong>Entre las 10:00h y 13:00h.</strong></li>
<li><strong>Siempre a través de cita previa en el teléfono 951 289 962,</strong>&nbsp;evitando la aglomeración.</li>
</ul>
<p>&nbsp;</p>
<p>&nbsp;<strong>IMPORTANTE</strong></p>
<ul>
<li>
<ul>
<li>Todas las personas que accedan al centro deberán&nbsp;<strong>seguir todas las medidas de seguridad establecidas para la prevención de COVID-19</strong>&nbsp;(usar mascarilla tapando nariz, boca y barbilla, lavarse las manos o desinfectarlas con solución hidroalcohólica, mantener la distancia mínima de 1.5m, deambular únicamente por las zonas señalizadas para la circulación por el centro y seguir todas las indicaciones de los responsables del centro a este respecto).</li>
<li><strong>Cuando se deba esperar hacerlo siempre en el porche junto a la entrada</strong> de la planta baja del Edificio principal.</li>
</ul>
</li>
</ul>
<p><strong>&nbsp;</strong></p>

<p>Puede contactar a través de: Email:&nbsp; 29009041.edu@juntadeandalucia.es Tel: &nbsp; &nbsp; &nbsp; 951 28 99 62&nbsp; Fax:&nbsp; &nbsp; &nbsp;951 28 99 63 En la&nbsp;Secretaría&nbsp;del centro, se desarrollan todas las funciones y trámites administrativos indicados más abajo (matrículas, certificados, solicitudes, etc.) Los&nbsp;principales trámites&nbsp;que se llevan a cabo en la Secretaría son: Certificaciones relativas al alumnado y al &hellip; </p>
<p><a class="more-link btn" href="https://blogsaverroes.juntadeandalucia.es/ceipalejandrogarciagarrido/secretaria/">Seguir leyendo</a></p>
