{"id":82,"date":"2015-03-16T06:59:55","date_gmt":"2015-03-16T06:59:55","guid":{"rendered":"http:\/\/blogsaverroes.juntadeandalucia.es\/pre\/ceip\/?page_id=82"},"modified":"2026-02-08T05:44:44","modified_gmt":"2026-02-08T05:44:44","slug":"horarios","status":"publish","type":"page","link":"https:\/\/blogsaverroes.juntadeandalucia.es\/ceipalejandrogarciagarrido\/horarios\/","title":{"rendered":"Horarios"},"content":{"rendered":"<p><a href=\"https:\/\/blogsaverroes.juntadeandalucia.es\/ceipalejandrogarciagarrido\/files\/2026\/02\/ENTRADA-blog-horarios.png\"><img loading=\"lazy\" decoding=\"async\" class=\"aligncenter size-full wp-image-2700\" src=\"https:\/\/blogsaverroes.juntadeandalucia.es\/ceipalejandrogarciagarrido\/files\/2026\/02\/ENTRADA-blog-horarios.png\" alt=\"\" width=\"2240\" height=\"1260\" srcset=\"https:\/\/blogsaverroes.juntadeandalucia.es\/ceipalejandrogarciagarrido\/files\/2026\/02\/ENTRADA-blog-horarios.png 1600w, https:\/\/blogsaverroes.juntadeandalucia.es\/ceipalejandrogarciagarrido\/files\/2026\/02\/ENTRADA-blog-horarios-300x169.png 300w, https:\/\/blogsaverroes.juntadeandalucia.es\/ceipalejandrogarciagarrido\/files\/2026\/02\/ENTRADA-blog-horarios-1024x576.png 1024w, https:\/\/blogsaverroes.juntadeandalucia.es\/ceipalejandrogarciagarrido\/files\/2026\/02\/ENTRADA-blog-horarios-768x432.png 768w, https:\/\/blogsaverroes.juntadeandalucia.es\/ceipalejandrogarciagarrido\/files\/2026\/02\/ENTRADA-blog-horarios-1536x864.png 1536w, https:\/\/blogsaverroes.juntadeandalucia.es\/ceipalejandrogarciagarrido\/files\/2026\/02\/ENTRADA-blog-horarios-2048x1152.png 2048w, https:\/\/blogsaverroes.juntadeandalucia.es\/ceipalejandrogarciagarrido\/files\/2026\/02\/ENTRADA-blog-horarios-750x422.png 750w\" sizes=\"(max-width: 2240px) 100vw, 2240px\" \/><\/a><\/p>\n<h2>Horarios<\/h2>\n<p><strong>Aula matinal:<\/strong>&nbsp;<\/p>\n<p>7:30h a 9:30h<\/p>\n<p><strong>Actividades lectivas:<\/strong>&nbsp;&nbsp;&nbsp;<\/p>\n<p>de 8:00h a 14:30h 1\u00baciclo de ESO,&nbsp; &nbsp; &nbsp;<\/p>\n<p>de 9:30h a 14:30h Educaci\u00f3n Infantil y Primaria.<\/p>\n<p><strong>Comedor:<\/strong>&nbsp;&nbsp;<\/p>\n<p>de 14:30h a 16:00h<\/p>\n<p><strong>Programa de Acompa\u00f1amiento:<\/strong>&nbsp;<\/p>\n<p>martes y jueves de 16:00h a 18:00h<\/p>\n<p><strong>Actividades extraescolares.<\/strong><\/p>\n<p>de lunes a jueves de 16:00h a 18:00h<\/p>\n<p>INGL\u00c9S : lunes de 16:ooh a 18:00h<\/p>\n<p>TEATRO: mi\u00e9rcoles de 16:00h a 18:00h<\/p>\n","protected":false},"excerpt":{"rendered":"<p>Horarios Aula matinal:&nbsp; 7:30h a 9:30h Actividades lectivas:&nbsp;&nbsp;&nbsp; de 8:00h a 14:30h 1\u00baciclo de ESO,&nbsp; &nbsp; &nbsp; de 9:30h a 14:30h Educaci\u00f3n Infantil y Primaria. Comedor:&nbsp;&nbsp; de 14:30h a 16:00h Programa de Acompa\u00f1amiento:&nbsp; martes y jueves de 16:00h a 18:00h Actividades extraescolares. de lunes a jueves de 16:00h a 18:00h INGL\u00c9S : lunes de 16:ooh &hellip; <\/p>\n<p><a class=\"more-link btn\" href=\"https:\/\/blogsaverroes.juntadeandalucia.es\/ceipalejandrogarciagarrido\/horarios\/\">Seguir leyendo<\/a><\/p>\n","protected":false},"author":1,"featured_media":0,"parent":0,"menu_order":0,"comment_status":"closed","ping_status":"open","template":"","meta":{"ngg_post_thumbnail":0,"footnotes":"","_mc_calendar":[]},"aioseo_notices":[],"_links":{"self":[{"href":"https:\/\/blogsaverroes.juntadeandalucia.es\/ceipalejandrogarciagarrido\/wp-json\/wp\/v2\/pages\/82"}],"collection":[{"href":"https:\/\/blogsaverroes.juntadeandalucia.es\/ceipalejandrogarciagarrido\/wp-json\/wp\/v2\/pages"}],"about":[{"href":"https:\/\/blogsaverroes.juntadeandalucia.es\/ceipalejandrogarciagarrido\/wp-json\/wp\/v2\/types\/page"}],"author":[{"embeddable":true,"href":"https:\/\/blogsaverroes.juntadeandalucia.es\/ceipalejandrogarciagarrido\/wp-json\/wp\/v2\/users\/1"}],"replies":[{"embeddable":true,"href":"https:\/\/blogsaverroes.juntadeandalucia.es\/ceipalejandrogarciagarrido\/wp-json\/wp\/v2\/comments?post=82"}],"version-history":[{"count":6,"href":"https:\/\/blogsaverroes.juntadeandalucia.es\/ceipalejandrogarciagarrido\/wp-json\/wp\/v2\/pages\/82\/revisions"}],"predecessor-version":[{"id":2701,"href":"https:\/\/blogsaverroes.juntadeandalucia.es\/ceipalejandrogarciagarrido\/wp-json\/wp\/v2\/pages\/82\/revisions\/2701"}],"wp:attachment":[{"href":"https:\/\/blogsaverroes.juntadeandalucia.es\/ceipalejandrogarciagarrido\/wp-json\/wp\/v2\/media?parent=82"}],"curies":[{"name":"wp","href":"https:\/\/api.w.org\/{rel}","templated":true}]}}

<p><a href="https://blogsaverroes.juntadeandalucia.es/ceipalejandrogarciagarrido/files/2026/02/ENTRADA-blog-horarios.png"><img loading="lazy" decoding="async" class="aligncenter size-full wp-image-2700" src="https://blogsaverroes.juntadeandalucia.es/ceipalejandrogarciagarrido/files/2026/02/ENTRADA-blog-horarios.png" alt="" width="2240" height="1260" srcset="https://blogsaverroes.juntadeandalucia.es/ceipalejandrogarciagarrido/files/2026/02/ENTRADA-blog-horarios.png 1600w, https://blogsaverroes.juntadeandalucia.es/ceipalejandrogarciagarrido/files/2026/02/ENTRADA-blog-horarios-300x169.png 300w, https://blogsaverroes.juntadeandalucia.es/ceipalejandrogarciagarrido/files/2026/02/ENTRADA-blog-horarios-1024x576.png 1024w, https://blogsaverroes.juntadeandalucia.es/ceipalejandrogarciagarrido/files/2026/02/ENTRADA-blog-horarios-768x432.png 768w, https://blogsaverroes.juntadeandalucia.es/ceipalejandrogarciagarrido/files/2026/02/ENTRADA-blog-horarios-1536x864.png 1536w, https://blogsaverroes.juntadeandalucia.es/ceipalejandrogarciagarrido/files/2026/02/ENTRADA-blog-horarios-2048x1152.png 2048w, https://blogsaverroes.juntadeandalucia.es/ceipalejandrogarciagarrido/files/2026/02/ENTRADA-blog-horarios-750x422.png 750w" sizes="(max-width: 2240px) 100vw, 2240px" /></a></p>
<h2>Horarios</h2>
<p><strong>Aula matinal:</strong>&nbsp;</p>
<p>7:30h a 9:30h</p>
<p><strong>Actividades lectivas:</strong>&nbsp;&nbsp;&nbsp;</p>
<p>de 8:00h a 14:30h 1ºciclo de ESO,&nbsp; &nbsp; &nbsp;</p>
<p>de 9:30h a 14:30h Educación Infantil y Primaria.</p>
<p><strong>Comedor:</strong>&nbsp;&nbsp;</p>
<p>de 14:30h a 16:00h</p>
<p><strong>Programa de Acompañamiento:</strong>&nbsp;</p>
<p>martes y jueves de 16:00h a 18:00h</p>
<p><strong>Actividades extraescolares.</strong></p>
<p>de lunes a jueves de 16:00h a 18:00h</p>
<p>INGLÉS : lunes de 16:ooh a 18:00h</p>
<p>TEATRO: miércoles de 16:00h a 18:00h</p>

<p>Horarios Aula matinal:&nbsp; 7:30h a 9:30h Actividades lectivas:&nbsp;&nbsp;&nbsp; de 8:00h a 14:30h 1ºciclo de ESO,&nbsp; &nbsp; &nbsp; de 9:30h a 14:30h Educación Infantil y Primaria. Comedor:&nbsp;&nbsp; de 14:30h a 16:00h Programa de Acompañamiento:&nbsp; martes y jueves de 16:00h a 18:00h Actividades extraescolares. de lunes a jueves de 16:00h a 18:00h INGLÉS : lunes de 16:ooh &hellip; </p>
<p><a class="more-link btn" href="https://blogsaverroes.juntadeandalucia.es/ceipalejandrogarciagarrido/horarios/">Seguir leyendo</a></p>
