{"id":2429,"date":"2020-10-06T05:10:07","date_gmt":"2020-10-06T05:10:07","guid":{"rendered":"https:\/\/blogsaverroes.juntadeandalucia.es\/ceipalfaguarilla\/?page_id=2429"},"modified":"2021-01-15T10:41:21","modified_gmt":"2021-01-15T10:41:21","slug":"con-m-de-mujer","status":"publish","type":"page","link":"https:\/\/blogsaverroes.juntadeandalucia.es\/ceipalfaguarilla\/con-m-de-mujer\/","title":{"rendered":"Con M de Mujer"},"content":{"rendered":"<p>Espacio web para el proyecto de centro \u00abCon \u00abM\u00bb de Mujer\u00bb.&nbsp;<\/p>\n<p>Aqu\u00ed encontrar\u00e1 las actuaciones relacionadas con el mismo.&nbsp;<\/p>\n<h3 style=\"text-align: center\"><em><span style=\"color: #800080\"><strong>Visibilidad.<\/strong><\/span><\/em> <a href=\"https:\/\/blogsaverroes.juntadeandalucia.es\/ceipalfaguarilla\/files\/2020\/10\/484562-PH5I85-300.jpg\"><img loading=\"lazy\" decoding=\"async\" class=\"size-medium wp-image-2435 aligncenter\" src=\"https:\/\/blogsaverroes.juntadeandalucia.es\/ceipalfaguarilla\/files\/2020\/10\/484562-PH5I85-300-300x300.jpg\" alt=\"\" width=\"300\" height=\"300\" srcset=\"https:\/\/blogsaverroes.juntadeandalucia.es\/ceipalfaguarilla\/files\/2020\/10\/484562-PH5I85-300-300x300.jpg 300w, https:\/\/blogsaverroes.juntadeandalucia.es\/ceipalfaguarilla\/files\/2020\/10\/484562-PH5I85-300-1024x1024.jpg 1024w, https:\/\/blogsaverroes.juntadeandalucia.es\/ceipalfaguarilla\/files\/2020\/10\/484562-PH5I85-300-150x150.jpg 150w, https:\/\/blogsaverroes.juntadeandalucia.es\/ceipalfaguarilla\/files\/2020\/10\/484562-PH5I85-300-768x768.jpg 768w, https:\/\/blogsaverroes.juntadeandalucia.es\/ceipalfaguarilla\/files\/2020\/10\/484562-PH5I85-300-100x100.jpg 100w, https:\/\/blogsaverroes.juntadeandalucia.es\/ceipalfaguarilla\/files\/2020\/10\/484562-PH5I85-300-1536x1536.jpg 1536w, https:\/\/blogsaverroes.juntadeandalucia.es\/ceipalfaguarilla\/files\/2020\/10\/484562-PH5I85-300-24x24.jpg 24w, https:\/\/blogsaverroes.juntadeandalucia.es\/ceipalfaguarilla\/files\/2020\/10\/484562-PH5I85-300-36x36.jpg 36w, https:\/\/blogsaverroes.juntadeandalucia.es\/ceipalfaguarilla\/files\/2020\/10\/484562-PH5I85-300-48x48.jpg 48w, https:\/\/blogsaverroes.juntadeandalucia.es\/ceipalfaguarilla\/files\/2020\/10\/484562-PH5I85-300.jpg 1600w\" sizes=\"(max-width: 300px) 100vw, 300px\" \/><\/a><\/h3>\n<h3 style=\"text-align: center\"><em><strong><span style=\"color: #800080\">Yo trato con buen trato.<\/span><\/strong><\/em><\/h3>\n<h3 style=\"text-align: center\"><a href=\"https:\/\/blogsaverroes.juntadeandalucia.es\/ceipalfaguarilla\/files\/2020\/10\/3201551-scaled.jpg\"><img loading=\"lazy\" decoding=\"async\" class=\"alignnone size-medium wp-image-2436\" src=\"https:\/\/blogsaverroes.juntadeandalucia.es\/ceipalfaguarilla\/files\/2020\/10\/3201551-300x200.jpg\" alt=\"\" width=\"300\" height=\"200\" srcset=\"https:\/\/blogsaverroes.juntadeandalucia.es\/ceipalfaguarilla\/files\/2020\/10\/3201551-300x200.jpg 300w, https:\/\/blogsaverroes.juntadeandalucia.es\/ceipalfaguarilla\/files\/2020\/10\/3201551-1024x683.jpg 1024w, https:\/\/blogsaverroes.juntadeandalucia.es\/ceipalfaguarilla\/files\/2020\/10\/3201551-768x512.jpg 768w, https:\/\/blogsaverroes.juntadeandalucia.es\/ceipalfaguarilla\/files\/2020\/10\/3201551-391x260.jpg 391w, https:\/\/blogsaverroes.juntadeandalucia.es\/ceipalfaguarilla\/files\/2020\/10\/3201551-1536x1024.jpg 1536w, https:\/\/blogsaverroes.juntadeandalucia.es\/ceipalfaguarilla\/files\/2020\/10\/3201551-2048x1365.jpg 2048w, https:\/\/blogsaverroes.juntadeandalucia.es\/ceipalfaguarilla\/files\/2020\/10\/3201551-24x16.jpg 24w, https:\/\/blogsaverroes.juntadeandalucia.es\/ceipalfaguarilla\/files\/2020\/10\/3201551-36x24.jpg 36w, https:\/\/blogsaverroes.juntadeandalucia.es\/ceipalfaguarilla\/files\/2020\/10\/3201551-48x32.jpg 48w, https:\/\/blogsaverroes.juntadeandalucia.es\/ceipalfaguarilla\/files\/2020\/10\/3201551-scaled.jpg 1600w\" sizes=\"(max-width: 300px) 100vw, 300px\" \/><\/a><\/h3>\n<h3 style=\"text-align: center\"><span style=\"color: #800080\"><em><strong>Desmontando estereotipos.<\/strong><\/em><\/span><\/h3>\n<h3 style=\"text-align: center\"><a href=\"https:\/\/blogsaverroes.juntadeandalucia.es\/ceipalfaguarilla\/files\/2020\/10\/4416626-scaled.jpg\"><img loading=\"lazy\" decoding=\"async\" class=\"alignnone size-medium wp-image-2437\" src=\"https:\/\/blogsaverroes.juntadeandalucia.es\/ceipalfaguarilla\/files\/2020\/10\/4416626-300x200.jpg\" alt=\"\" width=\"300\" height=\"200\" srcset=\"https:\/\/blogsaverroes.juntadeandalucia.es\/ceipalfaguarilla\/files\/2020\/10\/4416626-300x200.jpg 300w, https:\/\/blogsaverroes.juntadeandalucia.es\/ceipalfaguarilla\/files\/2020\/10\/4416626-1024x683.jpg 1024w, https:\/\/blogsaverroes.juntadeandalucia.es\/ceipalfaguarilla\/files\/2020\/10\/4416626-768x512.jpg 768w, https:\/\/blogsaverroes.juntadeandalucia.es\/ceipalfaguarilla\/files\/2020\/10\/4416626-391x260.jpg 391w, https:\/\/blogsaverroes.juntadeandalucia.es\/ceipalfaguarilla\/files\/2020\/10\/4416626-1536x1024.jpg 1536w, https:\/\/blogsaverroes.juntadeandalucia.es\/ceipalfaguarilla\/files\/2020\/10\/4416626-2048x1365.jpg 2048w, https:\/\/blogsaverroes.juntadeandalucia.es\/ceipalfaguarilla\/files\/2020\/10\/4416626-24x16.jpg 24w, https:\/\/blogsaverroes.juntadeandalucia.es\/ceipalfaguarilla\/files\/2020\/10\/4416626-36x24.jpg 36w, https:\/\/blogsaverroes.juntadeandalucia.es\/ceipalfaguarilla\/files\/2020\/10\/4416626-48x32.jpg 48w, https:\/\/blogsaverroes.juntadeandalucia.es\/ceipalfaguarilla\/files\/2020\/10\/4416626-scaled.jpg 1600w\" sizes=\"(max-width: 300px) 100vw, 300px\" \/><\/a><\/h3>\n<p><a href=\"https:\/\/www.freepik.es\/vectores\/personas\">Vector de Personas creado por freepik &#8211; www.freepik.es<\/a><\/p>\n<h2 style=\"text-align: center\"><span style=\"color: #000000\">\u00a1Esta mujer es noticia! <\/span><\/h2>\n<h4><span style=\"color: #000000\">Aqu\u00ed ten\u00e9is el enlace al padlet para incluir vuestras noticias, si pinch\u00e1is en el cuadro os llevar\u00e1 al muro donde pod\u00e9is a\u00f1adir vuestros v\u00eddeos, si ocupan mucho espacio lo mejor es subirlos a youtube, con la opci\u00f3n de v\u00eddeo oculto si no quer\u00e9is que sea p\u00fablico y aqu\u00ed poner el enlace.<\/span><\/h4>\n<p><a href=\"https:\/\/padlet.com\/guadalinivar\/k0cdhcvp4x0beohc\" target=\"_blank\" rel=\"noopener noreferrer\"><img loading=\"lazy\" decoding=\"async\" class=\"aligncenter wp-image-2527 \" src=\"https:\/\/blogsaverroes.juntadeandalucia.es\/ceipalfaguarilla\/files\/2021\/01\/IMG_20210113_164649-300x289.jpg\" alt=\"\" width=\"285\" height=\"275\" srcset=\"https:\/\/blogsaverroes.juntadeandalucia.es\/ceipalfaguarilla\/files\/2021\/01\/IMG_20210113_164649-300x289.jpg 300w, https:\/\/blogsaverroes.juntadeandalucia.es\/ceipalfaguarilla\/files\/2021\/01\/IMG_20210113_164649-24x24.jpg 24w, https:\/\/blogsaverroes.juntadeandalucia.es\/ceipalfaguarilla\/files\/2021\/01\/IMG_20210113_164649-36x36.jpg 36w, https:\/\/blogsaverroes.juntadeandalucia.es\/ceipalfaguarilla\/files\/2021\/01\/IMG_20210113_164649-48x46.jpg 48w, https:\/\/blogsaverroes.juntadeandalucia.es\/ceipalfaguarilla\/files\/2021\/01\/IMG_20210113_164649.jpg 718w\" sizes=\"(max-width: 285px) 100vw, 285px\" \/><\/a><\/p>\n<p>Os dejamos tambi\u00e9n el enlace a este v\u00eddeo tan interesante de la campa\u00f1a NO MORE MATILDAS. donde explica como la mujer ha quedado siempre en un segundo plano, sin pinch\u00e1is en la imagen podr\u00e9is verlo.<\/p>\n<p>&nbsp;<\/p>\n<p><a href=\"https:\/\/youtu.be\/Fx0ztzf-2V0\" target=\"_blank\" rel=\"noopener noreferrer\"><img loading=\"lazy\" decoding=\"async\" class=\"size-medium wp-image-2539 aligncenter\" src=\"https:\/\/blogsaverroes.juntadeandalucia.es\/ceipalfaguarilla\/files\/2021\/01\/talento-300x175.jpg\" alt=\"\" width=\"300\" height=\"175\" srcset=\"https:\/\/blogsaverroes.juntadeandalucia.es\/ceipalfaguarilla\/files\/2021\/01\/talento-300x175.jpg 300w, https:\/\/blogsaverroes.juntadeandalucia.es\/ceipalfaguarilla\/files\/2021\/01\/talento-24x14.jpg 24w, https:\/\/blogsaverroes.juntadeandalucia.es\/ceipalfaguarilla\/files\/2021\/01\/talento-36x21.jpg 36w, https:\/\/blogsaverroes.juntadeandalucia.es\/ceipalfaguarilla\/files\/2021\/01\/talento-48x28.jpg 48w, https:\/\/blogsaverroes.juntadeandalucia.es\/ceipalfaguarilla\/files\/2021\/01\/talento.jpg 720w\" sizes=\"(max-width: 300px) 100vw, 300px\" \/><\/a><\/p>\n","protected":false},"excerpt":{"rendered":"<p>Espacio web para el proyecto de centro \u00abCon \u00abM\u00bb de Mujer\u00bb.&nbsp; Aqu\u00ed encontrar\u00e1 las actuaciones relacionadas con el mismo.&nbsp; Visibilidad. Yo trato con buen trato. Desmontando estereotipos. Vector de Personas creado por freepik &#8211; www.freepik.es \u00a1Esta mujer es noticia! Aqu\u00ed ten\u00e9is el enlace al padlet para incluir vuestras noticias, si pinch\u00e1is en el cuadro os &hellip; <\/p>\n<p class=\"link-more\"><a href=\"https:\/\/blogsaverroes.juntadeandalucia.es\/ceipalfaguarilla\/con-m-de-mujer\/\" class=\"more-link\">Continuar leyendo<span class=\"screen-reader-text\"> \u00abCon M de Mujer\u00bb<\/span><\/a><\/p>\n","protected":false},"author":2978,"featured_media":0,"parent":0,"menu_order":0,"comment_status":"closed","ping_status":"closed","template":"","meta":{"ngg_post_thumbnail":0,"footnotes":"","_mc_calendar":[]},"aioseo_notices":[],"_links":{"self":[{"href":"https:\/\/blogsaverroes.juntadeandalucia.es\/ceipalfaguarilla\/wp-json\/wp\/v2\/pages\/2429"}],"collection":[{"href":"https:\/\/blogsaverroes.juntadeandalucia.es\/ceipalfaguarilla\/wp-json\/wp\/v2\/pages"}],"about":[{"href":"https:\/\/blogsaverroes.juntadeandalucia.es\/ceipalfaguarilla\/wp-json\/wp\/v2\/types\/page"}],"author":[{"embeddable":true,"href":"https:\/\/blogsaverroes.juntadeandalucia.es\/ceipalfaguarilla\/wp-json\/wp\/v2\/users\/2978"}],"replies":[{"embeddable":true,"href":"https:\/\/blogsaverroes.juntadeandalucia.es\/ceipalfaguarilla\/wp-json\/wp\/v2\/comments?post=2429"}],"version-history":[{"count":10,"href":"https:\/\/blogsaverroes.juntadeandalucia.es\/ceipalfaguarilla\/wp-json\/wp\/v2\/pages\/2429\/revisions"}],"predecessor-version":[{"id":2540,"href":"https:\/\/blogsaverroes.juntadeandalucia.es\/ceipalfaguarilla\/wp-json\/wp\/v2\/pages\/2429\/revisions\/2540"}],"wp:attachment":[{"href":"https:\/\/blogsaverroes.juntadeandalucia.es\/ceipalfaguarilla\/wp-json\/wp\/v2\/media?parent=2429"}],"curies":[{"name":"wp","href":"https:\/\/api.w.org\/{rel}","templated":true}]}}

<p>Espacio web para el proyecto de centro «Con «M» de Mujer».&nbsp;</p>
<p>Aquí encontrará las actuaciones relacionadas con el mismo.&nbsp;</p>
<h3 style="text-align: center"><em><span style="color: #800080"><strong>Visibilidad.</strong></span></em> <a href="https://blogsaverroes.juntadeandalucia.es/ceipalfaguarilla/files/2020/10/484562-PH5I85-300.jpg"><img loading="lazy" decoding="async" class="size-medium wp-image-2435 aligncenter" src="https://blogsaverroes.juntadeandalucia.es/ceipalfaguarilla/files/2020/10/484562-PH5I85-300-300x300.jpg" alt="" width="300" height="300" srcset="https://blogsaverroes.juntadeandalucia.es/ceipalfaguarilla/files/2020/10/484562-PH5I85-300-300x300.jpg 300w, https://blogsaverroes.juntadeandalucia.es/ceipalfaguarilla/files/2020/10/484562-PH5I85-300-1024x1024.jpg 1024w, https://blogsaverroes.juntadeandalucia.es/ceipalfaguarilla/files/2020/10/484562-PH5I85-300-150x150.jpg 150w, https://blogsaverroes.juntadeandalucia.es/ceipalfaguarilla/files/2020/10/484562-PH5I85-300-768x768.jpg 768w, https://blogsaverroes.juntadeandalucia.es/ceipalfaguarilla/files/2020/10/484562-PH5I85-300-100x100.jpg 100w, https://blogsaverroes.juntadeandalucia.es/ceipalfaguarilla/files/2020/10/484562-PH5I85-300-1536x1536.jpg 1536w, https://blogsaverroes.juntadeandalucia.es/ceipalfaguarilla/files/2020/10/484562-PH5I85-300-24x24.jpg 24w, https://blogsaverroes.juntadeandalucia.es/ceipalfaguarilla/files/2020/10/484562-PH5I85-300-36x36.jpg 36w, https://blogsaverroes.juntadeandalucia.es/ceipalfaguarilla/files/2020/10/484562-PH5I85-300-48x48.jpg 48w, https://blogsaverroes.juntadeandalucia.es/ceipalfaguarilla/files/2020/10/484562-PH5I85-300.jpg 1600w" sizes="(max-width: 300px) 100vw, 300px" /></a></h3>
<h3 style="text-align: center"><em><strong><span style="color: #800080">Yo trato con buen trato.</span></strong></em></h3>
<h3 style="text-align: center"><a href="https://blogsaverroes.juntadeandalucia.es/ceipalfaguarilla/files/2020/10/3201551-scaled.jpg"><img loading="lazy" decoding="async" class="alignnone size-medium wp-image-2436" src="https://blogsaverroes.juntadeandalucia.es/ceipalfaguarilla/files/2020/10/3201551-300x200.jpg" alt="" width="300" height="200" srcset="https://blogsaverroes.juntadeandalucia.es/ceipalfaguarilla/files/2020/10/3201551-300x200.jpg 300w, https://blogsaverroes.juntadeandalucia.es/ceipalfaguarilla/files/2020/10/3201551-1024x683.jpg 1024w, https://blogsaverroes.juntadeandalucia.es/ceipalfaguarilla/files/2020/10/3201551-768x512.jpg 768w, https://blogsaverroes.juntadeandalucia.es/ceipalfaguarilla/files/2020/10/3201551-391x260.jpg 391w, https://blogsaverroes.juntadeandalucia.es/ceipalfaguarilla/files/2020/10/3201551-1536x1024.jpg 1536w, https://blogsaverroes.juntadeandalucia.es/ceipalfaguarilla/files/2020/10/3201551-2048x1365.jpg 2048w, https://blogsaverroes.juntadeandalucia.es/ceipalfaguarilla/files/2020/10/3201551-24x16.jpg 24w, https://blogsaverroes.juntadeandalucia.es/ceipalfaguarilla/files/2020/10/3201551-36x24.jpg 36w, https://blogsaverroes.juntadeandalucia.es/ceipalfaguarilla/files/2020/10/3201551-48x32.jpg 48w, https://blogsaverroes.juntadeandalucia.es/ceipalfaguarilla/files/2020/10/3201551-scaled.jpg 1600w" sizes="(max-width: 300px) 100vw, 300px" /></a></h3>
<h3 style="text-align: center"><span style="color: #800080"><em><strong>Desmontando estereotipos.</strong></em></span></h3>
<h3 style="text-align: center"><a href="https://blogsaverroes.juntadeandalucia.es/ceipalfaguarilla/files/2020/10/4416626-scaled.jpg"><img loading="lazy" decoding="async" class="alignnone size-medium wp-image-2437" src="https://blogsaverroes.juntadeandalucia.es/ceipalfaguarilla/files/2020/10/4416626-300x200.jpg" alt="" width="300" height="200" srcset="https://blogsaverroes.juntadeandalucia.es/ceipalfaguarilla/files/2020/10/4416626-300x200.jpg 300w, https://blogsaverroes.juntadeandalucia.es/ceipalfaguarilla/files/2020/10/4416626-1024x683.jpg 1024w, https://blogsaverroes.juntadeandalucia.es/ceipalfaguarilla/files/2020/10/4416626-768x512.jpg 768w, https://blogsaverroes.juntadeandalucia.es/ceipalfaguarilla/files/2020/10/4416626-391x260.jpg 391w, https://blogsaverroes.juntadeandalucia.es/ceipalfaguarilla/files/2020/10/4416626-1536x1024.jpg 1536w, https://blogsaverroes.juntadeandalucia.es/ceipalfaguarilla/files/2020/10/4416626-2048x1365.jpg 2048w, https://blogsaverroes.juntadeandalucia.es/ceipalfaguarilla/files/2020/10/4416626-24x16.jpg 24w, https://blogsaverroes.juntadeandalucia.es/ceipalfaguarilla/files/2020/10/4416626-36x24.jpg 36w, https://blogsaverroes.juntadeandalucia.es/ceipalfaguarilla/files/2020/10/4416626-48x32.jpg 48w, https://blogsaverroes.juntadeandalucia.es/ceipalfaguarilla/files/2020/10/4416626-scaled.jpg 1600w" sizes="(max-width: 300px) 100vw, 300px" /></a></h3>
<p><a href="https://www.freepik.es/vectores/personas">Vector de Personas creado por freepik &#8211; www.freepik.es</a></p>
<h2 style="text-align: center"><span style="color: #000000">¡Esta mujer es noticia! </span></h2>
<h4><span style="color: #000000">Aquí tenéis el enlace al padlet para incluir vuestras noticias, si pincháis en el cuadro os llevará al muro donde podéis añadir vuestros vídeos, si ocupan mucho espacio lo mejor es subirlos a youtube, con la opción de vídeo oculto si no queréis que sea público y aquí poner el enlace.</span></h4>
<p><a href="https://padlet.com/guadalinivar/k0cdhcvp4x0beohc" target="_blank" rel="noopener noreferrer"><img loading="lazy" decoding="async" class="aligncenter wp-image-2527 " src="https://blogsaverroes.juntadeandalucia.es/ceipalfaguarilla/files/2021/01/IMG_20210113_164649-300x289.jpg" alt="" width="285" height="275" srcset="https://blogsaverroes.juntadeandalucia.es/ceipalfaguarilla/files/2021/01/IMG_20210113_164649-300x289.jpg 300w, https://blogsaverroes.juntadeandalucia.es/ceipalfaguarilla/files/2021/01/IMG_20210113_164649-24x24.jpg 24w, https://blogsaverroes.juntadeandalucia.es/ceipalfaguarilla/files/2021/01/IMG_20210113_164649-36x36.jpg 36w, https://blogsaverroes.juntadeandalucia.es/ceipalfaguarilla/files/2021/01/IMG_20210113_164649-48x46.jpg 48w, https://blogsaverroes.juntadeandalucia.es/ceipalfaguarilla/files/2021/01/IMG_20210113_164649.jpg 718w" sizes="(max-width: 285px) 100vw, 285px" /></a></p>
<p>Os dejamos también el enlace a este vídeo tan interesante de la campaña NO MORE MATILDAS. donde explica como la mujer ha quedado siempre en un segundo plano, sin pincháis en la imagen podréis verlo.</p>
<p>&nbsp;</p>
<p><a href="https://youtu.be/Fx0ztzf-2V0" target="_blank" rel="noopener noreferrer"><img loading="lazy" decoding="async" class="size-medium wp-image-2539 aligncenter" src="https://blogsaverroes.juntadeandalucia.es/ceipalfaguarilla/files/2021/01/talento-300x175.jpg" alt="" width="300" height="175" srcset="https://blogsaverroes.juntadeandalucia.es/ceipalfaguarilla/files/2021/01/talento-300x175.jpg 300w, https://blogsaverroes.juntadeandalucia.es/ceipalfaguarilla/files/2021/01/talento-24x14.jpg 24w, https://blogsaverroes.juntadeandalucia.es/ceipalfaguarilla/files/2021/01/talento-36x21.jpg 36w, https://blogsaverroes.juntadeandalucia.es/ceipalfaguarilla/files/2021/01/talento-48x28.jpg 48w, https://blogsaverroes.juntadeandalucia.es/ceipalfaguarilla/files/2021/01/talento.jpg 720w" sizes="(max-width: 300px) 100vw, 300px" /></a></p>

<p>Espacio web para el proyecto de centro «Con «M» de Mujer».&nbsp; Aquí encontrará las actuaciones relacionadas con el mismo.&nbsp; Visibilidad. Yo trato con buen trato. Desmontando estereotipos. Vector de Personas creado por freepik &#8211; www.freepik.es ¡Esta mujer es noticia! Aquí tenéis el enlace al padlet para incluir vuestras noticias, si pincháis en el cuadro os &hellip; </p>
<p class="link-more"><a href="https://blogsaverroes.juntadeandalucia.es/ceipalfaguarilla/con-m-de-mujer/" class="more-link">Continuar leyendo<span class="screen-reader-text"> «Con M de Mujer»</span></a></p>
