{"id":2475,"date":"2020-11-06T16:20:29","date_gmt":"2020-11-06T16:20:29","guid":{"rendered":"https:\/\/blogsaverroes.juntadeandalucia.es\/ceipalfaguarilla\/?page_id=2475"},"modified":"2025-01-20T13:44:44","modified_gmt":"2025-01-20T11:44:44","slug":"plan-de-transformacion-digital","status":"publish","type":"page","link":"https:\/\/blogsaverroes.juntadeandalucia.es\/ceipalfaguarilla\/plan-de-transformacion-digital\/","title":{"rendered":"Plan de Actuaci\u00f3n Digital"},"content":{"rendered":"<h3>Tras hacer un estudio de las caracter\u00edsticas de nuestro centro y teniendo en cuenta las caracter\u00edsticas especiales de estos \u00faltimos a\u00f1os.<\/h3>\n<h3>Os presentamos el plan de actuaci\u00f3n digital que hemos elaborado para este nuevo curso escolar.<\/h3>\n<p>&nbsp;<\/p>\n<h3>&nbsp;<\/h3>\n<p>&nbsp;<\/p>\n","protected":false},"excerpt":{"rendered":"<p>Tras hacer un estudio de las caracter\u00edsticas de nuestro centro y teniendo en cuenta las caracter\u00edsticas especiales de estos \u00faltimos a\u00f1os. Os presentamos el plan de actuaci\u00f3n digital que hemos elaborado para este nuevo curso escolar. &nbsp; &nbsp; &nbsp;<\/p>\n","protected":false},"author":2978,"featured_media":0,"parent":0,"menu_order":0,"comment_status":"closed","ping_status":"closed","template":"","meta":{"ngg_post_thumbnail":0,"footnotes":"","_mc_calendar":[]},"aioseo_notices":[],"_links":{"self":[{"href":"https:\/\/blogsaverroes.juntadeandalucia.es\/ceipalfaguarilla\/wp-json\/wp\/v2\/pages\/2475"}],"collection":[{"href":"https:\/\/blogsaverroes.juntadeandalucia.es\/ceipalfaguarilla\/wp-json\/wp\/v2\/pages"}],"about":[{"href":"https:\/\/blogsaverroes.juntadeandalucia.es\/ceipalfaguarilla\/wp-json\/wp\/v2\/types\/page"}],"author":[{"embeddable":true,"href":"https:\/\/blogsaverroes.juntadeandalucia.es\/ceipalfaguarilla\/wp-json\/wp\/v2\/users\/2978"}],"replies":[{"embeddable":true,"href":"https:\/\/blogsaverroes.juntadeandalucia.es\/ceipalfaguarilla\/wp-json\/wp\/v2\/comments?post=2475"}],"version-history":[{"count":13,"href":"https:\/\/blogsaverroes.juntadeandalucia.es\/ceipalfaguarilla\/wp-json\/wp\/v2\/pages\/2475\/revisions"}],"predecessor-version":[{"id":5670,"href":"https:\/\/blogsaverroes.juntadeandalucia.es\/ceipalfaguarilla\/wp-json\/wp\/v2\/pages\/2475\/revisions\/5670"}],"wp:attachment":[{"href":"https:\/\/blogsaverroes.juntadeandalucia.es\/ceipalfaguarilla\/wp-json\/wp\/v2\/media?parent=2475"}],"curies":[{"name":"wp","href":"https:\/\/api.w.org\/{rel}","templated":true}]}}

Plan de Actuación Digital

<h3>Tras hacer un estudio de las características de nuestro centro y teniendo en cuenta las características especiales de estos últimos años.</h3>
<h3>Os presentamos el plan de actuación digital que hemos elaborado para este nuevo curso escolar.</h3>
<p>&nbsp;</p>
<h3>&nbsp;</h3>
<p>&nbsp;</p>

<p>Tras hacer un estudio de las características de nuestro centro y teniendo en cuenta las características especiales de estos últimos años. Os presentamos el plan de actuación digital que hemos elaborado para este nuevo curso escolar. &nbsp; &nbsp; &nbsp;</p>
