{"id":869,"date":"2015-03-16T07:03:52","date_gmt":"2015-03-16T07:03:52","guid":{"rendered":"http:\/\/blogsaverroes.juntadeandalucia.es\/pre\/ceip\/?page_id=84"},"modified":"2025-01-22T12:06:10","modified_gmt":"2025-01-22T10:06:10","slug":"calendario-escolar","status":"publish","type":"page","link":"https:\/\/blogsaverroes.juntadeandalucia.es\/ceipalfaguarilla\/calendario-escolar\/","title":{"rendered":"Calendario escolar"},"content":{"rendered":"<p style=\"text-align: left\"><strong>Este es el calendario escolar&nbsp; propuesto por la Delegaci\u00f3n de Educaci\u00f3n de Granada para el curso 2024\/25.<\/strong><\/p>\n<p><a href=\"https:\/\/blogsaverroes.juntadeandalucia.es\/ceipalfaguarilla\/files\/2025\/01\/CALENDARIO-ESCOLAR-24-25-Granada_page-0001.jpg\"><img loading=\"lazy\" decoding=\"async\" class=\"aligncenter size-full wp-image-5675\" src=\"https:\/\/blogsaverroes.juntadeandalucia.es\/ceipalfaguarilla\/files\/2025\/01\/CALENDARIO-ESCOLAR-24-25-Granada_page-0001.jpg\" alt=\"\" width=\"1240\" height=\"1755\" srcset=\"https:\/\/blogsaverroes.juntadeandalucia.es\/ceipalfaguarilla\/files\/2025\/01\/CALENDARIO-ESCOLAR-24-25-Granada_page-0001.jpg 1130w, https:\/\/blogsaverroes.juntadeandalucia.es\/ceipalfaguarilla\/files\/2025\/01\/CALENDARIO-ESCOLAR-24-25-Granada_page-0001-212x300.jpg 212w, https:\/\/blogsaverroes.juntadeandalucia.es\/ceipalfaguarilla\/files\/2025\/01\/CALENDARIO-ESCOLAR-24-25-Granada_page-0001-724x1024.jpg 724w, https:\/\/blogsaverroes.juntadeandalucia.es\/ceipalfaguarilla\/files\/2025\/01\/CALENDARIO-ESCOLAR-24-25-Granada_page-0001-768x1087.jpg 768w, https:\/\/blogsaverroes.juntadeandalucia.es\/ceipalfaguarilla\/files\/2025\/01\/CALENDARIO-ESCOLAR-24-25-Granada_page-0001-1085x1536.jpg 1085w\" sizes=\"(max-width: 767px) 89vw, (max-width: 1000px) 54vw, (max-width: 1071px) 543px, 580px\" \/><\/a><\/p>\n<h4 style=\"text-align: left\"><strong>Adem\u00e1s desde el consejo escolar de Alfacar se aprueban los siguientes d\u00edas festivos:<\/strong><\/h4>\n<p>4 de noviembre 2024 (electo)<\/p>\n<p>20 de enero 2025 (festividad de S. Sebasti\u00e1n)<\/p>\n<p>19 de junio de 2025 (festividad del Corpus)<\/p>\n<p>&nbsp;<\/p>\n<p style=\"text-align: center\">&nbsp;<\/p>\n","protected":false},"excerpt":{"rendered":"<p>Este es el calendario escolar&nbsp; propuesto por la Delegaci\u00f3n de Educaci\u00f3n de Granada para el curso 2024\/25. Adem\u00e1s desde el consejo escolar de Alfacar se aprueban los siguientes d\u00edas festivos: 4 de noviembre 2024 (electo) 20 de enero 2025 (festividad de S. Sebasti\u00e1n) 19 de junio de 2025 (festividad del Corpus) &nbsp; &nbsp;<\/p>\n","protected":false},"author":1,"featured_media":0,"parent":0,"menu_order":0,"comment_status":"closed","ping_status":"open","template":"page-cs.php","meta":{"ngg_post_thumbnail":0,"footnotes":"","_mc_calendar":{"weekends":"true","shortcode":"[my_calendar weekends=&quot;true&quot;]","append":""}},"aioseo_notices":[],"_links":{"self":[{"href":"https:\/\/blogsaverroes.juntadeandalucia.es\/ceipalfaguarilla\/wp-json\/wp\/v2\/pages\/869"}],"collection":[{"href":"https:\/\/blogsaverroes.juntadeandalucia.es\/ceipalfaguarilla\/wp-json\/wp\/v2\/pages"}],"about":[{"href":"https:\/\/blogsaverroes.juntadeandalucia.es\/ceipalfaguarilla\/wp-json\/wp\/v2\/types\/page"}],"author":[{"embeddable":true,"href":"https:\/\/blogsaverroes.juntadeandalucia.es\/ceipalfaguarilla\/wp-json\/wp\/v2\/users\/1"}],"replies":[{"embeddable":true,"href":"https:\/\/blogsaverroes.juntadeandalucia.es\/ceipalfaguarilla\/wp-json\/wp\/v2\/comments?post=869"}],"version-history":[{"count":14,"href":"https:\/\/blogsaverroes.juntadeandalucia.es\/ceipalfaguarilla\/wp-json\/wp\/v2\/pages\/869\/revisions"}],"predecessor-version":[{"id":5719,"href":"https:\/\/blogsaverroes.juntadeandalucia.es\/ceipalfaguarilla\/wp-json\/wp\/v2\/pages\/869\/revisions\/5719"}],"wp:attachment":[{"href":"https:\/\/blogsaverroes.juntadeandalucia.es\/ceipalfaguarilla\/wp-json\/wp\/v2\/media?parent=869"}],"curies":[{"name":"wp","href":"https:\/\/api.w.org\/{rel}","templated":true}]}}

<p style="text-align: left"><strong>Este es el calendario escolar&nbsp; propuesto por la Delegación de Educación de Granada para el curso 2024/25.</strong></p>
<p><a href="https://blogsaverroes.juntadeandalucia.es/ceipalfaguarilla/files/2025/01/CALENDARIO-ESCOLAR-24-25-Granada_page-0001.jpg"><img loading="lazy" decoding="async" class="aligncenter size-full wp-image-5675" src="https://blogsaverroes.juntadeandalucia.es/ceipalfaguarilla/files/2025/01/CALENDARIO-ESCOLAR-24-25-Granada_page-0001.jpg" alt="" width="1240" height="1755" srcset="https://blogsaverroes.juntadeandalucia.es/ceipalfaguarilla/files/2025/01/CALENDARIO-ESCOLAR-24-25-Granada_page-0001.jpg 1130w, https://blogsaverroes.juntadeandalucia.es/ceipalfaguarilla/files/2025/01/CALENDARIO-ESCOLAR-24-25-Granada_page-0001-212x300.jpg 212w, https://blogsaverroes.juntadeandalucia.es/ceipalfaguarilla/files/2025/01/CALENDARIO-ESCOLAR-24-25-Granada_page-0001-724x1024.jpg 724w, https://blogsaverroes.juntadeandalucia.es/ceipalfaguarilla/files/2025/01/CALENDARIO-ESCOLAR-24-25-Granada_page-0001-768x1087.jpg 768w, https://blogsaverroes.juntadeandalucia.es/ceipalfaguarilla/files/2025/01/CALENDARIO-ESCOLAR-24-25-Granada_page-0001-1085x1536.jpg 1085w" sizes="(max-width: 767px) 89vw, (max-width: 1000px) 54vw, (max-width: 1071px) 543px, 580px" /></a></p>
<h4 style="text-align: left"><strong>Además desde el consejo escolar de Alfacar se aprueban los siguientes días festivos:</strong></h4>
<p>4 de noviembre 2024 (electo)</p>
<p>20 de enero 2025 (festividad de S. Sebastián)</p>
<p>19 de junio de 2025 (festividad del Corpus)</p>
<p>&nbsp;</p>
<p style="text-align: center">&nbsp;</p>

<p>Este es el calendario escolar&nbsp; propuesto por la Delegación de Educación de Granada para el curso 2024/25. Además desde el consejo escolar de Alfacar se aprueban los siguientes días festivos: 4 de noviembre 2024 (electo) 20 de enero 2025 (festividad de S. Sebastián) 19 de junio de 2025 (festividad del Corpus) &nbsp; &nbsp;</p>
