{"id":35,"date":"2015-03-13T08:21:43","date_gmt":"2015-03-13T08:21:43","guid":{"rendered":"http:\/\/blogsaverroes.juntadeandalucia.es\/pre\/ceip\/?page_id=35"},"modified":"2024-06-30T08:57:27","modified_gmt":"2024-06-30T08:57:27","slug":"el-centro-2","status":"publish","type":"page","link":"https:\/\/blogsaverroes.juntadeandalucia.es\/ceipalfar\/el-centro-2\/","title":{"rendered":"DATOS DEL CENTRO &#8211; CONTACTAR"},"content":{"rendered":"<p class=\"spip\"><strong class=\"spip\">Direcci\u00f3n:<\/strong> C\/ Los Prietos, 56. La Rambla 14540 (C\u00f3rdoba)<\/p>\n<p class=\"spip\"><strong class=\"spip\">Tel\u00e9fonos:<\/strong> -* Secretaria y Direcci\u00f3n: 671596195.&nbsp;&nbsp;&nbsp; 957\/699628<\/p>\n<p class=\"spip\">-* Porter\u00eda: 957\/699629 -* FAX: 957\/699630<\/p>\n<p class=\"spip\"><strong class=\"spip\">Correo electr\u00f3nico:<\/strong> 14006357.edu@juntadeandaluc\u00eda.es<\/p>\n<p class=\"spip\"><strong class=\"spip\"> P\u00e1gina web: <\/strong><a href=\"http:\/\/blogsaverroes.juntadeandalucia.es\/ceipalfar\/\">blogsaverroes.juntadeandalucia.es\/ceipalfar<\/a><strong class=\"spip\">\/<\/strong><\/p>\n<p class=\"spip\">&nbsp;&nbsp;&nbsp; Tambi\u00e9n:&nbsp;&nbsp;&nbsp;&nbsp;&nbsp; colegioalfar.es<\/p>\n<p class=\"spip\"><strong class=\"spip\"> Horario del centro:<\/strong> * Lunes a Viernes de 9 a 14 horas. * Lunes de 15,30 a 17,30 horas.<\/p>\n<p class=\"spip\"><strong class=\"spip\"> Tutor\u00eda de Padres\/madres:<\/strong> Lunes de 16,30 a 17,30 horas.<\/p>\n<p class=\"spip\"><strong class=\"spip\">Equipo Directivo:<\/strong><\/p>\n<ul class=\"spip\">\n<li class=\"spip\">Directora: Francisca Guti\u00e9rrez P\u00e9rez.<\/li>\n<li class=\"spip\">Jefa de Estudios: Rosa Ruiz S\u00e1nchez.<\/li>\n<li class=\"spip\">Secretaria: Carmen Serrano Moreno.<\/li>\n<\/ul>\n<p><a href=\"https:\/\/blogsaverroes.juntadeandalucia.es\/ceipalfar\/files\/2024\/06\/IMG-20230524-WA0071.jpg\"><img loading=\"lazy\" decoding=\"async\" class=\"alignnone size-full wp-image-20402\" src=\"https:\/\/blogsaverroes.juntadeandalucia.es\/ceipalfar\/files\/2024\/06\/IMG-20230524-WA0071.jpg\" alt=\"\" width=\"2000\" height=\"1126\"><\/a><\/p>\n","protected":false},"excerpt":{"rendered":"<p>Direcci\u00f3n: C\/ Los Prietos, 56. La Rambla 14540 (C\u00f3rdoba) Tel\u00e9fonos: -* Secretaria y Direcci\u00f3n: 671596195.&nbsp;&nbsp;&nbsp; 957\/699628 -* Porter\u00eda: 957\/699629 -* FAX: 957\/699630 Correo electr\u00f3nico: 14006357.edu@juntadeandaluc\u00eda.es P\u00e1gina web: blogsaverroes.juntadeandalucia.es\/ceipalfar\/ &nbsp;&nbsp;&nbsp; Tambi\u00e9n:&nbsp;&nbsp;&nbsp;&nbsp;&nbsp; colegioalfar.es Horario del centro:&#46;&#46;&#46;<\/p>\n","protected":false},"author":2291,"featured_media":0,"parent":0,"menu_order":0,"comment_status":"open","ping_status":"open","template":"","meta":{"ngg_post_thumbnail":0,"footnotes":"","_mc_calendar":[]},"aioseo_notices":[],"_links":{"self":[{"href":"https:\/\/blogsaverroes.juntadeandalucia.es\/ceipalfar\/wp-json\/wp\/v2\/pages\/35"}],"collection":[{"href":"https:\/\/blogsaverroes.juntadeandalucia.es\/ceipalfar\/wp-json\/wp\/v2\/pages"}],"about":[{"href":"https:\/\/blogsaverroes.juntadeandalucia.es\/ceipalfar\/wp-json\/wp\/v2\/types\/page"}],"author":[{"embeddable":true,"href":"https:\/\/blogsaverroes.juntadeandalucia.es\/ceipalfar\/wp-json\/wp\/v2\/users\/2291"}],"replies":[{"embeddable":true,"href":"https:\/\/blogsaverroes.juntadeandalucia.es\/ceipalfar\/wp-json\/wp\/v2\/comments?post=35"}],"version-history":[{"count":26,"href":"https:\/\/blogsaverroes.juntadeandalucia.es\/ceipalfar\/wp-json\/wp\/v2\/pages\/35\/revisions"}],"predecessor-version":[{"id":20424,"href":"https:\/\/blogsaverroes.juntadeandalucia.es\/ceipalfar\/wp-json\/wp\/v2\/pages\/35\/revisions\/20424"}],"wp:attachment":[{"href":"https:\/\/blogsaverroes.juntadeandalucia.es\/ceipalfar\/wp-json\/wp\/v2\/media?parent=35"}],"curies":[{"name":"wp","href":"https:\/\/api.w.org\/{rel}","templated":true}]}}