{"id":35,"date":"2015-03-13T08:21:43","date_gmt":"2015-03-13T08:21:43","guid":{"rendered":"http:\/\/blogsaverroes.juntadeandalucia.es\/pre\/ceip\/?page_id=35"},"modified":"2022-02-11T11:46:55","modified_gmt":"2022-02-11T11:46:55","slug":"el-centro-2","status":"publish","type":"page","link":"https:\/\/blogsaverroes.juntadeandalucia.es\/ceipaljoxani\/el-centro-2\/","title":{"rendered":"Datos del centro"},"content":{"rendered":"<h4><a href=\"https:\/\/blogsaverroes.juntadeandalucia.es\/ceipaljoxani\/files\/2022\/02\/LOGO-colegio.jpg\"><img loading=\"lazy\" decoding=\"async\" class=\"size-medium wp-image-2330 aligncenter\" src=\"https:\/\/blogsaverroes.juntadeandalucia.es\/ceipaljoxani\/files\/2022\/02\/LOGO-colegio-300x225.jpg\" alt=\"\" width=\"300\" height=\"225\" srcset=\"https:\/\/blogsaverroes.juntadeandalucia.es\/ceipaljoxani\/files\/2022\/02\/LOGO-colegio-300x225.jpg 300w, https:\/\/blogsaverroes.juntadeandalucia.es\/ceipaljoxani\/files\/2022\/02\/LOGO-colegio.jpg 640w\" sizes=\"(max-width: 300px) 100vw, 300px\" \/><\/a>Datos de contacto<\/h4>\n<ul>\n<li><strong>Direcci\u00f3n:<\/strong>&nbsp; Avenida Nuestra Se\u00f1ora de F\u00e1tima s\/n<\/li>\n<li><strong>Tel\u00e9fono \/ FAX: 957 734 946 \/ 957 734 947<\/strong><\/li>\n<li><strong>Email:<\/strong> ceipaljoxani@gmail.com<\/li>\n<\/ul>\n<h4><strong>Horarios<\/strong><\/h4>\n<p>7.30 &#8211; 9.00&nbsp; &nbsp; &nbsp;Aula Matinal<\/p>\n<p>9.00 &#8211; 14.00&nbsp; &nbsp;Clases (Secretar\u00eda de 9.30 a 13.30 con cita previa).<\/p>\n<p>14.00 &#8211; 16.00&nbsp; Comedor.<\/p>\n<p>Programa de Acompa\u00f1amiento (Lunes a Jueves) y Programa de Acompa\u00f1amiento Ling\u00fc\u00edstico (viernes)<\/p>\n<p>&nbsp; &nbsp; &nbsp; &nbsp; &nbsp; PROA&nbsp; &nbsp; &nbsp;15.30 &#8211; 17.30<\/p>\n<p>&nbsp; &nbsp; &nbsp; &nbsp; &nbsp; PALE&nbsp; &nbsp; &nbsp; 15.30 &#8211; 17.30<\/p>\n<p>Escuelas Deportivas (Lunes a jueves)<\/p>\n<p>&nbsp; &nbsp; &nbsp; &nbsp; &nbsp; &nbsp;EEDD&nbsp; &nbsp;15.30 a 17.30<\/p>\n<h4><strong>Oferta educativa<\/strong><\/h4>\n<p style=\"text-align: justify\">Ofertamos las ense\u00f1anzas de Segundo Nivel de Ed. Infantil (3 a 5 a\u00f1os) y Ed. Primaria. Contamos con aula de Apoyo Espec\u00edfico, Audici\u00f3n y Lenguaje y Aula Espec\u00edfica de Educaci\u00f3n Especial.<\/p>\n","protected":false},"excerpt":{"rendered":"<p>Datos de contacto Direcci\u00f3n:&nbsp; Avenida Nuestra Se\u00f1ora de F\u00e1tima s\/n Tel\u00e9fono \/ FAX: 957 734 946 \/ 957 734 947 Email: ceipaljoxani@gmail.com Horarios 7.30 &#8211; 9.00&nbsp; &nbsp; &nbsp;Aula Matinal 9.00 &#8211; 14.00&nbsp; &nbsp;Clases (Secretar\u00eda&#46;&#46;&#46;<\/p>\n","protected":false},"author":1,"featured_media":0,"parent":0,"menu_order":0,"comment_status":"closed","ping_status":"open","template":"page-cs.php","meta":{"ngg_post_thumbnail":0,"footnotes":"","_mc_calendar":[]},"aioseo_notices":[],"_links":{"self":[{"href":"https:\/\/blogsaverroes.juntadeandalucia.es\/ceipaljoxani\/wp-json\/wp\/v2\/pages\/35"}],"collection":[{"href":"https:\/\/blogsaverroes.juntadeandalucia.es\/ceipaljoxani\/wp-json\/wp\/v2\/pages"}],"about":[{"href":"https:\/\/blogsaverroes.juntadeandalucia.es\/ceipaljoxani\/wp-json\/wp\/v2\/types\/page"}],"author":[{"embeddable":true,"href":"https:\/\/blogsaverroes.juntadeandalucia.es\/ceipaljoxani\/wp-json\/wp\/v2\/users\/1"}],"replies":[{"embeddable":true,"href":"https:\/\/blogsaverroes.juntadeandalucia.es\/ceipaljoxani\/wp-json\/wp\/v2\/comments?post=35"}],"version-history":[{"count":23,"href":"https:\/\/blogsaverroes.juntadeandalucia.es\/ceipaljoxani\/wp-json\/wp\/v2\/pages\/35\/revisions"}],"predecessor-version":[{"id":2331,"href":"https:\/\/blogsaverroes.juntadeandalucia.es\/ceipaljoxani\/wp-json\/wp\/v2\/pages\/35\/revisions\/2331"}],"wp:attachment":[{"href":"https:\/\/blogsaverroes.juntadeandalucia.es\/ceipaljoxani\/wp-json\/wp\/v2\/media?parent=35"}],"curies":[{"name":"wp","href":"https:\/\/api.w.org\/{rel}","templated":true}]}}