{"id":49,"date":"2015-03-13T08:47:05","date_gmt":"2015-03-13T08:47:05","guid":{"rendered":"http:\/\/blogsaverroes.juntadeandalucia.es\/pre\/ceip\/?page_id=49"},"modified":"2023-06-16T09:17:04","modified_gmt":"2023-06-16T09:17:04","slug":"proyecto-educativo","status":"publish","type":"page","link":"https:\/\/blogsaverroes.juntadeandalucia.es\/ceipalmotamid\/proyecto-educativo\/","title":{"rendered":"Plan de Centro"},"content":{"rendered":"<div>El <strong>Plan de Centro<\/strong> es el documento donde se recogen las intenciones, propuestas y concreciones en relaci\u00f3n a la autonom\u00eda pedag\u00f3gica y de gesti\u00f3n del mismo. El Plan de centro tiene car\u00e1cter plurianual, obliga a todo el personal del centro y se puede actualizar o modificar, tras los procesos de autoevaluaci\u00f3n o a propuesta del director en funci\u00f3n de su proyecto de direcci\u00f3n.<\/div>\n<div>&nbsp;<\/div>\n<div>La Ley 17\/2007, de 10 de diciembre, de Educaci\u00f3n de Andaluc\u00eda, establece, en su Art.126, los documentos que integran el Plan de Centro. Son los siguientes:<\/div>\n<div>\n<p>\u2013 El Proyecto Educativo.<\/p>\n<p>\u2013 El Reglamento de Organizaci\u00f3n y Funcionamiento.<\/p>\n<p>\u2013 El Proyecto de Gesti\u00f3n del Centro.<\/p>\n<\/div>\n<p>Un centro se define en gran medida por su <strong>Proyecto Educativo<\/strong>. En \u00e9l se plasma el modelo educativo y la concreci\u00f3n de la normativa que un centro realiza respecto a las ense\u00f1anzas que imparte. Aspectos tales como las finales educativas, objetivos, atenci\u00f3n a la diversidad, etc.<\/p>\n<p>El <strong>R.O.F<\/strong> o documento que regula la organizaci\u00f3n y funcionamiento del centro, lo debemos considerar como una gu\u00eda que anima y orienta la actividad educativa en sus m\u00faltiples facetas.<\/p>\n<p>El&nbsp;<b>Proyecto de Gesti\u00f3n<\/b>, como parte del Plan de Centro, es el instrumento que debe establecer los criterios a seguir en las decisiones relativas a la&nbsp;<b>gesti\u00f3n<\/b>&nbsp;de los recursos humanos, materiales y econ\u00f3micos del Centro, favoreciendo el uso responsable de los mismos.<\/p>\n<p>&nbsp;<\/p>\n","protected":false},"excerpt":{"rendered":"<p>El Plan de Centro es el documento donde se recogen las intenciones, propuestas y concreciones en relaci\u00f3n a la autonom\u00eda pedag\u00f3gica y de gesti\u00f3n del mismo. El Plan de centro tiene car\u00e1cter plurianual, obliga&#46;&#46;&#46;<\/p>\n","protected":false},"author":1,"featured_media":0,"parent":0,"menu_order":0,"comment_status":"open","ping_status":"open","template":"","meta":{"ngg_post_thumbnail":0,"footnotes":"","_mc_calendar":[]},"aioseo_notices":[],"_links":{"self":[{"href":"https:\/\/blogsaverroes.juntadeandalucia.es\/ceipalmotamid\/wp-json\/wp\/v2\/pages\/49"}],"collection":[{"href":"https:\/\/blogsaverroes.juntadeandalucia.es\/ceipalmotamid\/wp-json\/wp\/v2\/pages"}],"about":[{"href":"https:\/\/blogsaverroes.juntadeandalucia.es\/ceipalmotamid\/wp-json\/wp\/v2\/types\/page"}],"author":[{"embeddable":true,"href":"https:\/\/blogsaverroes.juntadeandalucia.es\/ceipalmotamid\/wp-json\/wp\/v2\/users\/1"}],"replies":[{"embeddable":true,"href":"https:\/\/blogsaverroes.juntadeandalucia.es\/ceipalmotamid\/wp-json\/wp\/v2\/comments?post=49"}],"version-history":[{"count":9,"href":"https:\/\/blogsaverroes.juntadeandalucia.es\/ceipalmotamid\/wp-json\/wp\/v2\/pages\/49\/revisions"}],"predecessor-version":[{"id":2604,"href":"https:\/\/blogsaverroes.juntadeandalucia.es\/ceipalmotamid\/wp-json\/wp\/v2\/pages\/49\/revisions\/2604"}],"wp:attachment":[{"href":"https:\/\/blogsaverroes.juntadeandalucia.es\/ceipalmotamid\/wp-json\/wp\/v2\/media?parent=49"}],"curies":[{"name":"wp","href":"https:\/\/api.w.org\/{rel}","templated":true}]}}