{"id":200,"date":"2015-03-17T10:04:24","date_gmt":"2015-03-17T10:04:24","guid":{"rendered":"http:\/\/blogsaverroes.juntadeandalucia.es\/pre\/ceip\/?page_id=200"},"modified":"2023-03-01T06:25:10","modified_gmt":"2023-03-01T06:25:10","slug":"quienes-formamos-el-ampa","status":"publish","type":"page","link":"https:\/\/blogsaverroes.juntadeandalucia.es\/ceipalonsobarba\/quienes-formamos-el-ampa\/","title":{"rendered":"\u00bfQuienes formamos el AMPA?"},"content":{"rendered":"<p>Relaci\u00f3n de las personas que forman parte de la Junta Directiva del AMPA \u00abAL ANDALUS\u00bb<\/p>\n<p style=\"padding-left: 40px\">&nbsp; &nbsp; &nbsp;\u2022 PRESIDENTA: Patricia Mora Eugenio<br \/>\n&nbsp; &nbsp; &nbsp;\u2022 SECRETARIO: Alejandro Jes\u00fas Flores Ponce<br \/>\n&nbsp; &nbsp; &nbsp;\u2022 TESORERAS: M\u00aa \u00c1ngeles Matos Rodr\u00edguez<br \/>\n&nbsp; &nbsp; &nbsp; &nbsp; &nbsp; &nbsp; &nbsp; &nbsp; &nbsp; &nbsp; &nbsp; &nbsp; &nbsp; &nbsp; &nbsp; &nbsp; &nbsp; Ana Prieto Contreras<br \/>\n&nbsp; &nbsp; &nbsp;\u2022 VOCAL: Manuela Garc\u00eda Santana<br \/>\n&nbsp; &nbsp; &nbsp;\u2022 VOCAL: Paula Alexandra Rodr\u00edguez Pacheco<br \/>\n&nbsp; &nbsp; &nbsp;\u2022 VOCAL: Luc\u00eda Rodr\u00edguez Su\u00e1rez<br \/>\n&nbsp; &nbsp; &nbsp;\u2022 VOCAL: Cristina Santana Forque<br \/>\n&nbsp; &nbsp; &nbsp;\u2022 VOCAL: Isabel Fern\u00e1ndez Ortiz<br \/>\n&nbsp; &nbsp; &nbsp;\u2022 VOCAL: Mar\u00eda Fern\u00e1ndez Ortiz<br \/>\n&nbsp; &nbsp; &nbsp;\u2022 VOCAL: Carmen Ram\u00edrez Mart\u00edn<br \/>\n&nbsp; &nbsp; &nbsp;\u2022 VOCAL: Jennifer Antonete Oria<br \/>\n&nbsp; &nbsp; &nbsp;\u2022 VOCAL: Amor Casaus Medina<br \/>\n&nbsp; &nbsp; &nbsp;\u2022 VOCAL: Alicia Lim\u00f3n Casta\u00f1o<br \/>\n&nbsp; &nbsp; &nbsp;\u2022 VOCAL: Noelia Rodr\u00edguez Morales<\/p>\n<p>Para formar parte de nuestro AMPA rellena este <a href=\"https:\/\/blogsaverroes.juntadeandalucia.es\/ceipalonsobarba\/files\/2023\/03\/Inscripci\u00f3n-AMPA.pdf\">formulario<\/a><\/p>\n","protected":false},"excerpt":{"rendered":"<p>Relaci\u00f3n de las personas que forman parte de la Junta Directiva del AMPA \u00abAL ANDALUS\u00bb &nbsp; &nbsp; &nbsp;\u2022 PRESIDENTA: Patricia Mora Eugenio &nbsp; &nbsp; &nbsp;\u2022 SECRETARIO: Alejandro Jes\u00fas Flores Ponce &nbsp; &nbsp; &nbsp;\u2022 TESORERAS:&#46;&#46;&#46;<\/p>\n","protected":false},"author":1,"featured_media":0,"parent":0,"menu_order":0,"comment_status":"closed","ping_status":"open","template":"","meta":{"ngg_post_thumbnail":0,"footnotes":"","_mc_calendar":[]},"aioseo_notices":[],"_links":{"self":[{"href":"https:\/\/blogsaverroes.juntadeandalucia.es\/ceipalonsobarba\/wp-json\/wp\/v2\/pages\/200"}],"collection":[{"href":"https:\/\/blogsaverroes.juntadeandalucia.es\/ceipalonsobarba\/wp-json\/wp\/v2\/pages"}],"about":[{"href":"https:\/\/blogsaverroes.juntadeandalucia.es\/ceipalonsobarba\/wp-json\/wp\/v2\/types\/page"}],"author":[{"embeddable":true,"href":"https:\/\/blogsaverroes.juntadeandalucia.es\/ceipalonsobarba\/wp-json\/wp\/v2\/users\/1"}],"replies":[{"embeddable":true,"href":"https:\/\/blogsaverroes.juntadeandalucia.es\/ceipalonsobarba\/wp-json\/wp\/v2\/comments?post=200"}],"version-history":[{"count":4,"href":"https:\/\/blogsaverroes.juntadeandalucia.es\/ceipalonsobarba\/wp-json\/wp\/v2\/pages\/200\/revisions"}],"predecessor-version":[{"id":3703,"href":"https:\/\/blogsaverroes.juntadeandalucia.es\/ceipalonsobarba\/wp-json\/wp\/v2\/pages\/200\/revisions\/3703"}],"wp:attachment":[{"href":"https:\/\/blogsaverroes.juntadeandalucia.es\/ceipalonsobarba\/wp-json\/wp\/v2\/media?parent=200"}],"curies":[{"name":"wp","href":"https:\/\/api.w.org\/{rel}","templated":true}]}}