{"id":850,"date":"2020-12-18T08:41:27","date_gmt":"2020-12-18T07:41:27","guid":{"rendered":"https:\/\/blogsaverroes.juntadeandalucia.es\/pre\/plantilla-pencil\/?page_id=850"},"modified":"2025-10-10T09:20:50","modified_gmt":"2025-10-10T08:20:50","slug":"planes-y-proyectos","status":"publish","type":"page","link":"https:\/\/blogsaverroes.juntadeandalucia.es\/ceipalpesa\/planes-y-proyectos\/","title":{"rendered":"Planes y Proyectos"},"content":{"rendered":"<p>[et_pb_section fb_built=&#8221;1&#8243; _builder_version=&#8221;4.16&#8243; global_colors_info=&#8221;{}&#8221;][et_pb_row _builder_version=&#8221;4.16&#8243; background_size=&#8221;initial&#8221; background_position=&#8221;top_left&#8221; background_repeat=&#8221;repeat&#8221; global_colors_info=&#8221;{}&#8221;][et_pb_column type=&#8221;4_4&#8243; _builder_version=&#8221;4.16&#8243; custom_padding=&#8221;|||&#8221; global_colors_info=&#8221;{}&#8221; custom_padding__hover=&#8221;|||&#8221;][et_pb_image src=&#8221;https:\/\/blogsaverroes.juntadeandalucia.es\/ceipalpesa\/files\/2020\/02\/elcentro.png&#8221; title_text=&#8221;elcentro&#8221; admin_label=&#8221;Imagen de la portada&#8221; _builder_version=&#8221;4.16&#8243; z_index_tablet=&#8221;500&#8243; box_shadow_horizontal_tablet=&#8221;0px&#8221; box_shadow_vertical_tablet=&#8221;0px&#8221; box_shadow_blur_tablet=&#8221;40px&#8221; box_shadow_spread_tablet=&#8221;0px&#8221; global_colors_info=&#8221;{}&#8221;][\/et_pb_image][et_pb_tabs _builder_version=&#8221;4.24.2&#8243; _module_preset=&#8221;default&#8221; hover_enabled=&#8221;0&#8243; sticky_enabled=&#8221;0&#8243;][et_pb_tab _builder_version=&#8221;4.24.2&#8243; _module_preset=&#8221;default&#8221; title=&#8221;Comunidad de Aprendizaje&#8221; hover_enabled=&#8221;0&#8243; sticky_enabled=&#8221;0&#8243;]<\/p>\n<p>Mejorar los resultados acad\u00e9micos y la convivencia escolar haciendo part\u00edcipe a toda la Comunidad Educativa de la vida diaria del Centro. Dentro de este proyecto se enmarcan las siguientes din\u00e1micas o pr\u00e1cticas educativas:<\/p>\n<ul>\n<li>Grupos interactivos.<\/li>\n<li>Tertulias dial\u00f3gicas.<\/li>\n<li>Asambleas.<\/li>\n<\/ul>\n<p>[\/et_pb_tab][et_pb_tab _builder_version=&#8221;4.24.2&#8243; _module_preset=&#8221;default&#8221; title=&#8221;Biling\u00fcismo&#8221; hover_enabled=&#8221;0&#8243; sticky_enabled=&#8221;0&#8243;]<\/p>\n<p>Con el objetivo de mejorar la competencia ling\u00fc\u00edstica y el conocimiento de la lengua extranjera (ingl\u00e9s), se trabajan diversas actividades en el centro:<\/p>\n<ul>\n<li>Asignatura biling\u00fce: conocimiento del medio (de 1\u00ba a 6\u00ba).<\/li>\n<li>Efem\u00e9rides: d\u00edas de las lenguas, d\u00eda de Europa, Halloween&#8230;<\/li>\n<li>Asistentes de conversaci\u00f3n: comunicaci\u00f3n oral en lengua inglesa (dentro del \u00e1rea biling\u00fce).<\/li>\n<\/ul>\n<p>[\/et_pb_tab][\/et_pb_tabs][\/et_pb_column][\/et_pb_row][\/et_pb_section]<\/p>\n","protected":false},"excerpt":{"rendered":"<p>Mejorar los resultados acad\u00e9micos y la convivencia escolar haciendo part\u00edcipe a toda la Comunidad Educativa de la vida diaria del Centro. Dentro de este proyecto se enmarcan las siguientes din\u00e1micas o pr\u00e1cticas educativas: Grupos interactivos. Tertulias dial\u00f3gicas. Asambleas. Con el objetivo de mejorar la competencia ling\u00fc\u00edstica y el conocimiento de la lengua extranjera (ingl\u00e9s), se [&hellip;]<\/p>\n","protected":false},"author":7051,"featured_media":0,"parent":0,"menu_order":0,"comment_status":"closed","ping_status":"closed","template":"","meta":{"_et_pb_use_builder":"on","_et_pb_old_content":"","_et_gb_content_width":"","ngg_post_thumbnail":0,"footnotes":""},"aioseo_notices":[],"_links":{"self":[{"href":"https:\/\/blogsaverroes.juntadeandalucia.es\/ceipalpesa\/wp-json\/wp\/v2\/pages\/850"}],"collection":[{"href":"https:\/\/blogsaverroes.juntadeandalucia.es\/ceipalpesa\/wp-json\/wp\/v2\/pages"}],"about":[{"href":"https:\/\/blogsaverroes.juntadeandalucia.es\/ceipalpesa\/wp-json\/wp\/v2\/types\/page"}],"author":[{"embeddable":true,"href":"https:\/\/blogsaverroes.juntadeandalucia.es\/ceipalpesa\/wp-json\/wp\/v2\/users\/7051"}],"replies":[{"embeddable":true,"href":"https:\/\/blogsaverroes.juntadeandalucia.es\/ceipalpesa\/wp-json\/wp\/v2\/comments?post=850"}],"version-history":[{"count":2,"href":"https:\/\/blogsaverroes.juntadeandalucia.es\/ceipalpesa\/wp-json\/wp\/v2\/pages\/850\/revisions"}],"predecessor-version":[{"id":1090,"href":"https:\/\/blogsaverroes.juntadeandalucia.es\/ceipalpesa\/wp-json\/wp\/v2\/pages\/850\/revisions\/1090"}],"wp:attachment":[{"href":"https:\/\/blogsaverroes.juntadeandalucia.es\/ceipalpesa\/wp-json\/wp\/v2\/media?parent=850"}],"curies":[{"name":"wp","href":"https:\/\/api.w.org\/{rel}","templated":true}]}}