{"id":216,"date":"2015-11-25T14:52:07","date_gmt":"2015-11-25T14:52:07","guid":{"rendered":"http:\/\/blogsaverroes.juntadeandalucia.es\/ceipalvarocecilia\/?page_id=216"},"modified":"2020-09-09T15:56:35","modified_gmt":"2020-09-09T15:56:35","slug":"libros-de-texto","status":"publish","type":"page","link":"https:\/\/blogsaverroes.juntadeandalucia.es\/ceipalvarocecilia\/nuestro-cole\/libros-de-texto\/","title":{"rendered":"Libros de texto"},"content":{"rendered":"<p style=\"text-align: center\"><span style=\"text-decoration: underline\"><strong>SELECCI\u00d3N DE LIBROS DE TEXTO CURSO 2020-2021<\/strong><\/span><\/p>\n<p style=\"text-align: justify\"><a href=\"https:\/\/blogsaverroes.juntadeandalucia.es\/ceipalvarocecilia\/files\/2020\/07\/Libros-infantil.pdf\" target=\"_blank\" rel=\"noopener noreferrer\"><img loading=\"lazy\" decoding=\"async\" class=\" wp-image-5659 alignleft\" src=\"http:\/\/blogsaverroes.juntadeandalucia.es\/ceipalvarocecilia\/files\/2015\/11\/pdf.png\" alt=\"pdf\" width=\"55\" height=\"55\" srcset=\"https:\/\/blogsaverroes.juntadeandalucia.es\/ceipalvarocecilia\/files\/2015\/11\/pdf.png 256w, https:\/\/blogsaverroes.juntadeandalucia.es\/ceipalvarocecilia\/files\/2015\/11\/pdf-150x150.png 150w, https:\/\/blogsaverroes.juntadeandalucia.es\/ceipalvarocecilia\/files\/2015\/11\/pdf-100x100.png 100w, https:\/\/blogsaverroes.juntadeandalucia.es\/ceipalvarocecilia\/files\/2015\/11\/pdf-160x160.png 160w\" sizes=\"(max-width: 55px) 100vw, 55px\" \/><\/a>Para mayor informaci\u00f3n sobre los libros de texto de Infantil, se recomienda abrir el archivo en PDF, &nbsp;picando en el enlace de la izquierda, o sobre el t\u00edtulo de cada uno de ellos.<\/p>\n<table border=\"1\" cellspacing=\"2\" cellpadding=\"2\">\n<tbody>\n<tr>\n<td>\n<table style=\"height: 146px\" border=\"3\" width=\"709\" cellspacing=\"2\" cellpadding=\"2\">\n<tbody>\n<tr style=\"height: 34px\" align=\"center\">\n<td style=\"height: 34px;width: 103px\" colspan=\"1\" rowspan=\"1\"><big><big><small>&nbsp;<\/small><\/big><\/big><\/td>\n<td style=\"height: 34px;width: 457px\" colspan=\"1\"><a href=\"https:\/\/blogsaverroes.juntadeandalucia.es\/ceipalvarocecilia\/files\/2020\/07\/Libros-infantil.pdf\"><span style=\"text-decoration: underline\"><strong><big><big><small>INFANTIL DE 3 A\u00d1OS<\/small><\/big><\/big><\/strong><\/span><\/a><\/td>\n<td style=\"height: 34px;width: 117px\">&nbsp;<\/td>\n<\/tr>\n<tr style=\"height: 24px\">\n<td style=\"text-align: center;height: 24px;width: 103px\"><span style=\"text-decoration: underline\"><strong>\u00c1REA<\/strong><\/span><\/td>\n<td style=\"height: 24px;text-align: center;width: 457px\"><span style=\"text-decoration: underline\"><strong>T\u00cdTULO<\/strong><\/span><\/td>\n<td style=\"height: 24px;text-align: center;width: 117px\"><span style=\"text-decoration: underline\"><strong>EDITORIAL<\/strong><\/span><\/td>\n<\/tr>\n<tr style=\"height: 24px\">\n<td style=\"height: 24px;text-align: center;width: 103px\">M\u00c9TODO<\/td>\n<td style=\"height: 24px;width: 457px\">\u00abDIMENSI\u00d3N NUBARIS\u00bb 1\u00ba Y 2\u00ba TRIMESTRE<\/td>\n<td style=\"height: 24px;text-align: center;width: 117px\">EDELVIVES<\/td>\n<\/tr>\n<tr style=\"height: 24px\">\n<td style=\"text-align: center;height: 24px;width: 103px\">RELIGI\u00d3N<\/td>\n<td style=\"height: 24px;width: 457px\">\u00abRELIGI\u00d3N CAT\u00d3LICA . ED. INFANTIL 3 A\u00d1OS<\/td>\n<td style=\"height: 24px;text-align: center;width: 117px\">ANAYA<\/td>\n<\/tr>\n<\/tbody>\n<\/table>\n<div>\n<hr>\n<\/div>\n<table style=\"height: 263px\" border=\"3\" width=\"707\" cellspacing=\"2\" cellpadding=\"2\">\n<tbody>\n<tr align=\"center\">\n<td style=\"width: 192px\" colspan=\"1\" rowspan=\"1\">&nbsp;<\/td>\n<td style=\"width: 369px\" colspan=\"1\"><a href=\"https:\/\/blogsaverroes.juntadeandalucia.es\/ceipalvarocecilia\/files\/2020\/07\/Libros-infantil.pdf\"><span style=\"text-decoration: underline\"><strong><big><big><small>INFANTIL DE 4 A\u00d1OS<\/small><\/big><\/big><\/strong><\/span><\/a><\/td>\n<td style=\"width: 114px\">&nbsp;<\/td>\n<\/tr>\n<tr>\n<td style=\"text-align: center;width: 192px\"><span style=\"text-decoration: underline\"><strong>\u00c1REA<\/strong><\/span><\/td>\n<td style=\"text-align: center;width: 369px\"><span style=\"text-decoration: underline\"><strong>T\u00cdTULO<\/strong><\/span><\/td>\n<td style=\"text-align: center;width: 114px\"><span style=\"text-decoration: underline\"><strong>EDITORIAL<\/strong><\/span><\/td>\n<\/tr>\n<tr>\n<td style=\"vertical-align: top;text-align: center;width: 192px\">M\u00c9TODO<\/td>\n<td style=\"vertical-align: top;width: 369px;text-align: center\">\u00abDIMENSI\u00d3N NUBARIS\u00bb 4 A\u00d1OS 1\u00ba y 2\u00ba TRIMESTRES<\/td>\n<td style=\"vertical-align: top;text-align: center;width: 114px\">EDELVIVES<\/td>\n<\/tr>\n<tr>\n<td style=\"vertical-align: top;text-align: center;width: 192px\">LECTOESCRITURA<\/td>\n<td style=\"vertical-align: top;width: 369px\">LETRILANDIA (Cuaderno n\u00ba 1)<\/td>\n<td style=\"vertical-align: top;text-align: center;width: 114px\">EDELVIVES<\/td>\n<\/tr>\n<tr>\n<td style=\"vertical-align: top;width: 192px;text-align: center\">RELIGI\u00d3N<\/td>\n<td style=\"vertical-align: top;width: 369px\">RELIGI\u00d3N CAT\u00d3LICA 4 A\u00d1OS<\/td>\n<td style=\"vertical-align: top;width: 114px;text-align: center\">ANAYA<\/td>\n<\/tr>\n<\/tbody>\n<\/table>\n<div>\n<hr>\n<\/div>\n<table style=\"height: 234px\" border=\"3\" width=\"709\" cellspacing=\"2\" cellpadding=\"2\">\n<tbody>\n<tr align=\"center\">\n<td style=\"width: 192px\" colspan=\"1\" rowspan=\"1\">&nbsp;<\/td>\n<td style=\"width: 369px\" colspan=\"1\"><a href=\"https:\/\/blogsaverroes.juntadeandalucia.es\/ceipalvarocecilia\/files\/2020\/07\/Libros-infantil.pdf\"><span style=\"text-decoration: underline\"><strong><big><big><small>INFANTIL DE 5 A\u00d1OS<\/small><\/big><\/big><\/strong><\/span><\/a><\/td>\n<td style=\"width: 116px\">&nbsp;<\/td>\n<\/tr>\n<tr>\n<td style=\"text-align: center;width: 192px\"><span style=\"text-decoration: underline\"><strong>\u00c1REA<\/strong><\/span><\/td>\n<td style=\"text-align: center;width: 369px\"><span style=\"text-decoration: underline\"><strong>T\u00cdTULO<\/strong><\/span><\/td>\n<td style=\"text-align: center;width: 116px\"><span style=\"text-decoration: underline\"><strong>EDITORIAL<\/strong><\/span><\/td>\n<\/tr>\n<tr>\n<td style=\"width: 192px;text-align: center\">M\u00c9TODO<\/td>\n<td style=\"width: 369px;text-align: center\">\u00abDIMENSI\u00d3N DUBARIS\u00bb 5 A\u00d1OS 1\u00ba y 2\u00ba&nbsp; TRIMESTRES<\/td>\n<td style=\"width: 116px;text-align: center\">EDELVIVES<\/td>\n<\/tr>\n<tr>\n<td style=\"width: 192px;text-align: center\">LECTOESCRITURA<\/td>\n<td style=\"width: 369px\">LETRILANDIA (Cuadernos n\u00ba 2-3)<\/td>\n<td style=\"width: 116px;text-align: center\">EDELVIVES<\/td>\n<\/tr>\n<tr>\n<td style=\"width: 192px;text-align: center\">CARTILLA DE LECTURA&nbsp;<\/td>\n<td style=\"width: 369px\">LETRILANDIA n\u00ba 1<\/td>\n<td style=\"width: 116px;text-align: center\">EDELVIVES<\/td>\n<\/tr>\n<tr>\n<td style=\"width: 192px;text-align: center\">RELIGI\u00d3N<\/td>\n<td style=\"width: 369px\">RELIGI\u00d3N CAT\u00d3LICA 5 A\u00d1OS<\/td>\n<td style=\"width: 116px;text-align: center\">ANAYA<\/td>\n<\/tr>\n<\/tbody>\n<\/table>\n<div>\n<hr>\n<\/div>\n<p style=\"text-align: center\"><span style=\"text-decoration: underline\"><strong>PRIMARIA<\/strong><\/span><\/p>\n<p style=\"text-align: justify\">El material curricular de Primaria se encuentra acogido al programa de gratuidad&nbsp; de Libros de Texto de la Junta de Andaluc\u00eda. No obstante, si desea hacer cualquier consulta al respecto, la relaci\u00f3n de los mismos se encuentra expuesta en tabl\u00f3n de anuncios del centro.<\/p>\n<div>&nbsp;<\/div>\n<\/td>\n<\/tr>\n<\/tbody>\n<\/table>\n","protected":false},"excerpt":{"rendered":"<p>SELECCI\u00d3N DE LIBROS DE TEXTO CURSO 2020-2021 Para mayor informaci\u00f3n sobre los libros de texto de Infantil, se recomienda abrir el archivo en PDF, &nbsp;picando en el enlace de la izquierda, o sobre el&#46;&#46;&#46;<\/p>\n","protected":false},"author":2169,"featured_media":0,"parent":221,"menu_order":0,"comment_status":"closed","ping_status":"closed","template":"","meta":{"ngg_post_thumbnail":0,"footnotes":""},"aioseo_notices":[],"_links":{"self":[{"href":"https:\/\/blogsaverroes.juntadeandalucia.es\/ceipalvarocecilia\/wp-json\/wp\/v2\/pages\/216"}],"collection":[{"href":"https:\/\/blogsaverroes.juntadeandalucia.es\/ceipalvarocecilia\/wp-json\/wp\/v2\/pages"}],"about":[{"href":"https:\/\/blogsaverroes.juntadeandalucia.es\/ceipalvarocecilia\/wp-json\/wp\/v2\/types\/page"}],"author":[{"embeddable":true,"href":"https:\/\/blogsaverroes.juntadeandalucia.es\/ceipalvarocecilia\/wp-json\/wp\/v2\/users\/2169"}],"replies":[{"embeddable":true,"href":"https:\/\/blogsaverroes.juntadeandalucia.es\/ceipalvarocecilia\/wp-json\/wp\/v2\/comments?post=216"}],"version-history":[{"count":36,"href":"https:\/\/blogsaverroes.juntadeandalucia.es\/ceipalvarocecilia\/wp-json\/wp\/v2\/pages\/216\/revisions"}],"predecessor-version":[{"id":27129,"href":"https:\/\/blogsaverroes.juntadeandalucia.es\/ceipalvarocecilia\/wp-json\/wp\/v2\/pages\/216\/revisions\/27129"}],"up":[{"embeddable":true,"href":"https:\/\/blogsaverroes.juntadeandalucia.es\/ceipalvarocecilia\/wp-json\/wp\/v2\/pages\/221"}],"wp:attachment":[{"href":"https:\/\/blogsaverroes.juntadeandalucia.es\/ceipalvarocecilia\/wp-json\/wp\/v2\/media?parent=216"}],"curies":[{"name":"wp","href":"https:\/\/api.w.org\/{rel}","templated":true}]}}

<p style="text-align: center"><span style="text-decoration: underline"><strong>SELECCIÓN DE LIBROS DE TEXTO CURSO 2020-2021</strong></span></p>
<p style="text-align: justify"><a href="https://blogsaverroes.juntadeandalucia.es/ceipalvarocecilia/files/2020/07/Libros-infantil.pdf" target="_blank" rel="noopener noreferrer"><img loading="lazy" decoding="async" class=" wp-image-5659 alignleft" src="http://blogsaverroes.juntadeandalucia.es/ceipalvarocecilia/files/2015/11/pdf.png" alt="pdf" width="55" height="55" srcset="https://blogsaverroes.juntadeandalucia.es/ceipalvarocecilia/files/2015/11/pdf.png 256w, https://blogsaverroes.juntadeandalucia.es/ceipalvarocecilia/files/2015/11/pdf-150x150.png 150w, https://blogsaverroes.juntadeandalucia.es/ceipalvarocecilia/files/2015/11/pdf-100x100.png 100w, https://blogsaverroes.juntadeandalucia.es/ceipalvarocecilia/files/2015/11/pdf-160x160.png 160w" sizes="(max-width: 55px) 100vw, 55px" /></a>Para mayor información sobre los libros de texto de Infantil, se recomienda abrir el archivo en PDF, &nbsp;picando en el enlace de la izquierda, o sobre el título de cada uno de ellos.</p>
<table border="1" cellspacing="2" cellpadding="2">
<tbody>
<tr>
<td>
<table style="height: 146px" border="3" width="709" cellspacing="2" cellpadding="2">
<tbody>
<tr style="height: 34px" align="center">
<td style="height: 34px;width: 103px" colspan="1" rowspan="1"><big><big><small>&nbsp;</small></big></big></td>
<td style="height: 34px;width: 457px" colspan="1"><a href="https://blogsaverroes.juntadeandalucia.es/ceipalvarocecilia/files/2020/07/Libros-infantil.pdf"><span style="text-decoration: underline"><strong><big><big><small>INFANTIL DE 3 AÑOS</small></big></big></strong></span></a></td>
<td style="height: 34px;width: 117px">&nbsp;</td>
</tr>
<tr style="height: 24px">
<td style="text-align: center;height: 24px;width: 103px"><span style="text-decoration: underline"><strong>ÁREA</strong></span></td>
<td style="height: 24px;text-align: center;width: 457px"><span style="text-decoration: underline"><strong>TÍTULO</strong></span></td>
<td style="height: 24px;text-align: center;width: 117px"><span style="text-decoration: underline"><strong>EDITORIAL</strong></span></td>
</tr>
<tr style="height: 24px">
<td style="height: 24px;text-align: center;width: 103px">MÉTODO</td>
<td style="height: 24px;width: 457px">«DIMENSIÓN NUBARIS» 1º Y 2º TRIMESTRE</td>
<td style="height: 24px;text-align: center;width: 117px">EDELVIVES</td>
</tr>
<tr style="height: 24px">
<td style="text-align: center;height: 24px;width: 103px">RELIGIÓN</td>
<td style="height: 24px;width: 457px">«RELIGIÓN CATÓLICA . ED. INFANTIL 3 AÑOS</td>
<td style="height: 24px;text-align: center;width: 117px">ANAYA</td>
</tr>
</tbody>
</table>
<div>
<hr>
</div>
<table style="height: 263px" border="3" width="707" cellspacing="2" cellpadding="2">
<tbody>
<tr align="center">
<td style="width: 192px" colspan="1" rowspan="1">&nbsp;</td>
<td style="width: 369px" colspan="1"><a href="https://blogsaverroes.juntadeandalucia.es/ceipalvarocecilia/files/2020/07/Libros-infantil.pdf"><span style="text-decoration: underline"><strong><big><big><small>INFANTIL DE 4 AÑOS</small></big></big></strong></span></a></td>
<td style="width: 114px">&nbsp;</td>
</tr>
<tr>
<td style="text-align: center;width: 192px"><span style="text-decoration: underline"><strong>ÁREA</strong></span></td>
<td style="text-align: center;width: 369px"><span style="text-decoration: underline"><strong>TÍTULO</strong></span></td>
<td style="text-align: center;width: 114px"><span style="text-decoration: underline"><strong>EDITORIAL</strong></span></td>
</tr>
<tr>
<td style="vertical-align: top;text-align: center;width: 192px">MÉTODO</td>
<td style="vertical-align: top;width: 369px;text-align: center">«DIMENSIÓN NUBARIS» 4 AÑOS 1º y 2º TRIMESTRES</td>
<td style="vertical-align: top;text-align: center;width: 114px">EDELVIVES</td>
</tr>
<tr>
<td style="vertical-align: top;text-align: center;width: 192px">LECTOESCRITURA</td>
<td style="vertical-align: top;width: 369px">LETRILANDIA (Cuaderno nº 1)</td>
<td style="vertical-align: top;text-align: center;width: 114px">EDELVIVES</td>
</tr>
<tr>
<td style="vertical-align: top;width: 192px;text-align: center">RELIGIÓN</td>
<td style="vertical-align: top;width: 369px">RELIGIÓN CATÓLICA 4 AÑOS</td>
<td style="vertical-align: top;width: 114px;text-align: center">ANAYA</td>
</tr>
</tbody>
</table>
<div>
<hr>
</div>
<table style="height: 234px" border="3" width="709" cellspacing="2" cellpadding="2">
<tbody>
<tr align="center">
<td style="width: 192px" colspan="1" rowspan="1">&nbsp;</td>
<td style="width: 369px" colspan="1"><a href="https://blogsaverroes.juntadeandalucia.es/ceipalvarocecilia/files/2020/07/Libros-infantil.pdf"><span style="text-decoration: underline"><strong><big><big><small>INFANTIL DE 5 AÑOS</small></big></big></strong></span></a></td>
<td style="width: 116px">&nbsp;</td>
</tr>
<tr>
<td style="text-align: center;width: 192px"><span style="text-decoration: underline"><strong>ÁREA</strong></span></td>
<td style="text-align: center;width: 369px"><span style="text-decoration: underline"><strong>TÍTULO</strong></span></td>
<td style="text-align: center;width: 116px"><span style="text-decoration: underline"><strong>EDITORIAL</strong></span></td>
</tr>
<tr>
<td style="width: 192px;text-align: center">MÉTODO</td>
<td style="width: 369px;text-align: center">«DIMENSIÓN DUBARIS» 5 AÑOS 1º y 2º&nbsp; TRIMESTRES</td>
<td style="width: 116px;text-align: center">EDELVIVES</td>
</tr>
<tr>
<td style="width: 192px;text-align: center">LECTOESCRITURA</td>
<td style="width: 369px">LETRILANDIA (Cuadernos nº 2-3)</td>
<td style="width: 116px;text-align: center">EDELVIVES</td>
</tr>
<tr>
<td style="width: 192px;text-align: center">CARTILLA DE LECTURA&nbsp;</td>
<td style="width: 369px">LETRILANDIA nº 1</td>
<td style="width: 116px;text-align: center">EDELVIVES</td>
</tr>
<tr>
<td style="width: 192px;text-align: center">RELIGIÓN</td>
<td style="width: 369px">RELIGIÓN CATÓLICA 5 AÑOS</td>
<td style="width: 116px;text-align: center">ANAYA</td>
</tr>
</tbody>
</table>
<div>
<hr>
</div>
<p style="text-align: center"><span style="text-decoration: underline"><strong>PRIMARIA</strong></span></p>
<p style="text-align: justify">El material curricular de Primaria se encuentra acogido al programa de gratuidad&nbsp; de Libros de Texto de la Junta de Andalucía. No obstante, si desea hacer cualquier consulta al respecto, la relación de los mismos se encuentra expuesta en tablón de anuncios del centro.</p>
<div>&nbsp;</div>
</td>
</tr>
</tbody>
</table>

<p>SELECCIÓN DE LIBROS DE TEXTO CURSO 2020-2021 Para mayor información sobre los libros de texto de Infantil, se recomienda abrir el archivo en PDF, &nbsp;picando en el enlace de la izquierda, o sobre el&#46;&#46;&#46;</p>
