{"id":2603,"date":"2016-01-14T09:40:50","date_gmt":"2016-01-14T09:40:50","guid":{"rendered":"http:\/\/blogsaverroes.juntadeandalucia.es\/ceipalvarocecilia\/?page_id=2603"},"modified":"2018-10-07T07:57:29","modified_gmt":"2018-10-07T07:57:29","slug":"noticias-ampa","status":"publish","type":"page","link":"https:\/\/blogsaverroes.juntadeandalucia.es\/ceipalvarocecilia\/ampa\/noticias-ampa\/","title":{"rendered":"Descuentos Socios"},"content":{"rendered":"<p style=\"text-align: justify\"><a href=\"https:\/\/blogsaverroes.juntadeandalucia.es\/ceipalvarocecilia\/files\/2015\/11\/DESCUENTOS-AMPA.jpg\"><img loading=\"lazy\" decoding=\"async\" class=\" wp-image-10488 alignleft\" src=\"https:\/\/blogsaverroes.juntadeandalucia.es\/ceipalvarocecilia\/files\/2015\/11\/DESCUENTOS-AMPA.jpg\" alt=\"\" width=\"121\" height=\"132\"><\/a>Desde la Directiva del AMPA, se han realizado gestiones con una serie de establecimientos de la localidad, en los cuales se efectuar\u00e1n descuentos a su asociados. Estos descuentos son para el Curso Escolar 2018-19 y para poder&nbsp;disfrutar de ellos ser\u00e1 necesario presentar el carn\u00e9 de socio.<\/p>\n<p style=\"text-align: justify\">Los establecimientos colaboradores se relacionan a continuaci\u00f3n. Pulsando sobre cada uno de ellos obtendremos informaci\u00f3n sobre el citado descuento en&nbsp;dicho establecimiento.<\/p>\n<p>Esta p\u00e1gina se ir\u00e1 actualizando con los nuevos negocios que se vay\u00e1n incorporando a esta promoci\u00f3n.<\/p>\n<table style=\"height: 352px\" width=\"832\">\n<tbody>\n<tr>\n<td style=\"width: 416px;text-align: left;vertical-align: top\">\n<ul style=\"list-style-type: circle\">\n<li><a href=\"https:\/\/blogsaverroes.juntadeandalucia.es\/ceipalvarocecilia\/files\/2018\/10\/Bar-Victoria.pdf\" target=\"_blank\" rel=\"noopener\">Bar Victoria<\/a><\/li>\n<li><a href=\"https:\/\/blogsaverroes.juntadeandalucia.es\/ceipalvarocecilia\/files\/2018\/10\/Bmovil.pdf\" target=\"_blank\" rel=\"noopener\">Bmobil<\/a><\/li>\n<li><a href=\"https:\/\/blogsaverroes.juntadeandalucia.es\/ceipalvarocecilia\/files\/2018\/10\/Clinica-dental-Marina-Raya.pdf\" target=\"_blank\" rel=\"noopener\">Cl\u00ednica Dental Marina Raya<\/a><\/li>\n<li><a href=\"https:\/\/blogsaverroes.juntadeandalucia.es\/ceipalvarocecilia\/files\/2018\/09\/Deportes-Sport.pdf\" target=\"_blank\" rel=\"noopener\">Deportes Sport<\/a><\/li>\n<li><a href=\"https:\/\/blogsaverroes.juntadeandalucia.es\/ceipalvarocecilia\/files\/2018\/10\/Five.pdf\" target=\"_blank\" rel=\"noopener\">Five<\/a><\/li>\n<li><a href=\"https:\/\/blogsaverroes.juntadeandalucia.es\/ceipalvarocecilia\/files\/2018\/09\/Fotos-Arce.pdf\" target=\"_blank\" rel=\"noopener\">Fotos Arce<\/a><\/li>\n<li><a style=\"font-family: inherit;font-size: inherit\" href=\"https:\/\/blogsaverroes.juntadeandalucia.es\/ceipalvarocecilia\/files\/2018\/09\/Luna-Lola.pdf\" target=\"_blank\" rel=\"noopener\">Luna Lola<\/a><\/li>\n<li><a href=\"https:\/\/blogsaverroes.juntadeandalucia.es\/ceipalvarocecilia\/files\/2018\/10\/Papeleria-Abuelo-Fernando.pdf\" target=\"_blank\" rel=\"noopener\">Papeleria Abuelo Fernando<\/a><\/li>\n<li><a href=\"https:\/\/blogsaverroes.juntadeandalucia.es\/ceipalvarocecilia\/files\/2018\/10\/Peluqueria-Mochi.pdf\" target=\"_blank\" rel=\"noopener\">Peluquer\u00eda Mochi<\/a><\/li>\n<li><a href=\"https:\/\/blogsaverroes.juntadeandalucia.es\/ceipalvarocecilia\/files\/2018\/10\/Viajes-Esperanza.pdf\">Viajes Esperanza<\/a><\/li>\n<\/ul>\n<\/td>\n<td style=\"width: 416px;text-align: left;vertical-align: top\">\n<ul style=\"list-style-type: circle\">\n<li><a href=\"https:\/\/blogsaverroes.juntadeandalucia.es\/ceipalvarocecilia\/files\/2018\/10\/Academia-London-Time.pdf\" target=\"_blank\" rel=\"noopener\">Academia London Time<\/a><\/li>\n<li><a href=\"https:\/\/blogsaverroes.juntadeandalucia.es\/ceipalvarocecilia\/files\/2018\/10\/Barberia-Antonio-M.pdf\" target=\"_blank\" rel=\"noopener\">Barber\u00eda Antonio M.<\/a><\/li>\n<li><a href=\"https:\/\/blogsaverroes.juntadeandalucia.es\/ceipalvarocecilia\/files\/2018\/09\/Calzados-Maryeva.pdf\" target=\"_blank\" rel=\"noopener\">Calzados Maryeva<\/a><\/li>\n<li><a href=\"https:\/\/blogsaverroes.juntadeandalucia.es\/ceipalvarocecilia\/files\/2018\/09\/Estanco-el-Paseo.pdf\" target=\"_blank\" rel=\"noopener\">Estanco el Paseo<\/a><\/li>\n<li><a href=\"https:\/\/blogsaverroes.juntadeandalucia.es\/ceipalvarocecilia\/files\/2018\/10\/Gimnasio-Sur-Occidental.pdf\" target=\"_blank\" rel=\"noopener\">Gimnasio Sur Occidental<\/a><\/li>\n<li><a href=\"https:\/\/blogsaverroes.juntadeandalucia.es\/ceipalvarocecilia\/files\/2018\/10\/Lomina.pdf\" target=\"_blank\" rel=\"noopener\">Lomina<\/a><\/li>\n<li><a href=\"https:\/\/blogsaverroes.juntadeandalucia.es\/ceipalvarocecilia\/files\/2018\/09\/Papeler\u00eda-Santa-Marina.pdf\">Papeleria Santa Marina<\/a><\/li>\n<li><a href=\"https:\/\/blogsaverroes.juntadeandalucia.es\/ceipalvarocecilia\/files\/2018\/09\/Tienda-Mini-Modas.pdf\" target=\"_blank\" rel=\"noopener\">Tienda Mini Modas<\/a><\/li>\n<li><a href=\"https:\/\/blogsaverroes.juntadeandalucia.es\/ceipalvarocecilia\/files\/2018\/09\/Tiendas-Campe\u00f3n.pdf\" target=\"_blank\" rel=\"noopener\">Tiendas Campe\u00f3n<\/a><\/li>\n<\/ul>\n<\/td>\n<\/tr>\n<\/tbody>\n<\/table>\n<p style=\"text-align: center\"><strong>Aquellos establecimientos de la localidad que deseen sumarse a esta campa\u00f1a de apoyo a la A.M.P.A. y de fomento de las compras en nuestro pueblo, pueden ponerse en contacto con la directiva de esta asociaci\u00f3n.<\/strong><\/p>\n","protected":false},"excerpt":{"rendered":"<p>Desde la Directiva del AMPA, se han realizado gestiones con una serie de establecimientos de la localidad, en los cuales se efectuar\u00e1n descuentos a su asociados. Estos descuentos son para el Curso Escolar 2018-19&#46;&#46;&#46;<\/p>\n","protected":false},"author":2169,"featured_media":0,"parent":838,"menu_order":0,"comment_status":"closed","ping_status":"closed","template":"page-templates\/child-menu.php","meta":{"ngg_post_thumbnail":0,"footnotes":""},"aioseo_notices":[],"_links":{"self":[{"href":"https:\/\/blogsaverroes.juntadeandalucia.es\/ceipalvarocecilia\/wp-json\/wp\/v2\/pages\/2603"}],"collection":[{"href":"https:\/\/blogsaverroes.juntadeandalucia.es\/ceipalvarocecilia\/wp-json\/wp\/v2\/pages"}],"about":[{"href":"https:\/\/blogsaverroes.juntadeandalucia.es\/ceipalvarocecilia\/wp-json\/wp\/v2\/types\/page"}],"author":[{"embeddable":true,"href":"https:\/\/blogsaverroes.juntadeandalucia.es\/ceipalvarocecilia\/wp-json\/wp\/v2\/users\/2169"}],"replies":[{"embeddable":true,"href":"https:\/\/blogsaverroes.juntadeandalucia.es\/ceipalvarocecilia\/wp-json\/wp\/v2\/comments?post=2603"}],"version-history":[{"count":90,"href":"https:\/\/blogsaverroes.juntadeandalucia.es\/ceipalvarocecilia\/wp-json\/wp\/v2\/pages\/2603\/revisions"}],"predecessor-version":[{"id":19707,"href":"https:\/\/blogsaverroes.juntadeandalucia.es\/ceipalvarocecilia\/wp-json\/wp\/v2\/pages\/2603\/revisions\/19707"}],"up":[{"embeddable":true,"href":"https:\/\/blogsaverroes.juntadeandalucia.es\/ceipalvarocecilia\/wp-json\/wp\/v2\/pages\/838"}],"wp:attachment":[{"href":"https:\/\/blogsaverroes.juntadeandalucia.es\/ceipalvarocecilia\/wp-json\/wp\/v2\/media?parent=2603"}],"curies":[{"name":"wp","href":"https:\/\/api.w.org\/{rel}","templated":true}]}}