{"id":465,"date":"2015-11-27T18:50:59","date_gmt":"2015-11-27T18:50:59","guid":{"rendered":"http:\/\/blogsaverroes.juntadeandalucia.es\/ceipalvarocecilia\/?page_id=465"},"modified":"2019-11-19T08:30:29","modified_gmt":"2019-11-19T08:30:29","slug":"proyectos","status":"publish","type":"page","link":"https:\/\/blogsaverroes.juntadeandalucia.es\/ceipalvarocecilia\/proyectos\/","title":{"rendered":"Proyectos"},"content":{"rendered":"<p><!--StartFragment --> Nuestro cole es un centro moderno preparado para la educaci\u00f3n del Siglo XXI, y como tal cuenta con una serie de planes y proyectos educativos &nbsp;que van encaminados, en la mayor\u00eda de los casos a favorecer la educaci\u00f3n integral de nuestros alumnos y alumnas. y en otros &nbsp;a ofrecer ayuda a las familias para poder conciliar la vida laboral y familiar.<\/p>\n<p>La duraci\u00f3n de estos proyectos en el tiempo es desigual, ya que los hay anuales, bianuales e incluso permanentes.<\/p>\n<p>Estos proyectos no son concebidos como c\u00e9lulas aisladas, sino que se entienden como un bloque en el cual se pretende&nbsp; que las diferentes actividades &nbsp;de cada uno de los proyectos est\u00e9n interrelacionadas entre si, de forma que una misma actividad pueda ser \u00fatil en varios proyectos de forma simult\u00e1nea.<\/p>\n<p>En la actualidad en el centro se desarrollan cuatro&nbsp; prograrmas: Escuela Espacio de paz, Plan de Igualdad, Creciendo en Salud y Comunica Familias Lectoras. No obstante el car\u00e1cter innovador de nuestras aulas hace que estemos abiertos a nuevos proyectos que vayan surgiendo y que desde la comunidad educativa se consideren de inter\u00e9s para enriquecer nuestro centro y la calidad de la educaci\u00f3n de nuestros alumnos y alumnas.<\/p>\n<p>Todos los proyectos se articulan desde la Biblioteca Escolar.<\/p>\n","protected":false},"excerpt":{"rendered":"<p>Nuestro cole es un centro moderno preparado para la educaci\u00f3n del Siglo XXI, y como tal cuenta con una serie de planes y proyectos educativos &nbsp;que van encaminados, en la mayor\u00eda de los casos&#46;&#46;&#46;<\/p>\n","protected":false},"author":2169,"featured_media":0,"parent":0,"menu_order":0,"comment_status":"open","ping_status":"open","template":"","meta":{"ngg_post_thumbnail":0,"footnotes":""},"aioseo_notices":[],"_links":{"self":[{"href":"https:\/\/blogsaverroes.juntadeandalucia.es\/ceipalvarocecilia\/wp-json\/wp\/v2\/pages\/465"}],"collection":[{"href":"https:\/\/blogsaverroes.juntadeandalucia.es\/ceipalvarocecilia\/wp-json\/wp\/v2\/pages"}],"about":[{"href":"https:\/\/blogsaverroes.juntadeandalucia.es\/ceipalvarocecilia\/wp-json\/wp\/v2\/types\/page"}],"author":[{"embeddable":true,"href":"https:\/\/blogsaverroes.juntadeandalucia.es\/ceipalvarocecilia\/wp-json\/wp\/v2\/users\/2169"}],"replies":[{"embeddable":true,"href":"https:\/\/blogsaverroes.juntadeandalucia.es\/ceipalvarocecilia\/wp-json\/wp\/v2\/comments?post=465"}],"version-history":[{"count":5,"href":"https:\/\/blogsaverroes.juntadeandalucia.es\/ceipalvarocecilia\/wp-json\/wp\/v2\/pages\/465\/revisions"}],"predecessor-version":[{"id":25038,"href":"https:\/\/blogsaverroes.juntadeandalucia.es\/ceipalvarocecilia\/wp-json\/wp\/v2\/pages\/465\/revisions\/25038"}],"wp:attachment":[{"href":"https:\/\/blogsaverroes.juntadeandalucia.es\/ceipalvarocecilia\/wp-json\/wp\/v2\/media?parent=465"}],"curies":[{"name":"wp","href":"https:\/\/api.w.org\/{rel}","templated":true}]}}