{"id":818,"date":"2015-12-07T09:39:23","date_gmt":"2015-12-07T09:39:23","guid":{"rendered":"http:\/\/blogsaverroes.juntadeandalucia.es\/ceipalvarocecilia\/?page_id=818"},"modified":"2024-09-11T15:04:17","modified_gmt":"2024-09-11T15:04:17","slug":"comedor","status":"publish","type":"page","link":"https:\/\/blogsaverroes.juntadeandalucia.es\/ceipalvarocecilia\/servicios\/comedor\/","title":{"rendered":"Comedor"},"content":{"rendered":"<p><!--StartFragment --><\/p>\n<p style=\"text-align: justify\"><i><a href=\"https:\/\/blogsaverroes.juntadeandalucia.es\/ceipalvarocecilia\/files\/2020\/09\/Men\u00fa.pdf\"><img loading=\"lazy\" decoding=\"async\" class=\" wp-image-9496 alignleft\" src=\"https:\/\/blogsaverroes.juntadeandalucia.es\/ceipalvarocecilia\/files\/2015\/12\/ComedorEscolarCaricatura1-300x172.jpg\" alt=\"\" width=\"274\" height=\"157\" srcset=\"https:\/\/blogsaverroes.juntadeandalucia.es\/ceipalvarocecilia\/files\/2015\/12\/ComedorEscolarCaricatura1-300x172.jpg 300w, https:\/\/blogsaverroes.juntadeandalucia.es\/ceipalvarocecilia\/files\/2015\/12\/ComedorEscolarCaricatura1.jpg 540w\" sizes=\"(max-width: 274px) 100vw, 274px\" \/><\/a>El servicio de Comedor est\u00e1 disponible de lunes a viernes desde las 14 a las 16 horas, aunque con autorizaci\u00f3n de los padres, los alumnos se pueden recoger del centro antes de la finalizaci\u00f3n del servicio.<\/i><i>&nbsp; &nbsp;<\/i><\/p>\n<p style=\"text-align: justify\"><i> Actualmente tiene capacidad para 75 comensales, atendidos por 4 monitoras&nbsp; y una auxiliar de cocina, que trabajan diariamente para proporcionar a los alumnos una alimentaci\u00f3n sana y equilibrada, a la vez que educarlos en h\u00e1bitos alimenticios saludables y proporcionarles cari\u00f1o durante su estancia en el centro.<\/i><\/p>\n<p style=\"text-align: justify\"><i>&nbsp;&nbsp;&nbsp;&nbsp;&nbsp;&nbsp; El precio de este servicio para el presente curso es de 4,38 \u20ac al d\u00eda, no obstante,&nbsp; existen bonificaciones del 10%, 18%, 26%, 34%, 42%, 50% y 100%, dependiendo de la renta familiar.<\/i><\/p>\n<p style=\"text-align: justify\">Las solicitudes se efect\u00faan en el mes de junio, no obstante, el plazo se encuentra abierto durante todo el curso, y la admisi\u00f3n fuera de plazo depende de la disponibilidad de plazas en ese momento.<\/p>\n<p style=\"text-align: justify\">Hay operativa una web para que los padres\/madres, adem\u00e1s de descargar el men\u00fa mensual, puedan realizar otra serie de gestiones con la empresa adjudicataria de este servicio. A dicha web se puede acceder siguiendo el enlace que se adjunta mas abajo, donde adem\u00e1s encontraremos las instrucciones para su uso.<\/p>\n<p style=\"text-align: justify\">&nbsp; &nbsp;<a href=\"https:\/\/blogsaverroes.juntadeandalucia.es\/ceipalvarocecilia\/files\/2024\/09\/Menu.pdf\" target=\"_blank\" rel=\"noopener noreferrer\"><br \/>\n<img loading=\"lazy\" decoding=\"async\" class=\"aligncenter wp-image-19619\" src=\"https:\/\/blogsaverroes.juntadeandalucia.es\/ceipalvarocecilia\/files\/2018\/09\/Menu.jpg\" alt=\"\" width=\"107\" height=\"78\" srcset=\"https:\/\/blogsaverroes.juntadeandalucia.es\/ceipalvarocecilia\/files\/2018\/09\/Menu.jpg 263w, https:\/\/blogsaverroes.juntadeandalucia.es\/ceipalvarocecilia\/files\/2018\/09\/Menu-24x17.jpg 24w, https:\/\/blogsaverroes.juntadeandalucia.es\/ceipalvarocecilia\/files\/2018\/09\/Menu-36x26.jpg 36w, https:\/\/blogsaverroes.juntadeandalucia.es\/ceipalvarocecilia\/files\/2018\/09\/Menu-48x35.jpg 48w\" sizes=\"(max-width: 107px) 100vw, 107px\" \/><\/a><\/p>\n","protected":false},"excerpt":{"rendered":"<p>El servicio de Comedor est\u00e1 disponible de lunes a viernes desde las 14 a las 16 horas, aunque con autorizaci\u00f3n de los padres, los alumnos se pueden recoger del centro antes de la finalizaci\u00f3n&#46;&#46;&#46;<\/p>\n","protected":false},"author":2169,"featured_media":0,"parent":815,"menu_order":0,"comment_status":"closed","ping_status":"closed","template":"","meta":{"ngg_post_thumbnail":0,"footnotes":""},"aioseo_notices":[],"_links":{"self":[{"href":"https:\/\/blogsaverroes.juntadeandalucia.es\/ceipalvarocecilia\/wp-json\/wp\/v2\/pages\/818"}],"collection":[{"href":"https:\/\/blogsaverroes.juntadeandalucia.es\/ceipalvarocecilia\/wp-json\/wp\/v2\/pages"}],"about":[{"href":"https:\/\/blogsaverroes.juntadeandalucia.es\/ceipalvarocecilia\/wp-json\/wp\/v2\/types\/page"}],"author":[{"embeddable":true,"href":"https:\/\/blogsaverroes.juntadeandalucia.es\/ceipalvarocecilia\/wp-json\/wp\/v2\/users\/2169"}],"replies":[{"embeddable":true,"href":"https:\/\/blogsaverroes.juntadeandalucia.es\/ceipalvarocecilia\/wp-json\/wp\/v2\/comments?post=818"}],"version-history":[{"count":76,"href":"https:\/\/blogsaverroes.juntadeandalucia.es\/ceipalvarocecilia\/wp-json\/wp\/v2\/pages\/818\/revisions"}],"predecessor-version":[{"id":33289,"href":"https:\/\/blogsaverroes.juntadeandalucia.es\/ceipalvarocecilia\/wp-json\/wp\/v2\/pages\/818\/revisions\/33289"}],"up":[{"embeddable":true,"href":"https:\/\/blogsaverroes.juntadeandalucia.es\/ceipalvarocecilia\/wp-json\/wp\/v2\/pages\/815"}],"wp:attachment":[{"href":"https:\/\/blogsaverroes.juntadeandalucia.es\/ceipalvarocecilia\/wp-json\/wp\/v2\/media?parent=818"}],"curies":[{"name":"wp","href":"https:\/\/api.w.org\/{rel}","templated":true}]}}

<p><!--StartFragment --></p>
<p style="text-align: justify"><i><a href="https://blogsaverroes.juntadeandalucia.es/ceipalvarocecilia/files/2020/09/Menú.pdf"><img loading="lazy" decoding="async" class=" wp-image-9496 alignleft" src="https://blogsaverroes.juntadeandalucia.es/ceipalvarocecilia/files/2015/12/ComedorEscolarCaricatura1-300x172.jpg" alt="" width="274" height="157" srcset="https://blogsaverroes.juntadeandalucia.es/ceipalvarocecilia/files/2015/12/ComedorEscolarCaricatura1-300x172.jpg 300w, https://blogsaverroes.juntadeandalucia.es/ceipalvarocecilia/files/2015/12/ComedorEscolarCaricatura1.jpg 540w" sizes="(max-width: 274px) 100vw, 274px" /></a>El servicio de Comedor está disponible de lunes a viernes desde las 14 a las 16 horas, aunque con autorización de los padres, los alumnos se pueden recoger del centro antes de la finalización del servicio.</i><i>&nbsp; &nbsp;</i></p>
<p style="text-align: justify"><i> Actualmente tiene capacidad para 75 comensales, atendidos por 4 monitoras&nbsp; y una auxiliar de cocina, que trabajan diariamente para proporcionar a los alumnos una alimentación sana y equilibrada, a la vez que educarlos en hábitos alimenticios saludables y proporcionarles cariño durante su estancia en el centro.</i></p>
<p style="text-align: justify"><i>&nbsp;&nbsp;&nbsp;&nbsp;&nbsp;&nbsp; El precio de este servicio para el presente curso es de 4,38 € al día, no obstante,&nbsp; existen bonificaciones del 10%, 18%, 26%, 34%, 42%, 50% y 100%, dependiendo de la renta familiar.</i></p>
<p style="text-align: justify">Las solicitudes se efectúan en el mes de junio, no obstante, el plazo se encuentra abierto durante todo el curso, y la admisión fuera de plazo depende de la disponibilidad de plazas en ese momento.</p>
<p style="text-align: justify">Hay operativa una web para que los padres/madres, además de descargar el menú mensual, puedan realizar otra serie de gestiones con la empresa adjudicataria de este servicio. A dicha web se puede acceder siguiendo el enlace que se adjunta mas abajo, donde además encontraremos las instrucciones para su uso.</p>
<p style="text-align: justify">&nbsp; &nbsp;<a href="https://blogsaverroes.juntadeandalucia.es/ceipalvarocecilia/files/2024/09/Menu.pdf" target="_blank" rel="noopener noreferrer"><br />
<img loading="lazy" decoding="async" class="aligncenter wp-image-19619" src="https://blogsaverroes.juntadeandalucia.es/ceipalvarocecilia/files/2018/09/Menu.jpg" alt="" width="107" height="78" srcset="https://blogsaverroes.juntadeandalucia.es/ceipalvarocecilia/files/2018/09/Menu.jpg 263w, https://blogsaverroes.juntadeandalucia.es/ceipalvarocecilia/files/2018/09/Menu-24x17.jpg 24w, https://blogsaverroes.juntadeandalucia.es/ceipalvarocecilia/files/2018/09/Menu-36x26.jpg 36w, https://blogsaverroes.juntadeandalucia.es/ceipalvarocecilia/files/2018/09/Menu-48x35.jpg 48w" sizes="(max-width: 107px) 100vw, 107px" /></a></p>

<p>El servicio de Comedor está disponible de lunes a viernes desde las 14 a las 16 horas, aunque con autorización de los padres, los alumnos se pueden recoger del centro antes de la finalización&#46;&#46;&#46;</p>
