{"id":4717,"date":"2024-06-01T08:27:40","date_gmt":"2024-06-01T07:27:40","guid":{"rendered":"https:\/\/blogsaverroes.juntadeandalucia.es\/ceipalyussana\/?page_id=4717"},"modified":"2024-06-01T08:30:03","modified_gmt":"2024-06-01T07:30:03","slug":"que-es-ipasen","status":"publish","type":"page","link":"https:\/\/blogsaverroes.juntadeandalucia.es\/ceipalyussana\/que-es-ipasen\/","title":{"rendered":"\u00bfQu\u00e9 es iPASEN?"},"content":{"rendered":"<p><b>\u00bfQu\u00e9 es iPasen? <\/b>Es la aplicaci\u00f3n m\u00f3vil de la Consejer\u00eda de Educaci\u00f3n y Deporte que permite la <strong>comunicaci\u00f3n entre tutores\/as legales, alumnado, direcci\u00f3n y profesorado<\/strong>.<\/p>\n<h2><b>\u00bfPara qu\u00e9 sirve iPasen?<\/b><\/h2>\n<ul>\n<li>Seguimiento de <b>calificaciones<\/b>, <b>observaciones y faltas de asistencia<\/b> e incidencias del alumnado.<\/li>\n<li><strong>C<\/strong><b>omunicaci\u00f3n directa<\/b> entre el profesorado y los tutores\/as legales.<\/li>\n<li>Tr\u00e1mites como acceso al <b>Punto de Recogida (bolet\u00edn de notas)<\/b>, acceso a la Secretar\u00eda Virtual, firmas de autorizaciones y documentos.<\/li>\n<li>Visualizaci\u00f3n del <b>horarios de clase<\/b>.<\/li>\n<\/ul>\n<hr \/>\n<h3><strong>No recuerdo mi contrase\u00f1a iPasen<\/strong><\/h3>\n<p>1. Abre la aplicaci\u00f3n iPasen, pulsa en \u201c<strong>\u00bfHas olvidado la contrase\u00f1a?<\/strong>\u201d<\/p>\n<p>2. Introduce tu<strong> DNI o usuario con el que te registraste en iPasen<\/strong>.<\/p>\n<p>3. Pulsa en \u201c<strong>Recuperar contrase\u00f1a<\/strong>\u201d y se te enviar\u00e1 un <strong>mensaje (SMS) al n\u00famero de tel\u00e9fono que proporcionaste al centro educativo<\/strong>.<\/p>\n<p><img loading=\"lazy\" decoding=\"async\" class=\"alignnone wp-image-5570\" src=\"https:\/\/iesalvarnunez.es\/wp-content\/uploads\/2023\/01\/olvido-contrase%C3%B1a-IES-alvar-nunez-1.jpg\" alt=\"\" width=\"310\" height=\"550\" \/><img loading=\"lazy\" decoding=\"async\" class=\"alignnone wp-image-5574\" src=\"https:\/\/iesalvarnunez.es\/wp-content\/uploads\/2023\/01\/olvido-contrase%C3%B1a-IES-alvar-nunez-2.jpg\" alt=\"\" width=\"311\" height=\"552\" \/><\/p>\n<hr \/>\n<h3><strong>No tengo usuario iPasen<\/strong><\/h3>\n<p>1. Abre la aplicaci\u00f3n iPasen y pulsa en <strong>Reg\u00edstrate<\/strong>.<\/p>\n<p>2. En la siguiente pantalla (registro), <strong>introduce tu DNI y el tel\u00e9fono que proporcionaste al centro educativo<\/strong>.<\/p>\n<p>3. Pulsa \u201c<strong>Enviar<\/strong>\u201d y se te enviar\u00e1 al tel\u00e9fono un <strong>mensaje (SMS) con tu usuario y contrase\u00f1a<\/strong>.<\/p>\n<p><img loading=\"lazy\" decoding=\"async\" class=\"alignnone wp-image-5581\" src=\"https:\/\/iesalvarnunez.es\/wp-content\/uploads\/2023\/01\/recuperar-usuario-IES-alvar-nunez-1a.jpg\" alt=\"\" width=\"310\" height=\"550\" \/> <img loading=\"lazy\" decoding=\"async\" class=\"alignnone wp-image-5590\" src=\"https:\/\/iesalvarnunez.es\/wp-content\/uploads\/2023\/01\/registro-ipasem-alvar-2.jpg\" alt=\"\" width=\"310\" height=\"551\" \/><\/p>\n<!--themify_builder_content-->\n<div id=\"themify_builder_content-4717\" data-postid=\"4717\" class=\"themify_builder_content themify_builder_content-4717 themify_builder tf_clear\">\n    <\/div>\n<!--\/themify_builder_content-->\n","protected":false},"excerpt":{"rendered":"<p>\u00bfQu\u00e9 es iPasen? Es la aplicaci\u00f3n m\u00f3vil de la Consejer\u00eda de Educaci\u00f3n y Deporte que permite la comunicaci\u00f3n entre tutores\/as legales, alumnado, direcci\u00f3n y profesorado. \u00bfPara qu\u00e9 sirve iPasen? Seguimiento de calificaciones, observaciones y faltas de asistencia e incidencias del alumnado. Comunicaci\u00f3n directa entre el profesorado y los tutores\/as legales. Tr\u00e1mites como acceso al Punto [&hellip;]<\/p>\n","protected":false},"author":14705,"featured_media":0,"parent":0,"menu_order":0,"comment_status":"closed","ping_status":"closed","template":"","meta":{"footnotes":""},"aioseo_notices":[],"post_mailing_queue_ids":[],"_links":{"self":[{"href":"https:\/\/blogsaverroes.juntadeandalucia.es\/ceipalyussana\/wp-json\/wp\/v2\/pages\/4717"}],"collection":[{"href":"https:\/\/blogsaverroes.juntadeandalucia.es\/ceipalyussana\/wp-json\/wp\/v2\/pages"}],"about":[{"href":"https:\/\/blogsaverroes.juntadeandalucia.es\/ceipalyussana\/wp-json\/wp\/v2\/types\/page"}],"author":[{"embeddable":true,"href":"https:\/\/blogsaverroes.juntadeandalucia.es\/ceipalyussana\/wp-json\/wp\/v2\/users\/14705"}],"replies":[{"embeddable":true,"href":"https:\/\/blogsaverroes.juntadeandalucia.es\/ceipalyussana\/wp-json\/wp\/v2\/comments?post=4717"}],"version-history":[{"count":3,"href":"https:\/\/blogsaverroes.juntadeandalucia.es\/ceipalyussana\/wp-json\/wp\/v2\/pages\/4717\/revisions"}],"predecessor-version":[{"id":4723,"href":"https:\/\/blogsaverroes.juntadeandalucia.es\/ceipalyussana\/wp-json\/wp\/v2\/pages\/4717\/revisions\/4723"}],"wp:attachment":[{"href":"https:\/\/blogsaverroes.juntadeandalucia.es\/ceipalyussana\/wp-json\/wp\/v2\/media?parent=4717"}],"curies":[{"name":"wp","href":"https:\/\/api.w.org\/{rel}","templated":true}]}}

¿Qué es iPASEN?

<p><b>¿Qué es iPasen? </b>Es la aplicación móvil de la Consejería de Educación y Deporte que permite la <strong>comunicación entre tutores/as legales, alumnado, dirección y profesorado</strong>.</p>
<h2><b>¿Para qué sirve iPasen?</b></h2>
<ul>
<li>Seguimiento de <b>calificaciones</b>, <b>observaciones y faltas de asistencia</b> e incidencias del alumnado.</li>
<li><strong>C</strong><b>omunicación directa</b> entre el profesorado y los tutores/as legales.</li>
<li>Trámites como acceso al <b>Punto de Recogida (boletín de notas)</b>, acceso a la Secretaría Virtual, firmas de autorizaciones y documentos.</li>
<li>Visualización del <b>horarios de clase</b>.</li>
</ul>
<hr />
<h3><strong>No recuerdo mi contraseña iPasen</strong></h3>
<p>1. Abre la aplicación iPasen, pulsa en “<strong>¿Has olvidado la contraseña?</strong>”</p>
<p>2. Introduce tu<strong> DNI o usuario con el que te registraste en iPasen</strong>.</p>
<p>3. Pulsa en “<strong>Recuperar contraseña</strong>” y se te enviará un <strong>mensaje (SMS) al número de teléfono que proporcionaste al centro educativo</strong>.</p>
<p><img loading="lazy" decoding="async" class="alignnone wp-image-5570" src="https://iesalvarnunez.es/wp-content/uploads/2023/01/olvido-contrase%C3%B1a-IES-alvar-nunez-1.jpg" alt="" width="310" height="550" /><img loading="lazy" decoding="async" class="alignnone wp-image-5574" src="https://iesalvarnunez.es/wp-content/uploads/2023/01/olvido-contrase%C3%B1a-IES-alvar-nunez-2.jpg" alt="" width="311" height="552" /></p>
<hr />
<h3><strong>No tengo usuario iPasen</strong></h3>
<p>1. Abre la aplicación iPasen y pulsa en <strong>Regístrate</strong>.</p>
<p>2. En la siguiente pantalla (registro), <strong>introduce tu DNI y el teléfono que proporcionaste al centro educativo</strong>.</p>
<p>3. Pulsa “<strong>Enviar</strong>” y se te enviará al teléfono un <strong>mensaje (SMS) con tu usuario y contraseña</strong>.</p>
<p><img loading="lazy" decoding="async" class="alignnone wp-image-5581" src="https://iesalvarnunez.es/wp-content/uploads/2023/01/recuperar-usuario-IES-alvar-nunez-1a.jpg" alt="" width="310" height="550" /> <img loading="lazy" decoding="async" class="alignnone wp-image-5590" src="https://iesalvarnunez.es/wp-content/uploads/2023/01/registro-ipasem-alvar-2.jpg" alt="" width="310" height="551" /></p>
<!--themify_builder_content-->
<div id="themify_builder_content-4717" data-postid="4717" class="themify_builder_content themify_builder_content-4717 themify_builder tf_clear">
    </div>
<!--/themify_builder_content-->

<p>¿Qué es iPasen? Es la aplicación móvil de la Consejería de Educación y Deporte que permite la comunicación entre tutores/as legales, alumnado, dirección y profesorado. ¿Para qué sirve iPasen? Seguimiento de calificaciones, observaciones y faltas de asistencia e incidencias del alumnado. Comunicación directa entre el profesorado y los tutores/as legales. Trámites como acceso al Punto [&hellip;]</p>
