{"id":472,"date":"2022-11-01T23:41:17","date_gmt":"2022-11-01T22:41:17","guid":{"rendered":"https:\/\/blogsaverroes.juntadeandalucia.es\/ceipalyussana\/?page_id=472"},"modified":"2022-11-01T23:55:34","modified_gmt":"2022-11-01T22:55:34","slug":"ipasen","status":"publish","type":"page","link":"https:\/\/blogsaverroes.juntadeandalucia.es\/ceipalyussana\/ipasen\/","title":{"rendered":"IPASEN"},"content":{"rendered":"<p>Buenas familias,&nbsp;<\/p>\n<p>En esta secci\u00f3n, os vamos a ir colgando diversas herramientas para navegar por la app Ipasen..&nbsp;<\/p>\n<p>Os dejamos con esta presentaci\u00f3n de tutorial para navegar por la app &#8230;.<\/p>\n<p><iframe class=\"wp-embedded-content\" sandbox=\"allow-scripts\" security=\"restricted\" title=\"IPasen Familias CEIP AL-YUSSANA\" frameborder='0' width='1000' height='1414' src='https:\/\/view.genial.ly\/60ce3ce98de6240d42a915b7#?secret=16nP9GxUHh' data-secret='16nP9GxUHh' scrolling='yes'><\/iframe><\/p>\n<p>As\u00ed como el enlace de la playlist&#8230;.<\/p>\n<div class=\"post-video\"><iframe loading=\"lazy\" title=\"IPASEN\" width=\"1165\" height=\"655\" src=\"https:\/\/www.youtube.com\/embed\/videoseries?list=PLX4XFxKZCTh8qaxe_GxqLAiqZ0AEJypV4\" frameborder=\"0\" allow=\"accelerometer; autoplay; clipboard-write; encrypted-media; gyroscope; picture-in-picture\" allowfullscreen><\/iframe><\/div>\n<!--themify_builder_content-->\n<div id=\"themify_builder_content-472\" data-postid=\"472\" class=\"themify_builder_content themify_builder_content-472 themify_builder tf_clear\">\n    <\/div>\n<!--\/themify_builder_content-->\n","protected":false},"excerpt":{"rendered":"<p>Buenas familias,&nbsp; En esta secci\u00f3n, os vamos a ir colgando diversas herramientas para navegar por la app Ipasen..&nbsp; Os dejamos con esta presentaci\u00f3n de tutorial para navegar por la app &#8230;. As\u00ed como el enlace de la playlist&#8230;.<\/p>\n","protected":false},"author":14705,"featured_media":0,"parent":0,"menu_order":0,"comment_status":"closed","ping_status":"closed","template":"","meta":{"footnotes":""},"aioseo_notices":[],"post_mailing_queue_ids":[],"_links":{"self":[{"href":"https:\/\/blogsaverroes.juntadeandalucia.es\/ceipalyussana\/wp-json\/wp\/v2\/pages\/472"}],"collection":[{"href":"https:\/\/blogsaverroes.juntadeandalucia.es\/ceipalyussana\/wp-json\/wp\/v2\/pages"}],"about":[{"href":"https:\/\/blogsaverroes.juntadeandalucia.es\/ceipalyussana\/wp-json\/wp\/v2\/types\/page"}],"author":[{"embeddable":true,"href":"https:\/\/blogsaverroes.juntadeandalucia.es\/ceipalyussana\/wp-json\/wp\/v2\/users\/14705"}],"replies":[{"embeddable":true,"href":"https:\/\/blogsaverroes.juntadeandalucia.es\/ceipalyussana\/wp-json\/wp\/v2\/comments?post=472"}],"version-history":[{"count":4,"href":"https:\/\/blogsaverroes.juntadeandalucia.es\/ceipalyussana\/wp-json\/wp\/v2\/pages\/472\/revisions"}],"predecessor-version":[{"id":476,"href":"https:\/\/blogsaverroes.juntadeandalucia.es\/ceipalyussana\/wp-json\/wp\/v2\/pages\/472\/revisions\/476"}],"wp:attachment":[{"href":"https:\/\/blogsaverroes.juntadeandalucia.es\/ceipalyussana\/wp-json\/wp\/v2\/media?parent=472"}],"curies":[{"name":"wp","href":"https:\/\/api.w.org\/{rel}","templated":true}]}}