{"id":4984,"date":"2024-09-28T16:22:22","date_gmt":"2024-09-28T15:22:22","guid":{"rendered":"https:\/\/blogsaverroes.juntadeandalucia.es\/ceipalyussana\/?page_id=4984"},"modified":"2025-09-08T15:50:03","modified_gmt":"2025-09-08T14:50:03","slug":"comision-de-comedor","status":"publish","type":"page","link":"https:\/\/blogsaverroes.juntadeandalucia.es\/ceipalyussana\/comision-de-comedor\/","title":{"rendered":"Comisi\u00f3n de comedor"},"content":{"rendered":"<!--themify_builder_content-->\n<div id=\"themify_builder_content-4984\" data-postid=\"4984\" class=\"themify_builder_content themify_builder_content-4984 themify_builder tf_clear\">\n                    <div  data-lazy=\"1\" class=\"module_row themify_builder_row tb_1szt421 tb_first tf_w\">\n                        <div class=\"row_inner col_align_top tb_col_count_1 tf_box tf_rel\">\n                        <div  data-lazy=\"1\" class=\"module_column tb-column col-full tb_uulb426 first\">\n                            <div  data-lazy=\"1\" class=\"module_subrow themify_builder_sub_row tf_w col_align_middle gutter-none tb_col_count_2 tb_czen426\">\n                <div  data-lazy=\"1\" class=\"module_column sub_column col4-2 tb_w06v428 first\">\n                    <!-- module text -->\n<div  class=\"module module-text tb_v502429   \" data-lazy=\"1\">\n        <div  class=\"tb_text_wrap\">\n        <h1>Hemos puesto en marcha la comisi\u00f3n de seguimiento del comedor<\/h1>\n<p>Con reuniones mensuales para lograr un funcionamiento de calidad.<\/p>    <\/div>\n<\/div>\n<!-- \/module text -->        <\/div>\n                    <div  data-lazy=\"1\" class=\"module_column sub_column col4-2 tb_12q1432 last\">\n                    <!-- module image -->\n<div  class=\"module module-image tb_ptu6432 image-right   tf_mw\" data-lazy=\"1\">\n        <div class=\"image-wrap tf_rel tf_mw\">\n            <img loading=\"lazy\" decoding=\"async\" src=\"https:\/\/blogsaverroes.juntadeandalucia.es\/ceipalyussana\/files\/2024\/11\/IMG_2485-1024x768-600x450.jpeg\" width=\"600\" height=\"450\" class=\"wp-post-image wp-image-5220\" title=\"Comedor\" alt=\"Comedor\" srcset=\"https:\/\/blogsaverroes.juntadeandalucia.es\/ceipalyussana\/files\/2024\/11\/IMG_2485-1024x768-600x450.jpeg 600w, https:\/\/blogsaverroes.juntadeandalucia.es\/ceipalyussana\/files\/2024\/11\/IMG_2485-300x225.jpeg 300w, https:\/\/blogsaverroes.juntadeandalucia.es\/ceipalyussana\/files\/2024\/11\/IMG_2485-1024x768.jpeg 1024w, https:\/\/blogsaverroes.juntadeandalucia.es\/ceipalyussana\/files\/2024\/11\/IMG_2485-768x576.jpeg 768w, https:\/\/blogsaverroes.juntadeandalucia.es\/ceipalyussana\/files\/2024\/11\/IMG_2485-1536x1152.jpeg 1536w, https:\/\/blogsaverroes.juntadeandalucia.es\/ceipalyussana\/files\/2024\/11\/IMG_2485-2048x1536.jpeg 2048w\" sizes=\"(max-width: 600px) 100vw, 600px\" \/>    \n        <\/div>\n    <!-- \/image-wrap -->\n    \n        <\/div>\n<!-- \/module image -->        <\/div>\n                    <\/div>\n                <\/div>\n                        <\/div>\n        <\/div>\n                        <div  data-lazy=\"1\" class=\"module_row themify_builder_row tb_e14b421 tf_w\">\n                        <div class=\"row_inner col_align_middle tb_col_count_2 tf_box tf_rel\">\n                        <div  data-lazy=\"1\" class=\"module_column tb-column col4-2 tb_1pba443 first\">\n                    <!-- module image -->\n<div  class=\"module module-image tb_y8y6443 image-left rounded  auto_fullwidth tf_mw\" data-lazy=\"1\">\n        <div class=\"image-wrap tf_rel tf_mw\">\n            <img loading=\"lazy\" decoding=\"async\" src=\"https:\/\/blogsaverroes.juntadeandalucia.es\/ceipalyussana\/files\/2024\/09\/pexels-tima-miroshnichenko-5685840-1-300x498.jpg\" width=\"300\" height=\"498\" class=\"wp-post-image wp-image-5000\" title=\"pexels-tima-miroshnichenko-5685840 (1)\" alt=\"pexels-tima-miroshnichenko-5685840 (1)\">    \n        <\/div>\n    <!-- \/image-wrap -->\n    \n        <\/div>\n<!-- \/module image -->        <\/div>\n                    <div  data-lazy=\"1\" class=\"module_column tb-column col4-2 tb_q2yk443 last\">\n                    <!-- module buttons -->\n<div  class=\"module module-buttons tb_iaed444 buttons-horizontal solid   circle\" data-lazy=\"1\">\n        <div class=\"module-buttons-item tf_in_flx\">\n                        <a href=\"https:\/\/drive.google.com\/drive\/folders\/1zPpQ0EVlSXMBgDxqFmPhwDIaqIb3QuHN?usp=sharing\" class=\"ui builder_button tf_in_flx blue\" >\n                                                Consulta aqu\u00ed las actas                                        <\/a>\n                <\/div>\n            <\/div>\n<!-- \/module buttons -->\n        <\/div>\n                        <\/div>\n        <\/div>\n                        <div  data-lazy=\"1\" class=\"module_row themify_builder_row tb_lnye421 tf_w\">\n                        <div class=\"row_inner col_align_middle tb_col_count_2 tf_box tf_rel\">\n                        <div  data-lazy=\"1\" class=\"module_column tb-column col4-2 tb_27nr445 first\">\n                    <!-- module buttons -->\n<div  class=\"module module-buttons tb_h7i5445 buttons-horizontal solid   circle\" data-lazy=\"1\">\n        <div class=\"module-buttons-item tf_in_flx\">\n                        <a href=\"https:\/\/drive.google.com\/file\/d\/1Y65upFDmaRZwrjA9V2-CGZWftz77PeZb\/view?usp=sharing\" class=\"ui builder_button tf_in_flx blue\" >\n                                                CONSULTA EL PLAN DE ORGANIZACI\u00d3N Y FUNCIONAMIENTO DEL COMEDOR                                        <\/a>\n                <\/div>\n            <\/div>\n<!-- \/module buttons -->\n        <\/div>\n                    <div  data-lazy=\"1\" class=\"module_column tb-column col4-2 tb_dfti446 last\">\n                    <!-- module image -->\n<div  class=\"module module-image tb_4f5t446 image-top rounded  tf_mw\" data-lazy=\"1\">\n        <div class=\"image-wrap tf_rel tf_mw\">\n            <img loading=\"lazy\" decoding=\"async\" src=\"https:\/\/blogsaverroes.juntadeandalucia.es\/ceipalyussana\/files\/2024\/09\/pexels-katerina-holmes-5905679-1-690x498.jpg\" width=\"690\" height=\"498\" class=\"wp-post-image wp-image-4993\" title=\"pexels-katerina-holmes-5905679 (1)\" alt=\"pexels-katerina-holmes-5905679 (1)\">    \n        <\/div>\n    <!-- \/image-wrap -->\n    \n        <\/div>\n<!-- \/module image -->        <\/div>\n                        <\/div>\n        <\/div>\n                        <div  data-css_id=\"ddup574\" data-lazy=\"1\" class=\"module_row themify_builder_row fullwidth tb_ddup574 tf_w\">\n                        <div class=\"row_inner col_align_bottom gutter-none tb_col_count_3 tf_box tf_rel\">\n                        <div  data-lazy=\"1\" class=\"module_column tb-column col3-1 tb_4460575 first\">\n        <span class=\"builder_row_cover tf_abs\"><\/span>            <!-- module text -->\n<div  class=\"module module-text tb_var4575   \" data-lazy=\"1\">\n        <div  class=\"tb_text_wrap\">\n            <\/div>\n<\/div>\n<!-- \/module text --><!-- module buttons -->\n<div  class=\"module module-buttons tb_gh9s576 buttons-horizontal solid  \" data-lazy=\"1\">\n        <div class=\"module-buttons-item tf_in_flx\">\n                        <a href=\"https:\/\/andalucia.mediterranea-group.com\/\" class=\"ui builder_button tf_in_flx tb_default_color\" >\n                                                ENTRAR EN LA WEB                                        <\/a>\n                <\/div>\n            <\/div>\n<!-- \/module buttons -->\n        <\/div>\n                    <div  data-lazy=\"1\" class=\"module_column tb-column col3-1 tb_r0zi576\">\n        <span class=\"builder_row_cover tf_abs\"><\/span>            <!-- module text -->\n<div  class=\"module module-text tb_uwe6576   \" data-lazy=\"1\">\n        <div  class=\"tb_text_wrap\">\n        <h3>\u00a0<\/h3>    <\/div>\n<\/div>\n<!-- \/module text --><!-- module buttons -->\n<div  class=\"module module-buttons tb_h2l1576 buttons-horizontal solid  \" data-lazy=\"1\">\n        <div class=\"module-buttons-item tf_in_flx\">\n                        <a href=\"https:\/\/drive.google.com\/file\/d\/17EbgW8kh8yEC_bLo9RSp6KbwuyP2rgMw\/view?usp=sharing\" class=\"ui builder_button tf_in_flx tb_default_color\" >\n                                                SOLICITUD COMEDOR                                        <\/a>\n                <\/div>\n            <\/div>\n<!-- \/module buttons -->\n        <\/div>\n                    <div  data-lazy=\"1\" class=\"module_column tb-column col3-1 tb_mpxt576 last\">\n        <span class=\"builder_row_cover tf_abs\"><\/span>            <!-- module buttons -->\n<div  class=\"module module-buttons tb_4re7379 buttons-horizontal solid  \" data-lazy=\"1\">\n        <div class=\"module-buttons-item tf_in_flx\">\n                        <a href=\"https:\/\/drive.google.com\/file\/d\/1joDLs2O_CdMDVR7TQM-Fi8Y4SPRi06fo\/view?usp=sharing\" class=\"ui builder_button tf_in_flx tb_default_color\" >\n                                                Carta present.                                        <\/a>\n                <\/div>\n            <\/div>\n<!-- \/module buttons -->\n        <\/div>\n                        <\/div>\n        <\/div>\n                        <div  data-lazy=\"1\" class=\"module_row themify_builder_row tb_n4ih108 tf_w\">\n                        <div class=\"row_inner col_align_top tb_col_count_1 tf_box tf_rel\">\n                        <div  data-lazy=\"1\" class=\"module_column tb-column col-full tb_ehx8109 first\">\n                    <!-- module image -->\n<div  class=\"module module-image tb_yuin352 image-center   tf_mw\" data-lazy=\"1\">\n        <div class=\"image-wrap tf_rel tf_mw\">\n            <img loading=\"lazy\" decoding=\"async\" width=\"800\" height=\"2000\" src=\"https:\/\/blogsaverroes.juntadeandalucia.es\/ceipalyussana\/files\/2024\/09\/Decalogo-comedor.-.jpg\" class=\"wp-post-image wp-image-5012\" title=\"Deca\u0301logo, comedor.\" alt=\"Deca\u0301logo, comedor.\" srcset=\"https:\/\/blogsaverroes.juntadeandalucia.es\/ceipalyussana\/files\/2024\/09\/Decalogo-comedor.-.jpg 800w, https:\/\/blogsaverroes.juntadeandalucia.es\/ceipalyussana\/files\/2024\/09\/Decalogo-comedor.--120x300.jpg 120w, https:\/\/blogsaverroes.juntadeandalucia.es\/ceipalyussana\/files\/2024\/09\/Decalogo-comedor.--410x1024.jpg 410w, https:\/\/blogsaverroes.juntadeandalucia.es\/ceipalyussana\/files\/2024\/09\/Decalogo-comedor.--768x1920.jpg 768w, https:\/\/blogsaverroes.juntadeandalucia.es\/ceipalyussana\/files\/2024\/09\/Decalogo-comedor.--614x1536.jpg 614w\" sizes=\"(max-width: 800px) 100vw, 800px\" \/>    \n        <\/div>\n    <!-- \/image-wrap -->\n    \n        <\/div>\n<!-- \/module image -->        <\/div>\n                        <\/div>\n        <\/div>\n        <\/div>\n<!--\/themify_builder_content-->","protected":false},"excerpt":{"rendered":"<p>Hemos puesto en marcha la comisi\u00f3n de seguimiento del comedor Con reuniones mensuales para lograr un funcionamiento de calidad. Consulta aqu\u00ed las actas CONSULTA EL PLAN DE ORGANIZACI\u00d3N Y FUNCIONAMIENTO DEL COMEDOR ENTRAR EN LA WEB \u00a0 SOLICITUD COMEDOR Carta present.<\/p>\n","protected":false},"author":14705,"featured_media":0,"parent":0,"menu_order":0,"comment_status":"closed","ping_status":"closed","template":"","meta":{"footnotes":""},"aioseo_notices":[],"post_mailing_queue_ids":[],"_links":{"self":[{"href":"https:\/\/blogsaverroes.juntadeandalucia.es\/ceipalyussana\/wp-json\/wp\/v2\/pages\/4984"}],"collection":[{"href":"https:\/\/blogsaverroes.juntadeandalucia.es\/ceipalyussana\/wp-json\/wp\/v2\/pages"}],"about":[{"href":"https:\/\/blogsaverroes.juntadeandalucia.es\/ceipalyussana\/wp-json\/wp\/v2\/types\/page"}],"author":[{"embeddable":true,"href":"https:\/\/blogsaverroes.juntadeandalucia.es\/ceipalyussana\/wp-json\/wp\/v2\/users\/14705"}],"replies":[{"embeddable":true,"href":"https:\/\/blogsaverroes.juntadeandalucia.es\/ceipalyussana\/wp-json\/wp\/v2\/comments?post=4984"}],"version-history":[{"count":15,"href":"https:\/\/blogsaverroes.juntadeandalucia.es\/ceipalyussana\/wp-json\/wp\/v2\/pages\/4984\/revisions"}],"predecessor-version":[{"id":8294,"href":"https:\/\/blogsaverroes.juntadeandalucia.es\/ceipalyussana\/wp-json\/wp\/v2\/pages\/4984\/revisions\/8294"}],"wp:attachment":[{"href":"https:\/\/blogsaverroes.juntadeandalucia.es\/ceipalyussana\/wp-json\/wp\/v2\/media?parent=4984"}],"curies":[{"name":"wp","href":"https:\/\/api.w.org\/{rel}","templated":true}]}}

Comisión de comedor

<!--themify_builder_content-->
<div id="themify_builder_content-4984" data-postid="4984" class="themify_builder_content themify_builder_content-4984 themify_builder tf_clear">
                    <div  data-lazy="1" class="module_row themify_builder_row tb_1szt421 tb_first tf_w">
                        <div class="row_inner col_align_top tb_col_count_1 tf_box tf_rel">
                        <div  data-lazy="1" class="module_column tb-column col-full tb_uulb426 first">
                            <div  data-lazy="1" class="module_subrow themify_builder_sub_row tf_w col_align_middle gutter-none tb_col_count_2 tb_czen426">
                <div  data-lazy="1" class="module_column sub_column col4-2 tb_w06v428 first">
                    <!-- module text -->
<div  class="module module-text tb_v502429   " data-lazy="1">
        <div  class="tb_text_wrap">
        <h1>Hemos puesto en marcha la comisión de seguimiento del comedor</h1>
<p>Con reuniones mensuales para lograr un funcionamiento de calidad.</p>    </div>
</div>
<!-- /module text -->        </div>
                    <div  data-lazy="1" class="module_column sub_column col4-2 tb_12q1432 last">
                    <!-- module image -->
<div  class="module module-image tb_ptu6432 image-right   tf_mw" data-lazy="1">
        <div class="image-wrap tf_rel tf_mw">
            <img loading="lazy" decoding="async" src="https://blogsaverroes.juntadeandalucia.es/ceipalyussana/files/2024/11/IMG_2485-1024x768-600x450.jpeg" width="600" height="450" class="wp-post-image wp-image-5220" title="Comedor" alt="Comedor" srcset="https://blogsaverroes.juntadeandalucia.es/ceipalyussana/files/2024/11/IMG_2485-1024x768-600x450.jpeg 600w, https://blogsaverroes.juntadeandalucia.es/ceipalyussana/files/2024/11/IMG_2485-300x225.jpeg 300w, https://blogsaverroes.juntadeandalucia.es/ceipalyussana/files/2024/11/IMG_2485-1024x768.jpeg 1024w, https://blogsaverroes.juntadeandalucia.es/ceipalyussana/files/2024/11/IMG_2485-768x576.jpeg 768w, https://blogsaverroes.juntadeandalucia.es/ceipalyussana/files/2024/11/IMG_2485-1536x1152.jpeg 1536w, https://blogsaverroes.juntadeandalucia.es/ceipalyussana/files/2024/11/IMG_2485-2048x1536.jpeg 2048w" sizes="(max-width: 600px) 100vw, 600px" />    
        </div>
    <!-- /image-wrap -->
    
        </div>
<!-- /module image -->        </div>
                    </div>
                </div>
                        </div>
        </div>
                        <div  data-lazy="1" class="module_row themify_builder_row tb_e14b421 tf_w">
                        <div class="row_inner col_align_middle tb_col_count_2 tf_box tf_rel">
                        <div  data-lazy="1" class="module_column tb-column col4-2 tb_1pba443 first">
                    <!-- module image -->
<div  class="module module-image tb_y8y6443 image-left rounded  auto_fullwidth tf_mw" data-lazy="1">
        <div class="image-wrap tf_rel tf_mw">
            <img loading="lazy" decoding="async" src="https://blogsaverroes.juntadeandalucia.es/ceipalyussana/files/2024/09/pexels-tima-miroshnichenko-5685840-1-300x498.jpg" width="300" height="498" class="wp-post-image wp-image-5000" title="pexels-tima-miroshnichenko-5685840 (1)" alt="pexels-tima-miroshnichenko-5685840 (1)">    
        </div>
    <!-- /image-wrap -->
    
        </div>
<!-- /module image -->        </div>
                    <div  data-lazy="1" class="module_column tb-column col4-2 tb_q2yk443 last">
                    <!-- module buttons -->
<div  class="module module-buttons tb_iaed444 buttons-horizontal solid   circle" data-lazy="1">
        <div class="module-buttons-item tf_in_flx">
                        <a href="https://drive.google.com/drive/folders/1zPpQ0EVlSXMBgDxqFmPhwDIaqIb3QuHN?usp=sharing" class="ui builder_button tf_in_flx blue" >
                                                Consulta aquí las actas                                        </a>
                </div>
            </div>
<!-- /module buttons -->
        </div>
                        </div>
        </div>
                        <div  data-lazy="1" class="module_row themify_builder_row tb_lnye421 tf_w">
                        <div class="row_inner col_align_middle tb_col_count_2 tf_box tf_rel">
                        <div  data-lazy="1" class="module_column tb-column col4-2 tb_27nr445 first">
                    <!-- module buttons -->
<div  class="module module-buttons tb_h7i5445 buttons-horizontal solid   circle" data-lazy="1">
        <div class="module-buttons-item tf_in_flx">
                        <a href="https://drive.google.com/file/d/1Y65upFDmaRZwrjA9V2-CGZWftz77PeZb/view?usp=sharing" class="ui builder_button tf_in_flx blue" >
                                                CONSULTA EL PLAN DE ORGANIZACIÓN Y FUNCIONAMIENTO DEL COMEDOR                                        </a>
                </div>
            </div>
<!-- /module buttons -->
        </div>
                    <div  data-lazy="1" class="module_column tb-column col4-2 tb_dfti446 last">
                    <!-- module image -->
<div  class="module module-image tb_4f5t446 image-top rounded  tf_mw" data-lazy="1">
        <div class="image-wrap tf_rel tf_mw">
            <img loading="lazy" decoding="async" src="https://blogsaverroes.juntadeandalucia.es/ceipalyussana/files/2024/09/pexels-katerina-holmes-5905679-1-690x498.jpg" width="690" height="498" class="wp-post-image wp-image-4993" title="pexels-katerina-holmes-5905679 (1)" alt="pexels-katerina-holmes-5905679 (1)">    
        </div>
    <!-- /image-wrap -->
    
        </div>
<!-- /module image -->        </div>
                        </div>
        </div>
                        <div  data-css_id="ddup574" data-lazy="1" class="module_row themify_builder_row fullwidth tb_ddup574 tf_w">
                        <div class="row_inner col_align_bottom gutter-none tb_col_count_3 tf_box tf_rel">
                        <div  data-lazy="1" class="module_column tb-column col3-1 tb_4460575 first">
        <span class="builder_row_cover tf_abs"></span>            <!-- module text -->
<div  class="module module-text tb_var4575   " data-lazy="1">
        <div  class="tb_text_wrap">
            </div>
</div>
<!-- /module text --><!-- module buttons -->
<div  class="module module-buttons tb_gh9s576 buttons-horizontal solid  " data-lazy="1">
        <div class="module-buttons-item tf_in_flx">
                        <a href="https://andalucia.mediterranea-group.com/" class="ui builder_button tf_in_flx tb_default_color" >
                                                ENTRAR EN LA WEB                                        </a>
                </div>
            </div>
<!-- /module buttons -->
        </div>
                    <div  data-lazy="1" class="module_column tb-column col3-1 tb_r0zi576">
        <span class="builder_row_cover tf_abs"></span>            <!-- module text -->
<div  class="module module-text tb_uwe6576   " data-lazy="1">
        <div  class="tb_text_wrap">
        <h3> </h3>    </div>
</div>
<!-- /module text --><!-- module buttons -->
<div  class="module module-buttons tb_h2l1576 buttons-horizontal solid  " data-lazy="1">
        <div class="module-buttons-item tf_in_flx">
                        <a href="https://drive.google.com/file/d/17EbgW8kh8yEC_bLo9RSp6KbwuyP2rgMw/view?usp=sharing" class="ui builder_button tf_in_flx tb_default_color" >
                                                SOLICITUD COMEDOR                                        </a>
                </div>
            </div>
<!-- /module buttons -->
        </div>
                    <div  data-lazy="1" class="module_column tb-column col3-1 tb_mpxt576 last">
        <span class="builder_row_cover tf_abs"></span>            <!-- module buttons -->
<div  class="module module-buttons tb_4re7379 buttons-horizontal solid  " data-lazy="1">
        <div class="module-buttons-item tf_in_flx">
                        <a href="https://drive.google.com/file/d/1joDLs2O_CdMDVR7TQM-Fi8Y4SPRi06fo/view?usp=sharing" class="ui builder_button tf_in_flx tb_default_color" >
                                                Carta present.                                        </a>
                </div>
            </div>
<!-- /module buttons -->
        </div>
                        </div>
        </div>
                        <div  data-lazy="1" class="module_row themify_builder_row tb_n4ih108 tf_w">
                        <div class="row_inner col_align_top tb_col_count_1 tf_box tf_rel">
                        <div  data-lazy="1" class="module_column tb-column col-full tb_ehx8109 first">
                    <!-- module image -->
<div  class="module module-image tb_yuin352 image-center   tf_mw" data-lazy="1">
        <div class="image-wrap tf_rel tf_mw">
            <img loading="lazy" decoding="async" width="800" height="2000" src="https://blogsaverroes.juntadeandalucia.es/ceipalyussana/files/2024/09/Decalogo-comedor.-.jpg" class="wp-post-image wp-image-5012" title="Decálogo, comedor." alt="Decálogo, comedor." srcset="https://blogsaverroes.juntadeandalucia.es/ceipalyussana/files/2024/09/Decalogo-comedor.-.jpg 800w, https://blogsaverroes.juntadeandalucia.es/ceipalyussana/files/2024/09/Decalogo-comedor.--120x300.jpg 120w, https://blogsaverroes.juntadeandalucia.es/ceipalyussana/files/2024/09/Decalogo-comedor.--410x1024.jpg 410w, https://blogsaverroes.juntadeandalucia.es/ceipalyussana/files/2024/09/Decalogo-comedor.--768x1920.jpg 768w, https://blogsaverroes.juntadeandalucia.es/ceipalyussana/files/2024/09/Decalogo-comedor.--614x1536.jpg 614w" sizes="(max-width: 800px) 100vw, 800px" />    
        </div>
    <!-- /image-wrap -->
    
        </div>
<!-- /module image -->        </div>
                        </div>
        </div>
        </div>
<!--/themify_builder_content-->

<p>Hemos puesto en marcha la comisión de seguimiento del comedor Con reuniones mensuales para lograr un funcionamiento de calidad. Consulta aquí las actas CONSULTA EL PLAN DE ORGANIZACIÓN Y FUNCIONAMIENTO DEL COMEDOR ENTRAR EN LA WEB   SOLICITUD COMEDOR Carta present.</p>
