{"id":6684,"date":"2025-02-28T19:12:59","date_gmt":"2025-02-28T18:12:59","guid":{"rendered":"https:\/\/blogsaverroes.juntadeandalucia.es\/ceipalyussana\/?page_id=6684"},"modified":"2025-02-28T19:15:29","modified_gmt":"2025-02-28T18:15:29","slug":"orientacion-2","status":"publish","type":"page","link":"https:\/\/blogsaverroes.juntadeandalucia.es\/ceipalyussana\/orientacion-2\/","title":{"rendered":"ORIENTACI\u00d3N"},"content":{"rendered":"<!--themify_builder_content-->\n<div id=\"themify_builder_content-6684\" data-postid=\"6684\" class=\"themify_builder_content themify_builder_content-6684 themify_builder tf_clear\">\n                    <div  data-css_id=\"i4pz649\" data-lazy=\"1\" class=\"module_row themify_builder_row fullwidth_row_container tb_i4pz649 tb_first tf_w\">\n                        <div class=\"row_inner col_align_middle tb_col_count_2 tf_box tf_rel\">\n                        <div  data-lazy=\"1\" class=\"module_column tb-column col4-2 tb_dorp650 first\">\n                    <!-- module image -->\n<div  class=\"module module-image tb_np8s650 image-center   tf_mw\" data-lazy=\"1\">\n        <div class=\"image-wrap tf_rel tf_mw\">\n            <img loading=\"lazy\" decoding=\"async\" src=\"https:\/\/blogsaverroes.juntadeandalucia.es\/ceipalyussana\/files\/2025\/02\/images-500x600.png\" width=\"500\" height=\"600\" class=\"wp-post-image wp-image-6688\" title=\"images\" alt=\"images\">    \n        <\/div>\n    <!-- \/image-wrap -->\n    \n        <\/div>\n<!-- \/module image -->        <\/div>\n                    <div  data-lazy=\"1\" class=\"module_column tb-column col4-2 tb_mxyi651 last\">\n                    <!-- module text -->\n<div  class=\"module module-text tb_xeu2651  repeat \" data-lazy=\"1\">\n        <div  class=\"tb_text_wrap\">\n        <h2>PROGRAMAS<\/h2>    <\/div>\n<\/div>\n<!-- \/module text --><!-- module feature -->\n<div  class=\"module module-feature tb_i6fr651 with-chart layout-icon-left size-small \" data-layout-mobile=\"icon-top\" data-layout-desktop=\"icon-left\" data-lazy=\"1\">\n        <div class=\"module-feature-image tf_textc tf_rel\">\n                            <a href=\"https:\/\/drive.google.com\/file\/d\/1v-bu_UKxiFZwz8TXI61A79FWDijr3lPF\/view?usp=drive_link\" aria-label=\"POAT\">\n                        <span class=\"module-feature-chart-html5 tf_box tf_rel tf_inline_b\">\n                                    <svg class=\"tf_abs tf_w tf_h\">\n                    <circle class=\"tb_feature_fill\" r=\"calc(50% - 1.00px)\" cx=\"50%\" cy=\"50%\" stroke-width=\"2\"\/>\n                    <circle class=\"tb_feature_stroke\" r=\"calc(50% - 1.00px)\" cx=\"50%\" cy=\"50%\" stroke=\"#d93455\" stroke-width=\"2\" data-progress=\"100\" stroke-dasharray=\"0,10000\"\/>\n                                        <\/svg>\n                                <span class=\"chart-html5-circle tf_w tf_h\">\n                                            <em class=\"module-feature-icon tf_rel\" style=\"color:#ffffff\"><svg  class=\"tf_fa tf-fas-heartbeat\" aria-hidden=\"true\"><use href=\"#tf-fas-heartbeat\"><\/use><\/svg><\/em>\n                                    <\/span>\n\n                \n            <\/span>\n                        <\/a>\n            <\/div>\n    <div class=\"module-feature-content tf_textc\">\n                    <h3 class=\"module-feature-title\">\n                            <a href=\"https:\/\/drive.google.com\/file\/d\/1v-bu_UKxiFZwz8TXI61A79FWDijr3lPF\/view?usp=drive_link\" aria-label=\"POAT\">POAT<\/a>\n                        <\/h3>\n                    <div class=\"tb_text_wrap\">\n            <p><span style=\"font-weight: 400;\">Constituye el instrumento pedag\u00f3gico que articula las actuaciones de las tutor\u00edas y del equipo docente en relaci\u00f3n con los objetivos de la orientaci\u00f3n y acci\u00f3n tutorial. Estar\u00e1 supervisado por el equipo de orientaci\u00f3n.<\/span><\/p>        <\/div>\n    <\/div>\n<\/div>\n<!-- \/module feature -->\n<!-- module feature -->\n<div  class=\"module module-feature tb_48ej651 with-chart layout-icon-left size-small \" data-layout-mobile=\"icon-top\" data-layout-desktop=\"icon-left\" data-lazy=\"1\">\n        <div class=\"module-feature-image tf_textc tf_rel\">\n                            <a href=\"https:\/\/drive.google.com\/file\/d\/1VcEtEZB4urdbMVOgVp94YUuPhIFw5Pf5\/view?usp=sharing\" aria-label=\"Plan de Convivencia\">\n                        <span class=\"module-feature-chart-html5 tf_box tf_rel tf_inline_b\">\n                                    <svg class=\"tf_abs tf_w tf_h\">\n                    <circle class=\"tb_feature_fill\" r=\"calc(50% - 1.00px)\" cx=\"50%\" cy=\"50%\" stroke-width=\"2\"\/>\n                    <circle class=\"tb_feature_stroke\" r=\"calc(50% - 1.00px)\" cx=\"50%\" cy=\"50%\" stroke=\"#d93455\" stroke-width=\"2\" data-progress=\"100\" stroke-dasharray=\"0,10000\"\/>\n                                        <\/svg>\n                                <span class=\"chart-html5-circle tf_w tf_h\">\n                                            <em class=\"module-feature-icon tf_rel\" style=\"color:#ffffff\"><svg  class=\"tf_fa tf-far-life-ring\" aria-hidden=\"true\"><use href=\"#tf-far-life-ring\"><\/use><\/svg><\/em>\n                                    <\/span>\n\n                \n            <\/span>\n                        <\/a>\n            <\/div>\n    <div class=\"module-feature-content tf_textc\">\n                    <h3 class=\"module-feature-title\">\n                            <a href=\"https:\/\/drive.google.com\/file\/d\/1VcEtEZB4urdbMVOgVp94YUuPhIFw5Pf5\/view?usp=sharing\" aria-label=\"Plan de Convivencia\">Plan de Convivencia<\/a>\n                        <\/h3>\n                    <div class=\"tb_text_wrap\">\n            <p><b>Desarrollar para prevenir la aparici\u00f3n de conductas contrarias a las normas de convivencia y facilitar un adecuado clima escolar.<\/b><\/p>        <\/div>\n    <\/div>\n<\/div>\n<!-- \/module feature -->\n<!-- module feature -->\n<div  class=\"module module-feature tb_m1za651 with-chart layout-icon-left size-small \" data-layout-mobile=\"icon-top\" data-layout-desktop=\"icon-left\" data-lazy=\"1\">\n        <div class=\"module-feature-image tf_textc tf_rel\">\n                            <a href=\"https:\/\/drive.google.com\/file\/d\/16SHs5aWNO9BPRAADjmC9zsXaxepwStsh\/view?usp=sharing\" aria-label=\"Compensatoria\">\n                        <span class=\"module-feature-chart-html5 tf_box tf_rel tf_inline_b\">\n                                    <svg class=\"tf_abs tf_w tf_h\">\n                    <circle class=\"tb_feature_fill\" r=\"calc(50% - 1.00px)\" cx=\"50%\" cy=\"50%\" stroke-width=\"2\"\/>\n                    <circle class=\"tb_feature_stroke\" r=\"calc(50% - 1.00px)\" cx=\"50%\" cy=\"50%\" stroke=\"#d93455\" stroke-width=\"2\" data-progress=\"100\" stroke-dasharray=\"0,10000\"\/>\n                                        <\/svg>\n                                <span class=\"chart-html5-circle tf_w tf_h\">\n                                            <em class=\"module-feature-icon tf_rel\" style=\"color:#ffffff\"><svg  class=\"tf_fa tf-ti-user\" aria-hidden=\"true\"><use href=\"#tf-ti-user\"><\/use><\/svg><\/em>\n                                    <\/span>\n\n                \n            <\/span>\n                        <\/a>\n            <\/div>\n    <div class=\"module-feature-content tf_textc\">\n                    <h3 class=\"module-feature-title\">\n                            <a href=\"https:\/\/drive.google.com\/file\/d\/16SHs5aWNO9BPRAADjmC9zsXaxepwStsh\/view?usp=sharing\" aria-label=\"Compensatoria\">Compensatoria<\/a>\n                        <\/h3>\n                    <div class=\"tb_text_wrap\">\n            <p>\u00abUn servicio a la<br \/>sociedad y al entorno en que est\u00e1 ubicado, importante elemento compensador de<br \/>desigualdades sociales, potenciador del desarrollo integral del alumno\/a.<\/p>        <\/div>\n    <\/div>\n<\/div>\n<!-- \/module feature -->\n        <\/div>\n                        <\/div>\n        <\/div>\n        <\/div>\n<!--\/themify_builder_content-->","protected":false},"excerpt":{"rendered":"<p>PROGRAMAS POAT Constituye el instrumento pedag\u00f3gico que articula las actuaciones de las tutor\u00edas y del equipo docente en relaci\u00f3n con los objetivos de la orientaci\u00f3n y acci\u00f3n tutorial. Estar\u00e1 supervisado por el equipo de orientaci\u00f3n. Plan de Convivencia Desarrollar para prevenir la aparici\u00f3n de conductas contrarias a las normas de convivencia y facilitar un adecuado [&hellip;]<\/p>\n","protected":false},"author":14705,"featured_media":0,"parent":0,"menu_order":0,"comment_status":"closed","ping_status":"closed","template":"","meta":{"footnotes":""},"aioseo_notices":[],"post_mailing_queue_ids":[],"_links":{"self":[{"href":"https:\/\/blogsaverroes.juntadeandalucia.es\/ceipalyussana\/wp-json\/wp\/v2\/pages\/6684"}],"collection":[{"href":"https:\/\/blogsaverroes.juntadeandalucia.es\/ceipalyussana\/wp-json\/wp\/v2\/pages"}],"about":[{"href":"https:\/\/blogsaverroes.juntadeandalucia.es\/ceipalyussana\/wp-json\/wp\/v2\/types\/page"}],"author":[{"embeddable":true,"href":"https:\/\/blogsaverroes.juntadeandalucia.es\/ceipalyussana\/wp-json\/wp\/v2\/users\/14705"}],"replies":[{"embeddable":true,"href":"https:\/\/blogsaverroes.juntadeandalucia.es\/ceipalyussana\/wp-json\/wp\/v2\/comments?post=6684"}],"version-history":[{"count":17,"href":"https:\/\/blogsaverroes.juntadeandalucia.es\/ceipalyussana\/wp-json\/wp\/v2\/pages\/6684\/revisions"}],"predecessor-version":[{"id":6705,"href":"https:\/\/blogsaverroes.juntadeandalucia.es\/ceipalyussana\/wp-json\/wp\/v2\/pages\/6684\/revisions\/6705"}],"wp:attachment":[{"href":"https:\/\/blogsaverroes.juntadeandalucia.es\/ceipalyussana\/wp-json\/wp\/v2\/media?parent=6684"}],"curies":[{"name":"wp","href":"https:\/\/api.w.org\/{rel}","templated":true}]}}