{"id":1022,"date":"2022-12-05T18:55:04","date_gmt":"2022-12-05T17:55:04","guid":{"rendered":"https:\/\/blogsaverroes.juntadeandalucia.es\/ceipamanciaburgos\/?page_id=1022"},"modified":"2023-12-19T11:19:36","modified_gmt":"2023-12-19T10:19:36","slug":"profesorado","status":"publish","type":"page","link":"https:\/\/blogsaverroes.juntadeandalucia.es\/ceipamanciaburgos\/profesorado\/","title":{"rendered":"Profesorado"},"content":{"rendered":"<p>El centro cuenta actualmente con una plantilla de 17 maestros\/as:<\/p>\n<p>&#8211; 3 maestras de Educaci\u00f3n Infantil.<br \/>\n&#8211; 6 maestros\/as de Ed. Primaria.<br \/>\n&#8211; 2 maestras de la especialidad de Ingl\u00e9s.<br \/>\n&#8211; 1 maestro de la especialidad de Franc\u00e9s compartida con el CEIP Los R\u00edos de Castill\u00e9jar.<br \/>\n&#8211; 1 maestra de Pedagog\u00eda Terap\u00e9utica a tiempo total y 1 maestra de Pedagog\u00eda Terap\u00e9utica.<br \/>\n&#8211; 1 maestra de Educaci\u00f3n F\u00edsica.<br \/>\n&#8211; 1 maestra de Audici\u00f3n y Lenguaje.<br \/>\n&#8211; 1 maestra de Educaci\u00f3n Art\u00edstica.<br \/>\n&#8211; 1 maestra de Religi\u00f3n compartida con el CEIP Santos M\u00e9dicos de Cortes de Baza.<\/p>\n","protected":false},"excerpt":{"rendered":"<p>El centro cuenta actualmente con una plantilla de 17 maestros\/as: &#8211; 3 maestras de Educaci\u00f3n Infantil. &#8211; 6 maestros\/as de Ed. Primaria. &#8211; 2 maestras de la especialidad de Ingl\u00e9s. &#8211; 1 maestro de&#46;&#46;&#46;<\/p>\n","protected":false},"author":14237,"featured_media":0,"parent":0,"menu_order":0,"comment_status":"closed","ping_status":"closed","template":"","meta":{"ngg_post_thumbnail":0,"footnotes":""},"aioseo_notices":[],"_links":{"self":[{"href":"https:\/\/blogsaverroes.juntadeandalucia.es\/ceipamanciaburgos\/wp-json\/wp\/v2\/pages\/1022"}],"collection":[{"href":"https:\/\/blogsaverroes.juntadeandalucia.es\/ceipamanciaburgos\/wp-json\/wp\/v2\/pages"}],"about":[{"href":"https:\/\/blogsaverroes.juntadeandalucia.es\/ceipamanciaburgos\/wp-json\/wp\/v2\/types\/page"}],"author":[{"embeddable":true,"href":"https:\/\/blogsaverroes.juntadeandalucia.es\/ceipamanciaburgos\/wp-json\/wp\/v2\/users\/14237"}],"replies":[{"embeddable":true,"href":"https:\/\/blogsaverroes.juntadeandalucia.es\/ceipamanciaburgos\/wp-json\/wp\/v2\/comments?post=1022"}],"version-history":[{"count":3,"href":"https:\/\/blogsaverroes.juntadeandalucia.es\/ceipamanciaburgos\/wp-json\/wp\/v2\/pages\/1022\/revisions"}],"predecessor-version":[{"id":1339,"href":"https:\/\/blogsaverroes.juntadeandalucia.es\/ceipamanciaburgos\/wp-json\/wp\/v2\/pages\/1022\/revisions\/1339"}],"wp:attachment":[{"href":"https:\/\/blogsaverroes.juntadeandalucia.es\/ceipamanciaburgos\/wp-json\/wp\/v2\/media?parent=1022"}],"curies":[{"name":"wp","href":"https:\/\/api.w.org\/{rel}","templated":true}]}}