{"id":141,"date":"2015-03-17T07:13:24","date_gmt":"2015-03-17T07:13:24","guid":{"rendered":"http:\/\/blogsaverroes.juntadeandalucia.es\/pre\/ceip\/?page_id=141"},"modified":"2021-08-16T17:19:03","modified_gmt":"2021-08-16T17:19:03","slug":"escolarizacion","status":"publish","type":"page","link":"https:\/\/blogsaverroes.juntadeandalucia.es\/ceipamgrazalema\/escolarizacion\/","title":{"rendered":"Escolarizaci\u00f3n"},"content":{"rendered":"<p><img loading=\"lazy\" decoding=\"async\" class=\"alignnone size-medium wp-image-2446\" src=\"https:\/\/blogsaverroes.juntadeandalucia.es\/ceipamgrazalema\/files\/2021\/08\/9e6adf0e-f74a-4f23-acf2-0c7bfc3b5262-300x90.jpeg\" alt=\"\" width=\"300\" height=\"90\" srcset=\"https:\/\/blogsaverroes.juntadeandalucia.es\/ceipamgrazalema\/files\/2021\/08\/9e6adf0e-f74a-4f23-acf2-0c7bfc3b5262-300x90.jpeg 300w, https:\/\/blogsaverroes.juntadeandalucia.es\/ceipamgrazalema\/files\/2021\/08\/9e6adf0e-f74a-4f23-acf2-0c7bfc3b5262.jpeg 395w\" sizes=\"(max-width: 300px) 100vw, 300px\" \/><\/p>\n<p>El plazo para realizar la escolarizaci\u00f3n del alumnado en el segundo ciclo de Educaci\u00f3n Infantil o Educaci\u00f3n Primaria es el comprendido entre el 1 y el 31 de marzo de 2.021 de manera presencial en horario de secretar\u00eda de nuestro centro o a trav\u00e9s de la secretar\u00eda virtual de los centros educativos (enlace a pie de p\u00e1gina).<\/p>\n<p>No obstante, debido a que somos el \u00fanico centro de la localidad y que contamos con plazas disponibles en todas los niveles desde 3 a\u00f1os a 6\u00ba de Primaria, se puede cursar la solicitud mediante proceso de admisi\u00f3n extraordinario en cualquier momento del curso escolar.<\/p>\n<p><a title=\"Procedimiento\" href=\"https:\/\/www.juntadeandalucia.es\/educacion\/portals\/delegate\/content\/65cb5add-4574-4590-800e-f0575609dca1\/Instrucciones%20sobre%20la%20matriculaci%C3%B3n%20del%20alumnado%20en%20Segundo%20Ciclo%20de%20Educaci%C3%B3n%20Infantil,%20Educaci%C3%B3n%20Primaria,%20Educaci%C3%B3n%20Especial,%20Educaci%C3%B3n%20Secundaria%20Obligatoria%20y%20Bachillerato%20para%20el%20curso%20escolar%202021\/22\" target=\"_blank\" rel=\"noopener noreferrer\">Normativa<\/a>&nbsp;sobre el proceso de escolarizaci\u00f3n.<\/p>\n<p><a href=\"https:\/\/www.juntadeandalucia.es\/educacion\/portals\/web\/escolarizacion\/infantil-a-bachillerato\/impresos\">Impresos<\/a>&nbsp;<\/p>\n<p>&nbsp;<\/p>\n<p><a href=\"https:\/\/www.juntadeandalucia.es\/educacion\/secretariavirtual\/\"><img loading=\"lazy\" decoding=\"async\" class=\"aligncenter wp-image-2441 \" src=\"https:\/\/blogsaverroes.juntadeandalucia.es\/ceipamgrazalema\/files\/2021\/08\/secretariavirtual.jpg\" alt=\"\" width=\"353\" height=\"189\"><img loading=\"lazy\" decoding=\"async\" class=\"size-full wp-image-2448 aligncenter\" src=\"https:\/\/blogsaverroes.juntadeandalucia.es\/ceipamgrazalema\/files\/2021\/08\/PinchaAqui-150x150-1.png\" alt=\"\" width=\"150\" height=\"150\" srcset=\"https:\/\/blogsaverroes.juntadeandalucia.es\/ceipamgrazalema\/files\/2021\/08\/PinchaAqui-150x150-1.png 150w, https:\/\/blogsaverroes.juntadeandalucia.es\/ceipamgrazalema\/files\/2021\/08\/PinchaAqui-150x150-1-80x80.png 80w\" sizes=\"(max-width: 150px) 100vw, 150px\" \/><\/a><\/p>\n","protected":false},"excerpt":{"rendered":"<p>El plazo para realizar la escolarizaci\u00f3n del alumnado en el segundo ciclo de Educaci\u00f3n Infantil o Educaci\u00f3n Primaria es el comprendido entre el 1 y el 31 de marzo de 2.021 de manera presencial&#46;&#46;&#46;<\/p>\n","protected":false},"author":1,"featured_media":0,"parent":0,"menu_order":0,"comment_status":"closed","ping_status":"open","template":"","meta":{"ngg_post_thumbnail":0,"footnotes":"","_mc_calendar":[]},"aioseo_notices":[],"_links":{"self":[{"href":"https:\/\/blogsaverroes.juntadeandalucia.es\/ceipamgrazalema\/wp-json\/wp\/v2\/pages\/141"}],"collection":[{"href":"https:\/\/blogsaverroes.juntadeandalucia.es\/ceipamgrazalema\/wp-json\/wp\/v2\/pages"}],"about":[{"href":"https:\/\/blogsaverroes.juntadeandalucia.es\/ceipamgrazalema\/wp-json\/wp\/v2\/types\/page"}],"author":[{"embeddable":true,"href":"https:\/\/blogsaverroes.juntadeandalucia.es\/ceipamgrazalema\/wp-json\/wp\/v2\/users\/1"}],"replies":[{"embeddable":true,"href":"https:\/\/blogsaverroes.juntadeandalucia.es\/ceipamgrazalema\/wp-json\/wp\/v2\/comments?post=141"}],"version-history":[{"count":13,"href":"https:\/\/blogsaverroes.juntadeandalucia.es\/ceipamgrazalema\/wp-json\/wp\/v2\/pages\/141\/revisions"}],"predecessor-version":[{"id":2450,"href":"https:\/\/blogsaverroes.juntadeandalucia.es\/ceipamgrazalema\/wp-json\/wp\/v2\/pages\/141\/revisions\/2450"}],"wp:attachment":[{"href":"https:\/\/blogsaverroes.juntadeandalucia.es\/ceipamgrazalema\/wp-json\/wp\/v2\/media?parent=141"}],"curies":[{"name":"wp","href":"https:\/\/api.w.org\/{rel}","templated":true}]}}

Escolarización

<p><img loading="lazy" decoding="async" class="alignnone size-medium wp-image-2446" src="https://blogsaverroes.juntadeandalucia.es/ceipamgrazalema/files/2021/08/9e6adf0e-f74a-4f23-acf2-0c7bfc3b5262-300x90.jpeg" alt="" width="300" height="90" srcset="https://blogsaverroes.juntadeandalucia.es/ceipamgrazalema/files/2021/08/9e6adf0e-f74a-4f23-acf2-0c7bfc3b5262-300x90.jpeg 300w, https://blogsaverroes.juntadeandalucia.es/ceipamgrazalema/files/2021/08/9e6adf0e-f74a-4f23-acf2-0c7bfc3b5262.jpeg 395w" sizes="(max-width: 300px) 100vw, 300px" /></p>
<p>El plazo para realizar la escolarización del alumnado en el segundo ciclo de Educación Infantil o Educación Primaria es el comprendido entre el 1 y el 31 de marzo de 2.021 de manera presencial en horario de secretaría de nuestro centro o a través de la secretaría virtual de los centros educativos (enlace a pie de página).</p>
<p>No obstante, debido a que somos el único centro de la localidad y que contamos con plazas disponibles en todas los niveles desde 3 años a 6º de Primaria, se puede cursar la solicitud mediante proceso de admisión extraordinario en cualquier momento del curso escolar.</p>
<p><a title="Procedimiento" href="https://www.juntadeandalucia.es/educacion/portals/delegate/content/65cb5add-4574-4590-800e-f0575609dca1/Instrucciones%20sobre%20la%20matriculaci%C3%B3n%20del%20alumnado%20en%20Segundo%20Ciclo%20de%20Educaci%C3%B3n%20Infantil,%20Educaci%C3%B3n%20Primaria,%20Educaci%C3%B3n%20Especial,%20Educaci%C3%B3n%20Secundaria%20Obligatoria%20y%20Bachillerato%20para%20el%20curso%20escolar%202021/22" target="_blank" rel="noopener noreferrer">Normativa</a>&nbsp;sobre el proceso de escolarización.</p>
<p><a href="https://www.juntadeandalucia.es/educacion/portals/web/escolarizacion/infantil-a-bachillerato/impresos">Impresos</a>&nbsp;</p>
<p>&nbsp;</p>
<p><a href="https://www.juntadeandalucia.es/educacion/secretariavirtual/"><img loading="lazy" decoding="async" class="aligncenter wp-image-2441 " src="https://blogsaverroes.juntadeandalucia.es/ceipamgrazalema/files/2021/08/secretariavirtual.jpg" alt="" width="353" height="189"><img loading="lazy" decoding="async" class="size-full wp-image-2448 aligncenter" src="https://blogsaverroes.juntadeandalucia.es/ceipamgrazalema/files/2021/08/PinchaAqui-150x150-1.png" alt="" width="150" height="150" srcset="https://blogsaverroes.juntadeandalucia.es/ceipamgrazalema/files/2021/08/PinchaAqui-150x150-1.png 150w, https://blogsaverroes.juntadeandalucia.es/ceipamgrazalema/files/2021/08/PinchaAqui-150x150-1-80x80.png 80w" sizes="(max-width: 150px) 100vw, 150px" /></a></p>

<p>El plazo para realizar la escolarización del alumnado en el segundo ciclo de Educación Infantil o Educación Primaria es el comprendido entre el 1 y el 31 de marzo de 2.021 de manera presencial&#46;&#46;&#46;</p>
