{"id":2267,"date":"2020-11-16T17:59:12","date_gmt":"2020-11-16T17:59:12","guid":{"rendered":"https:\/\/blogsaverroes.juntadeandalucia.es\/ceipamgrazalema\/?page_id=2267"},"modified":"2021-08-13T16:58:33","modified_gmt":"2021-08-13T16:58:33","slug":"datos-historicos","status":"publish","type":"page","link":"https:\/\/blogsaverroes.juntadeandalucia.es\/ceipamgrazalema\/datos-historicos\/","title":{"rendered":"Contexto"},"content":{"rendered":"<p style=\"text-align: center\"><strong>Realidad de Nuestro Entorno<\/strong><\/p>\n<p><img loading=\"lazy\" decoding=\"async\" class=\" wp-image-2415 aligncenter\" src=\"https:\/\/blogsaverroes.juntadeandalucia.es\/ceipamgrazalema\/files\/2021\/08\/vacaciones-en-grazalema-1-300x84.jpg\" alt=\"\" width=\"729\" height=\"204\" srcset=\"https:\/\/blogsaverroes.juntadeandalucia.es\/ceipamgrazalema\/files\/2021\/08\/vacaciones-en-grazalema-1-300x84.jpg 300w, https:\/\/blogsaverroes.juntadeandalucia.es\/ceipamgrazalema\/files\/2021\/08\/vacaciones-en-grazalema-1-1024x288.jpg 1024w, https:\/\/blogsaverroes.juntadeandalucia.es\/ceipamgrazalema\/files\/2021\/08\/vacaciones-en-grazalema-1-768x216.jpg 768w, https:\/\/blogsaverroes.juntadeandalucia.es\/ceipamgrazalema\/files\/2021\/08\/vacaciones-en-grazalema-1-1536x432.jpg 1536w, https:\/\/blogsaverroes.juntadeandalucia.es\/ceipamgrazalema\/files\/2021\/08\/vacaciones-en-grazalema-1.jpg 1600w\" sizes=\"(max-width: 729px) 100vw, 729px\" \/><\/p>\n<p>El t\u00e9rmino municipal de Grazalema ocupa la parte central de la Sierra de Grazalema, en el sector noroeste de la provincia de C\u00e1diz, seg\u00fan datos oficiales de INE (1 de enero de 2019) cuenta con una extensi\u00f3n de 121 km<sup>2<\/sup>, una densidad de poblaci\u00f3n de 16,75 habitantes por km<sup>2<\/sup>, y una poblaci\u00f3n censada de 2027 habitantes, de los cuales 1021 son mujeres y 1006 hombres. La poblaci\u00f3n de Grazalema est\u00e1 sufriendo un incremento relativo del -8,1 en los \u00faltimos 10 a\u00f1os y un envejecimiento, por tanto, de la misma situando su media de edad actualmente en 45,3 a\u00f1os.<\/p>\n<p>Aparte del n\u00facleo principal, cuenta con otro n\u00facleo de poblaci\u00f3n, Benamahoma, situado a 12 km direcci\u00f3n oeste, cerca de la localidad de El Bosque (nuestro centro no da cobertura educativa a este n\u00facleo de poblaci\u00f3n).<\/p>\n<p>Casi la totalidad de la poblaci\u00f3n reside en el n\u00facleo urbano (1928 habitantes), siendo cada vez menos los que se encuentran diseminados en caser\u00edos o cortijos, debido a que las actividades agropecuarias van siendo progresivamente abandonadas por su escasa rentabilidad, habiendo sido compensadas en gran medida por el auge del turismo vinculado a la declaraci\u00f3n del Parque Natural Sierra de Grazalema, el turismo rural y el gastron\u00f3mico.<\/p>\n<p>&nbsp;<\/p>\n<p><strong>Recursos educativos y socioculturales.<\/strong><\/p>\n<p>La localidad de Grazalema cuenta con un colegio de E. Infantil y Primaria, el nuestro, con un instituto de Ense\u00f1anza Secundaria, con un centro de Educaci\u00f3n de Adultos y con una guarder\u00eda, como recursos educativos.<\/p>\n<p>Adem\u00e1s, los recursos socioculturales de que dispone la localidad son:<\/p>\n<ul>\n<li>Una Biblioteca Municipal.<\/li>\n<li>Una Casa de la Cultura (con emisora de radio).<\/li>\n<li>Una Casa de la Juventud (con varias asociaciones juveniles y culturales).<\/li>\n<li>Un Centro Municipal de Tecnolog\u00edas de la Inform\u00e1tica. (Guadalinfo)<\/li>\n<li>Un Sal\u00f3n para Usos M\u00faltiples.<\/li>\n<li>Pabell\u00f3n polideportivo<\/li>\n<li>Ludoteca municipal<\/li>\n<\/ul>\n<p>Todos&nbsp;&nbsp; ellos cercanos&nbsp;&nbsp; al&nbsp;&nbsp; colegio, aunque las distancias en nuestra localidad son muy cortas. Predomina un nivel&nbsp;&nbsp; cultural medio con una poblaci\u00f3n poco&nbsp;&nbsp; participativa en actividades culturales, aunque en los \u00faltimos a\u00f1os se va animando esta participaci\u00f3n con diferentes programas de actividades impulsadas por el ayuntamiento.<\/p>\n<p>&nbsp;<\/p>\n<p><strong>Caracter\u00edsticas e instalaciones del Centro.<\/strong><\/p>\n<p>El CEIP \u201cAntonio Machado\u201d est\u00e1 situado en la parte alta del pueblo, pero bastante accesible para todos los alumnos, puesto que&nbsp;&nbsp; la distancia desde sus casas es, por lo general, corta. Consta de un solo edificio que data de 1980, con dos plantas y que debido a las peculiaridades de nuestro pueblo donde las calles tienen un importante desnivel y por el hecho de que se han ido haciendo peque\u00f1as ampliaciones a lo largo de los a\u00f1os, este edificio tiene varios niveles con muchos tramos de escaleras repartidos por toda la superficie. Aunque recientemente se llev\u00f3 a cabo una reforma, por parte de la Consejer\u00eda de Educaci\u00f3n, para eliminar barreras arquitect\u00f3nicas y cumplir la normativa de accesibilidad, es imposible eliminarlas por completo para hacer accesible la mayor parte del centro. Entre sus dos plantas se disponen un total de 3 aulas de Educaci\u00f3n Infantil (una de ellas se utiliza actualmente como ampliaci\u00f3n del comedor, tras la unificaci\u00f3n de las aulas de 3 y 4 a\u00f1os), 6 aulas de Primaria y 2 aulas peque\u00f1as utilizadas para refuerzo educativo y pedagog\u00eda terap\u00e9utica.<\/p>\n<p>El centro dispone de dos patios de recreos, uno peque\u00f1o en el interior del edificio para educaci\u00f3n infantil, el cual necesita una adaptaci\u00f3n ya que dispone de una grada de escalones bastante peligrosa, ya que con anterioridad era la cancha de baloncesto de la que dispon\u00eda el pueblo, y otro anexo al edificio del centro que es una pista polideportiva la cual est\u00e1 cedida a nuestro centro en horario de ma\u00f1ana, donde se lleva a cabo tanto el recreo de primaria como algunas clases de educaci\u00f3n f\u00edsica.<\/p>\n<p>Adem\u00e1s, se cuenta con un peque\u00f1o pabell\u00f3n cubierto cedido por el ayuntamiento y ubicado junto al centro con un acceso directo desde el mismo y que tambi\u00e9n se utiliza para actividades ajenas al centro en horario de tarde. Tambi\u00e9n se dispone de un comedor escolar con capacidad para 105 comensales, donde tambi\u00e9n son usuarios del mismo los alumnos\/as del IES Sierra de Grazalema.<\/p>\n<p>El edificio tambi\u00e9n cuenta con las dependencias normales (despacho&nbsp;&nbsp; de&nbsp;&nbsp; direcci\u00f3n, secretar\u00eda, sala de profesores, etc.), un aula de inform\u00e1tica (la cual es prioritario actualizar), aula de la Terrona (aula del Centro que se encuentra a 10 Km. de la localidad en un espacio rural), Biblioteca Escolar y un peque\u00f1o laboratorio que actualmente est\u00e1 en desuso ya que necesita una remodelaci\u00f3n y dotaci\u00f3n de material.<\/p>\n<p>El centro tiene bastantes deficiencias en las aulas en cuanto a climatizaci\u00f3n e inform\u00e1tica, hechos relevante los mencionados si tenemos en cuenta las caracter\u00edsticas climatol\u00f3gicas de la Sierra de Grazalema y la situaci\u00f3n actual extraordinaria en la que nos encontramos combinando la educaci\u00f3n presencial con la educaci\u00f3n a distancia.<\/p>\n<p>Se trata de un colegio de Educaci\u00f3n Infantil y Primaria (CEIP), de una l\u00ednea, con 95 alumnos\/as y, por lo tanto, atiende a los alumnos del&nbsp;&nbsp; Segundo Ciclo de Educaci\u00f3n Infantil, donde s\u00f3lo hay dos aulas tras la reciente unificaci\u00f3n de 4 y 5 a\u00f1os por falta de alumnado, y de los tres Ciclos de Educaci\u00f3n Primaria.<\/p>\n<p>&nbsp;<\/p>\n<p>&nbsp;<\/p>\n<p>&nbsp;<\/p>\n","protected":false},"excerpt":{"rendered":"<p>Realidad de Nuestro Entorno El t\u00e9rmino municipal de Grazalema ocupa la parte central de la Sierra de Grazalema, en el sector noroeste de la provincia de C\u00e1diz, seg\u00fan datos oficiales de INE (1 de&#46;&#46;&#46;<\/p>\n","protected":false},"author":10758,"featured_media":0,"parent":0,"menu_order":0,"comment_status":"closed","ping_status":"closed","template":"","meta":{"ngg_post_thumbnail":0,"footnotes":"","_mc_calendar":[]},"aioseo_notices":[],"_links":{"self":[{"href":"https:\/\/blogsaverroes.juntadeandalucia.es\/ceipamgrazalema\/wp-json\/wp\/v2\/pages\/2267"}],"collection":[{"href":"https:\/\/blogsaverroes.juntadeandalucia.es\/ceipamgrazalema\/wp-json\/wp\/v2\/pages"}],"about":[{"href":"https:\/\/blogsaverroes.juntadeandalucia.es\/ceipamgrazalema\/wp-json\/wp\/v2\/types\/page"}],"author":[{"embeddable":true,"href":"https:\/\/blogsaverroes.juntadeandalucia.es\/ceipamgrazalema\/wp-json\/wp\/v2\/users\/10758"}],"replies":[{"embeddable":true,"href":"https:\/\/blogsaverroes.juntadeandalucia.es\/ceipamgrazalema\/wp-json\/wp\/v2\/comments?post=2267"}],"version-history":[{"count":6,"href":"https:\/\/blogsaverroes.juntadeandalucia.es\/ceipamgrazalema\/wp-json\/wp\/v2\/pages\/2267\/revisions"}],"predecessor-version":[{"id":2416,"href":"https:\/\/blogsaverroes.juntadeandalucia.es\/ceipamgrazalema\/wp-json\/wp\/v2\/pages\/2267\/revisions\/2416"}],"wp:attachment":[{"href":"https:\/\/blogsaverroes.juntadeandalucia.es\/ceipamgrazalema\/wp-json\/wp\/v2\/media?parent=2267"}],"curies":[{"name":"wp","href":"https:\/\/api.w.org\/{rel}","templated":true}]}}

<p style="text-align: center"><strong>Realidad de Nuestro Entorno</strong></p>
<p><img loading="lazy" decoding="async" class=" wp-image-2415 aligncenter" src="https://blogsaverroes.juntadeandalucia.es/ceipamgrazalema/files/2021/08/vacaciones-en-grazalema-1-300x84.jpg" alt="" width="729" height="204" srcset="https://blogsaverroes.juntadeandalucia.es/ceipamgrazalema/files/2021/08/vacaciones-en-grazalema-1-300x84.jpg 300w, https://blogsaverroes.juntadeandalucia.es/ceipamgrazalema/files/2021/08/vacaciones-en-grazalema-1-1024x288.jpg 1024w, https://blogsaverroes.juntadeandalucia.es/ceipamgrazalema/files/2021/08/vacaciones-en-grazalema-1-768x216.jpg 768w, https://blogsaverroes.juntadeandalucia.es/ceipamgrazalema/files/2021/08/vacaciones-en-grazalema-1-1536x432.jpg 1536w, https://blogsaverroes.juntadeandalucia.es/ceipamgrazalema/files/2021/08/vacaciones-en-grazalema-1.jpg 1600w" sizes="(max-width: 729px) 100vw, 729px" /></p>
<p>El término municipal de Grazalema ocupa la parte central de la Sierra de Grazalema, en el sector noroeste de la provincia de Cádiz, según datos oficiales de INE (1 de enero de 2019) cuenta con una extensión de 121 km<sup>2</sup>, una densidad de población de 16,75 habitantes por km<sup>2</sup>, y una población censada de 2027 habitantes, de los cuales 1021 son mujeres y 1006 hombres. La población de Grazalema está sufriendo un incremento relativo del -8,1 en los últimos 10 años y un envejecimiento, por tanto, de la misma situando su media de edad actualmente en 45,3 años.</p>
<p>Aparte del núcleo principal, cuenta con otro núcleo de población, Benamahoma, situado a 12 km dirección oeste, cerca de la localidad de El Bosque (nuestro centro no da cobertura educativa a este núcleo de población).</p>
<p>Casi la totalidad de la población reside en el núcleo urbano (1928 habitantes), siendo cada vez menos los que se encuentran diseminados en caseríos o cortijos, debido a que las actividades agropecuarias van siendo progresivamente abandonadas por su escasa rentabilidad, habiendo sido compensadas en gran medida por el auge del turismo vinculado a la declaración del Parque Natural Sierra de Grazalema, el turismo rural y el gastronómico.</p>
<p>&nbsp;</p>
<p><strong>Recursos educativos y socioculturales.</strong></p>
<p>La localidad de Grazalema cuenta con un colegio de E. Infantil y Primaria, el nuestro, con un instituto de Enseñanza Secundaria, con un centro de Educación de Adultos y con una guardería, como recursos educativos.</p>
<p>Además, los recursos socioculturales de que dispone la localidad son:</p>
<ul>
<li>Una Biblioteca Municipal.</li>
<li>Una Casa de la Cultura (con emisora de radio).</li>
<li>Una Casa de la Juventud (con varias asociaciones juveniles y culturales).</li>
<li>Un Centro Municipal de Tecnologías de la Informática. (Guadalinfo)</li>
<li>Un Salón para Usos Múltiples.</li>
<li>Pabellón polideportivo</li>
<li>Ludoteca municipal</li>
</ul>
<p>Todos&nbsp;&nbsp; ellos cercanos&nbsp;&nbsp; al&nbsp;&nbsp; colegio, aunque las distancias en nuestra localidad son muy cortas. Predomina un nivel&nbsp;&nbsp; cultural medio con una población poco&nbsp;&nbsp; participativa en actividades culturales, aunque en los últimos años se va animando esta participación con diferentes programas de actividades impulsadas por el ayuntamiento.</p>
<p>&nbsp;</p>
<p><strong>Características e instalaciones del Centro.</strong></p>
<p>El CEIP “Antonio Machado” está situado en la parte alta del pueblo, pero bastante accesible para todos los alumnos, puesto que&nbsp;&nbsp; la distancia desde sus casas es, por lo general, corta. Consta de un solo edificio que data de 1980, con dos plantas y que debido a las peculiaridades de nuestro pueblo donde las calles tienen un importante desnivel y por el hecho de que se han ido haciendo pequeñas ampliaciones a lo largo de los años, este edificio tiene varios niveles con muchos tramos de escaleras repartidos por toda la superficie. Aunque recientemente se llevó a cabo una reforma, por parte de la Consejería de Educación, para eliminar barreras arquitectónicas y cumplir la normativa de accesibilidad, es imposible eliminarlas por completo para hacer accesible la mayor parte del centro. Entre sus dos plantas se disponen un total de 3 aulas de Educación Infantil (una de ellas se utiliza actualmente como ampliación del comedor, tras la unificación de las aulas de 3 y 4 años), 6 aulas de Primaria y 2 aulas pequeñas utilizadas para refuerzo educativo y pedagogía terapéutica.</p>
<p>El centro dispone de dos patios de recreos, uno pequeño en el interior del edificio para educación infantil, el cual necesita una adaptación ya que dispone de una grada de escalones bastante peligrosa, ya que con anterioridad era la cancha de baloncesto de la que disponía el pueblo, y otro anexo al edificio del centro que es una pista polideportiva la cual está cedida a nuestro centro en horario de mañana, donde se lleva a cabo tanto el recreo de primaria como algunas clases de educación física.</p>
<p>Además, se cuenta con un pequeño pabellón cubierto cedido por el ayuntamiento y ubicado junto al centro con un acceso directo desde el mismo y que también se utiliza para actividades ajenas al centro en horario de tarde. También se dispone de un comedor escolar con capacidad para 105 comensales, donde también son usuarios del mismo los alumnos/as del IES Sierra de Grazalema.</p>
<p>El edificio también cuenta con las dependencias normales (despacho&nbsp;&nbsp; de&nbsp;&nbsp; dirección, secretaría, sala de profesores, etc.), un aula de informática (la cual es prioritario actualizar), aula de la Terrona (aula del Centro que se encuentra a 10 Km. de la localidad en un espacio rural), Biblioteca Escolar y un pequeño laboratorio que actualmente está en desuso ya que necesita una remodelación y dotación de material.</p>
<p>El centro tiene bastantes deficiencias en las aulas en cuanto a climatización e informática, hechos relevante los mencionados si tenemos en cuenta las características climatológicas de la Sierra de Grazalema y la situación actual extraordinaria en la que nos encontramos combinando la educación presencial con la educación a distancia.</p>
<p>Se trata de un colegio de Educación Infantil y Primaria (CEIP), de una línea, con 95 alumnos/as y, por lo tanto, atiende a los alumnos del&nbsp;&nbsp; Segundo Ciclo de Educación Infantil, donde sólo hay dos aulas tras la reciente unificación de 4 y 5 años por falta de alumnado, y de los tres Ciclos de Educación Primaria.</p>
<p>&nbsp;</p>
<p>&nbsp;</p>
<p>&nbsp;</p>

<p>Realidad de Nuestro Entorno El término municipal de Grazalema ocupa la parte central de la Sierra de Grazalema, en el sector noroeste de la provincia de Cádiz, según datos oficiales de INE (1 de&#46;&#46;&#46;</p>
