{"id":42,"date":"2015-03-13T08:40:47","date_gmt":"2015-03-13T08:40:47","guid":{"rendered":"http:\/\/blogsaverroes.juntadeandalucia.es\/pre\/ceip\/?page_id=42"},"modified":"2021-08-13T16:55:25","modified_gmt":"2021-08-13T16:55:25","slug":"equipo-directivo","status":"publish","type":"page","link":"https:\/\/blogsaverroes.juntadeandalucia.es\/ceipamgrazalema\/equipo-directivo\/","title":{"rendered":"Equipo directivo"},"content":{"rendered":"<p><img loading=\"lazy\" decoding=\"async\" class=\" wp-image-2413 aligncenter\" src=\"https:\/\/blogsaverroes.juntadeandalucia.es\/ceipamgrazalema\/files\/2021\/08\/gear_team_420-300x203-1.png\" alt=\"\" width=\"331\" height=\"223\"><\/p>\n<p>El equipo directivo del C.E.I.P Antonio Machado actualmente lo componen los siguientes integrantes desde el 01\/07\/2021:<\/p>\n<p><strong>Direcci\u00f3n: <\/strong>Vicente Ruano R\u00edos.<\/p>\n<p><strong>Jefatura de estudios: <\/strong>Juan Carlos Naranjo Garc\u00eda.<\/p>\n<p><strong>Secretar\u00eda: <\/strong>Olga M\u00aa Gonz\u00e1lez de la Mota Bianchi.<\/p>\n","protected":false},"excerpt":{"rendered":"<p>El equipo directivo del C.E.I.P Antonio Machado actualmente lo componen los siguientes integrantes desde el 01\/07\/2021: Direcci\u00f3n: Vicente Ruano R\u00edos. Jefatura de estudios: Juan Carlos Naranjo Garc\u00eda. Secretar\u00eda: Olga M\u00aa Gonz\u00e1lez de la Mota&#46;&#46;&#46;<\/p>\n","protected":false},"author":1,"featured_media":0,"parent":0,"menu_order":0,"comment_status":"closed","ping_status":"closed","template":"","meta":{"ngg_post_thumbnail":0,"footnotes":"","_mc_calendar":[]},"aioseo_notices":[],"_links":{"self":[{"href":"https:\/\/blogsaverroes.juntadeandalucia.es\/ceipamgrazalema\/wp-json\/wp\/v2\/pages\/42"}],"collection":[{"href":"https:\/\/blogsaverroes.juntadeandalucia.es\/ceipamgrazalema\/wp-json\/wp\/v2\/pages"}],"about":[{"href":"https:\/\/blogsaverroes.juntadeandalucia.es\/ceipamgrazalema\/wp-json\/wp\/v2\/types\/page"}],"author":[{"embeddable":true,"href":"https:\/\/blogsaverroes.juntadeandalucia.es\/ceipamgrazalema\/wp-json\/wp\/v2\/users\/1"}],"replies":[{"embeddable":true,"href":"https:\/\/blogsaverroes.juntadeandalucia.es\/ceipamgrazalema\/wp-json\/wp\/v2\/comments?post=42"}],"version-history":[{"count":6,"href":"https:\/\/blogsaverroes.juntadeandalucia.es\/ceipamgrazalema\/wp-json\/wp\/v2\/pages\/42\/revisions"}],"predecessor-version":[{"id":2414,"href":"https:\/\/blogsaverroes.juntadeandalucia.es\/ceipamgrazalema\/wp-json\/wp\/v2\/pages\/42\/revisions\/2414"}],"wp:attachment":[{"href":"https:\/\/blogsaverroes.juntadeandalucia.es\/ceipamgrazalema\/wp-json\/wp\/v2\/media?parent=42"}],"curies":[{"name":"wp","href":"https:\/\/api.w.org\/{rel}","templated":true}]}}

<p><img loading="lazy" decoding="async" class=" wp-image-2413 aligncenter" src="https://blogsaverroes.juntadeandalucia.es/ceipamgrazalema/files/2021/08/gear_team_420-300x203-1.png" alt="" width="331" height="223"></p>
<p>El equipo directivo del C.E.I.P Antonio Machado actualmente lo componen los siguientes integrantes desde el 01/07/2021:</p>
<p><strong>Dirección: </strong>Vicente Ruano Ríos.</p>
<p><strong>Jefatura de estudios: </strong>Juan Carlos Naranjo García.</p>
<p><strong>Secretaría: </strong>Olga Mª González de la Mota Bianchi.</p>

<p>El equipo directivo del C.E.I.P Antonio Machado actualmente lo componen los siguientes integrantes desde el 01/07/2021: Dirección: Vicente Ruano Ríos. Jefatura de estudios: Juan Carlos Naranjo García. Secretaría: Olga Mª González de la Mota&#46;&#46;&#46;</p>
