{"id":35,"date":"2015-03-13T08:21:43","date_gmt":"2015-03-13T08:21:43","guid":{"rendered":"http:\/\/blogsaverroes.juntadeandalucia.es\/pre\/ceip\/?page_id=35"},"modified":"2025-03-10T17:41:13","modified_gmt":"2025-03-10T17:41:13","slug":"el-centro-2","status":"publish","type":"page","link":"https:\/\/blogsaverroes.juntadeandalucia.es\/ceipanamariamatute\/el-centro-2\/","title":{"rendered":"Datos del centro"},"content":{"rendered":"<p><a href=\"https:\/\/blogsaverroes.juntadeandalucia.es\/ceipanamariamatute\/files\/2025\/03\/mapacole.png\" rel=\"prettyPhoto[35]\"><img loading=\"lazy\" decoding=\"async\" class=\"wp-image-4130 size-medium alignleft\" src=\"https:\/\/blogsaverroes.juntadeandalucia.es\/ceipanamariamatute\/files\/2025\/03\/mapacole-300x180.png\" alt=\"\" width=\"300\" height=\"180\" srcset=\"https:\/\/blogsaverroes.juntadeandalucia.es\/ceipanamariamatute\/files\/2025\/03\/mapacole-300x180.png 300w, https:\/\/blogsaverroes.juntadeandalucia.es\/ceipanamariamatute\/files\/2025\/03\/mapacole-1024x615.png 1024w, https:\/\/blogsaverroes.juntadeandalucia.es\/ceipanamariamatute\/files\/2025\/03\/mapacole-768x461.png 768w, https:\/\/blogsaverroes.juntadeandalucia.es\/ceipanamariamatute\/files\/2025\/03\/mapacole-700x420.png 700w, https:\/\/blogsaverroes.juntadeandalucia.es\/ceipanamariamatute\/files\/2025\/03\/mapacole.png 1334w\" sizes=\"(max-width: 300px) 100vw, 300px\" \/><\/a><br \/>\n&nbsp;<\/p>\n<h4>&nbsp;<\/h4>\n<h4>&nbsp;<\/h4>\n<h4>&nbsp;<\/h4>\n<h4><strong>Datos de contacto<\/strong><\/h4>\n<p>C.E.I.P ANA MAR\u00cdA MATUTE<\/p>\n<p><strong>Direcci\u00f3n:<\/strong> &nbsp;Calle Vasco N\u00fa\u00f1ez de Balboa s\/n, Condequinto 41089 Dos Hermanas, Sevilla.<\/p>\n<p><strong>Tel\u00e9fono \/ FAX:&nbsp;<\/strong> 955 62 34 18\/ 955 62 35 35&nbsp;&nbsp;<\/p>\n<p><strong>Email:<\/strong> anamariamatuteceip@gmail.com<\/p>\n<h4><strong>Horario general del Centro<\/strong><\/h4>\n<div id=\"i5zsl6z2\" class=\"txtNew\">\n<ul class=\"font_8\">\n<li>\n<p class=\"font_8\">El&nbsp;horario lectivo&nbsp;del Centro es de 9:00&nbsp;a 14:00 h<\/p>\n<\/li>\n<li>\n<p class=\"font_8\">El tiempo de recreo es de 11:30 a 12:00h<\/p>\n<\/li>\n<li>\n<p class=\"font_8\">Servicios complementarios&nbsp;ofertados por el Centro:<\/p>\n<\/li>\n<\/ul>\n<p class=\"font_8\">&nbsp; &nbsp; &nbsp; &nbsp; &nbsp; &nbsp;Aula Matinal: de 7:30h a 9:00. Diariamente<\/p>\n<p class=\"font_8\">&nbsp; &nbsp; &nbsp; &nbsp; &nbsp; &nbsp;Ludoteca: de 14:00h a 15:30h. Diariamente (AMPA)<\/p>\n<p class=\"font_8\">&nbsp; &nbsp; &nbsp; &nbsp; &nbsp; &nbsp;Comedor escolar: de 14:00h a 16:00h. Diariamente.<\/p>\n<p class=\"font_8\">&nbsp; &nbsp; &nbsp; &nbsp; &nbsp; &nbsp;Actividades extraescolares: de 16:00h a 18:00h. De lunes a jueves<\/p>\n<p class=\"font_8\">Por razones de seguridad, las puertas se cerrar\u00e1n tras la entrada o salida del alumnado tanto en horario de ma\u00f1ana como de tarde. Si alg\u00fan\/a padre\/madre o familiar desea acceder al mismo debe solicitarlo a la conserje&nbsp; y justificar debidamente el acceso.<\/p>\n<p>&nbsp;<\/p>\n<p class=\"font_8\"><strong style=\"font-family: Oswald, sans-serif;font-size: 18px;letter-spacing: 1px\">Oferta educativa<\/strong><\/p>\n<\/div>\n<p>El Centro ofrece ense\u00f1anzas de Educaci\u00f3n Infantil y Primaria, estando adscritos al Instituto <a href=\"http:\/\/www.ieshnosmachado.org\/\">Hermanos Machado<\/a>.<\/p>\n","protected":false},"excerpt":{"rendered":"<p>&nbsp; &nbsp; &nbsp; &nbsp; Datos de contacto C.E.I.P ANA MAR\u00cdA MATUTE Direcci\u00f3n: &nbsp;Calle Vasco N\u00fa\u00f1ez de Balboa s\/n, Condequinto 41089 Dos Hermanas, Sevilla. Tel\u00e9fono \/ FAX:&nbsp; 955 62 34 18\/ 955 62 35 35&nbsp;&nbsp; Email: anamariamatuteceip@gmail.com Horario general del Centro El&nbsp;horario lectivo&nbsp;del Centro es de 9:00&nbsp;a 14:00 h El tiempo de recreo es de 11:30 [&hellip;]<\/p>\n","protected":false},"author":1,"featured_media":0,"parent":0,"menu_order":0,"comment_status":"closed","ping_status":"open","template":"","meta":{"ngg_post_thumbnail":0,"footnotes":"","_mc_calendar":[]},"aioseo_notices":[],"post_mailing_queue_ids":[],"_links":{"self":[{"href":"https:\/\/blogsaverroes.juntadeandalucia.es\/ceipanamariamatute\/wp-json\/wp\/v2\/pages\/35"}],"collection":[{"href":"https:\/\/blogsaverroes.juntadeandalucia.es\/ceipanamariamatute\/wp-json\/wp\/v2\/pages"}],"about":[{"href":"https:\/\/blogsaverroes.juntadeandalucia.es\/ceipanamariamatute\/wp-json\/wp\/v2\/types\/page"}],"author":[{"embeddable":true,"href":"https:\/\/blogsaverroes.juntadeandalucia.es\/ceipanamariamatute\/wp-json\/wp\/v2\/users\/1"}],"replies":[{"embeddable":true,"href":"https:\/\/blogsaverroes.juntadeandalucia.es\/ceipanamariamatute\/wp-json\/wp\/v2\/comments?post=35"}],"version-history":[{"count":17,"href":"https:\/\/blogsaverroes.juntadeandalucia.es\/ceipanamariamatute\/wp-json\/wp\/v2\/pages\/35\/revisions"}],"predecessor-version":[{"id":4141,"href":"https:\/\/blogsaverroes.juntadeandalucia.es\/ceipanamariamatute\/wp-json\/wp\/v2\/pages\/35\/revisions\/4141"}],"wp:attachment":[{"href":"https:\/\/blogsaverroes.juntadeandalucia.es\/ceipanamariamatute\/wp-json\/wp\/v2\/media?parent=35"}],"curies":[{"name":"wp","href":"https:\/\/api.w.org\/{rel}","templated":true}]}}

<p><a href="https://blogsaverroes.juntadeandalucia.es/ceipanamariamatute/files/2025/03/mapacole.png" rel="prettyPhoto[35]"><img loading="lazy" decoding="async" class="wp-image-4130 size-medium alignleft" src="https://blogsaverroes.juntadeandalucia.es/ceipanamariamatute/files/2025/03/mapacole-300x180.png" alt="" width="300" height="180" srcset="https://blogsaverroes.juntadeandalucia.es/ceipanamariamatute/files/2025/03/mapacole-300x180.png 300w, https://blogsaverroes.juntadeandalucia.es/ceipanamariamatute/files/2025/03/mapacole-1024x615.png 1024w, https://blogsaverroes.juntadeandalucia.es/ceipanamariamatute/files/2025/03/mapacole-768x461.png 768w, https://blogsaverroes.juntadeandalucia.es/ceipanamariamatute/files/2025/03/mapacole-700x420.png 700w, https://blogsaverroes.juntadeandalucia.es/ceipanamariamatute/files/2025/03/mapacole.png 1334w" sizes="(max-width: 300px) 100vw, 300px" /></a><br />
&nbsp;</p>
<h4>&nbsp;</h4>
<h4>&nbsp;</h4>
<h4>&nbsp;</h4>
<h4><strong>Datos de contacto</strong></h4>
<p>C.E.I.P ANA MARÍA MATUTE</p>
<p><strong>Dirección:</strong> &nbsp;Calle Vasco Núñez de Balboa s/n, Condequinto 41089 Dos Hermanas, Sevilla.</p>
<p><strong>Teléfono / FAX:&nbsp;</strong> 955 62 34 18/ 955 62 35 35&nbsp;&nbsp;</p>
<p><strong>Email:</strong> anamariamatuteceip@gmail.com</p>
<h4><strong>Horario general del Centro</strong></h4>
<div id="i5zsl6z2" class="txtNew">
<ul class="font_8">
<li>
<p class="font_8">El&nbsp;horario lectivo&nbsp;del Centro es de 9:00&nbsp;a 14:00 h</p>
</li>
<li>
<p class="font_8">El tiempo de recreo es de 11:30 a 12:00h</p>
</li>
<li>
<p class="font_8">Servicios complementarios&nbsp;ofertados por el Centro:</p>
</li>
</ul>
<p class="font_8">&nbsp; &nbsp; &nbsp; &nbsp; &nbsp; &nbsp;Aula Matinal: de 7:30h a 9:00. Diariamente</p>
<p class="font_8">&nbsp; &nbsp; &nbsp; &nbsp; &nbsp; &nbsp;Ludoteca: de 14:00h a 15:30h. Diariamente (AMPA)</p>
<p class="font_8">&nbsp; &nbsp; &nbsp; &nbsp; &nbsp; &nbsp;Comedor escolar: de 14:00h a 16:00h. Diariamente.</p>
<p class="font_8">&nbsp; &nbsp; &nbsp; &nbsp; &nbsp; &nbsp;Actividades extraescolares: de 16:00h a 18:00h. De lunes a jueves</p>
<p class="font_8">Por razones de seguridad, las puertas se cerrarán tras la entrada o salida del alumnado tanto en horario de mañana como de tarde. Si algún/a padre/madre o familiar desea acceder al mismo debe solicitarlo a la conserje&nbsp; y justificar debidamente el acceso.</p>
<p>&nbsp;</p>
<p class="font_8"><strong style="font-family: Oswald, sans-serif;font-size: 18px;letter-spacing: 1px">Oferta educativa</strong></p>
</div>
<p>El Centro ofrece enseñanzas de Educación Infantil y Primaria, estando adscritos al Instituto <a href="http://www.ieshnosmachado.org/">Hermanos Machado</a>.</p>

<p>&nbsp; &nbsp; &nbsp; &nbsp; Datos de contacto C.E.I.P ANA MARÍA MATUTE Dirección: &nbsp;Calle Vasco Núñez de Balboa s/n, Condequinto 41089 Dos Hermanas, Sevilla. Teléfono / FAX:&nbsp; 955 62 34 18/ 955 62 35 35&nbsp;&nbsp; Email: anamariamatuteceip@gmail.com Horario general del Centro El&nbsp;horario lectivo&nbsp;del Centro es de 9:00&nbsp;a 14:00 h El tiempo de recreo es de 11:30 [&hellip;]</p>
